Back to Build/check report for BioC 3.23:   simplified   long
AB[C]DEFGHIJKLMNOPQRSTUVWXYZ

This page was generated on 2025-11-13 11:32 -0500 (Thu, 13 Nov 2025).

HostnameOSArch (*)R versionInstalled pkgs
kjohnson3macOS 13.7.7 Venturaarm64R Under development (unstable) (2025-11-04 r88984) -- "Unsuffered Consequences" 4013
Click on any hostname to see more info about the system (e.g. compilers)      (*) as reported by 'uname -p', except on Windows and Mac OS X

Package 457/2325HostnameOS / ArchINSTALLBUILDCHECKBUILD BIN
cqn 1.57.0  (landing page)
Kasper Daniel Hansen
Snapshot Date: 2025-11-12 13:40 -0500 (Wed, 12 Nov 2025)
git_url: https://git.bioconductor.org/packages/cqn
git_branch: devel
git_last_commit: c3dc1bb
git_last_commit_date: 2025-10-29 10:07:59 -0500 (Wed, 29 Oct 2025)
kjohnson3macOS 13.7.7 Ventura / arm64  OK    ERROR  skippedskipped


BUILD results for cqn on kjohnson3

To the developers/maintainers of the cqn package:
- Allow up to 24 hours (and sometimes 48 hours) for your latest push to git@git.bioconductor.org:packages/cqn.git to reflect on this report. See Troubleshooting Build Report for more information.
- Use the following Renviron settings to reproduce errors and warnings.
- If 'R CMD check' started to fail recently on the Linux builder(s) over a missing dependency, add the missing dependency to 'Suggests:' in your DESCRIPTION file. See Renviron.bioc for more information.

raw results


Summary

Package: cqn
Version: 1.57.0
Command: /Library/Frameworks/R.framework/Resources/bin/R CMD build --keep-empty-dirs --no-resave-data cqn
StartedAt: 2025-11-12 16:03:26 -0500 (Wed, 12 Nov 2025)
EndedAt: 2025-11-12 16:03:31 -0500 (Wed, 12 Nov 2025)
EllapsedTime: 5.1 seconds
RetCode: 1
Status:   ERROR  
PackageFile: None
PackageFileSize: NA

Command output

##############################################################################
##############################################################################
###
### Running command:
###
###   /Library/Frameworks/R.framework/Resources/bin/R CMD build --keep-empty-dirs --no-resave-data cqn
###
##############################################################################
##############################################################################


* checking for file ‘cqn/DESCRIPTION’ ... OK
* preparing ‘cqn’:
* checking DESCRIPTION meta-information ... OK
* installing the package (it is needed to build vignettes)
* creating vignettes ... ERROR
--- re-building ‘cqn.Rnw’ using Sweave
Loading required package: mclust
Package 'mclust' version 6.1.2
Type 'citation("mclust")' for citing this R package in publications.
Warning in norMix(mu = mix.param$mean, sig2 = mix.param$variance$sigmasq,  :
  The use of 'sig2' is deprecated; do specify 'sigma' (= sqrt(sig2)) instead
2025-11-12 16:03:30.799 R[69677:1933349] XType: Using static font registry.

Error: processing vignette 'cqn.Rnw' failed with diagnostics:
 chunk 15 (label = edgeRconstructor) 
Error in library(edgeR) : there is no package called ‘edgeR’

--- failed re-building ‘cqn.Rnw’

SUMMARY: processing the following file failed:
  ‘cqn.Rnw’

Error: Vignette re-building failed.
Execution halted