Back to Build/check report for BioC 3.23:   simplified   long
A[B]CDEFGHIJKLMNOPQRSTUVWXYZ

This page was generated on 2025-11-08 11:32 -0500 (Sat, 08 Nov 2025).

HostnameOSArch (*)R versionInstalled pkgs
nebbiolo1Linux (Ubuntu 24.04.3 LTS)x86_64R Under development (unstable) (2025-10-20 r88955) -- "Unsuffered Consequences" 4821
Click on any hostname to see more info about the system (e.g. compilers)      (*) as reported by 'uname -p', except on Windows and Mac OS X

Package 208/2323HostnameOS / ArchINSTALLBUILDCHECKBUILD BIN
biodbChebi 1.17.0  (landing page)
Pierrick Roger
Snapshot Date: 2025-11-07 13:40 -0500 (Fri, 07 Nov 2025)
git_url: https://git.bioconductor.org/packages/biodbChebi
git_branch: devel
git_last_commit: 80ee611
git_last_commit_date: 2025-10-29 11:12:25 -0500 (Wed, 29 Oct 2025)
nebbiolo1Linux (Ubuntu 24.04.3 LTS) / x86_64  OK    ERROR  skipped


BUILD results for biodbChebi on nebbiolo1

To the developers/maintainers of the biodbChebi package:
- Allow up to 24 hours (and sometimes 48 hours) for your latest push to git@git.bioconductor.org:packages/biodbChebi.git to reflect on this report. See Troubleshooting Build Report for more information.
- Use the following Renviron settings to reproduce errors and warnings.
- If 'R CMD check' started to fail recently on the Linux builder(s) over a missing dependency, add the missing dependency to 'Suggests:' in your DESCRIPTION file. See Renviron.bioc for more information.

raw results


Summary

Package: biodbChebi
Version: 1.17.0
Command: /home/biocbuild/bbs-3.23-bioc/R/bin/R CMD build --keep-empty-dirs --no-resave-data biodbChebi
StartedAt: 2025-11-07 16:28:29 -0500 (Fri, 07 Nov 2025)
EndedAt: 2025-11-07 16:29:05 -0500 (Fri, 07 Nov 2025)
EllapsedTime: 36.1 seconds
RetCode: 1
Status:   ERROR  
PackageFile: None
PackageFileSize: NA

Command output

##############################################################################
##############################################################################
###
### Running command:
###
###   /home/biocbuild/bbs-3.23-bioc/R/bin/R CMD build --keep-empty-dirs --no-resave-data biodbChebi
###
##############################################################################
##############################################################################


* checking for file ‘biodbChebi/DESCRIPTION’ ... OK
* preparing ‘biodbChebi’:
* checking DESCRIPTION meta-information ... OK
* installing the package (it is needed to build vignettes)
* creating vignettes ... ERROR
--- re-building ‘biodbChebi.Rmd’ using rmarkdown
INFO  [16:28:38.532] Loading definitions from package biodb version 1.19.0.
INFO  [16:28:40.067] Loading definitions from package biodbChebi version 1.17.0.
INFO  [16:28:40.199] Load 3 contents, from /home/biocbuild/.cache/R/biodb/chebi-0c5076ac2a43d16dbce503a44b09f649.
INFO  [16:28:40.216] Load 1 contents, from /home/biocbuild/.cache/R/sched.
INFO  [16:28:41.296] Error when retrieving URL content HTTP error 404 (""). When contacting URL "https://www.ebi.ac.uk/webservices/chebi/2.0/test/getCompleteEntity?chebiId=2528". Retrying connection to server...
INFO  [16:28:42.080] Error when retrieving URL content HTTP error 404 (""). When contacting URL "https://www.ebi.ac.uk/webservices/chebi/2.0/test/getCompleteEntity?chebiId=2528". Retrying connection to server...
INFO  [16:28:42.898] Error when retrieving URL content HTTP error 404 (""). When contacting URL "https://www.ebi.ac.uk/webservices/chebi/2.0/test/getCompleteEntity?chebiId=2528". Retrying connection to server...
INFO  [16:28:43.687] Error when retrieving URL content HTTP error 404 (""). When contacting URL "https://www.ebi.ac.uk/webservices/chebi/2.0/test/getCompleteEntity?chebiId=2528". Retrying connection to server...
INFO  [16:28:44.475] Error when retrieving URL content HTTP error 404 (""). When contacting URL "https://www.ebi.ac.uk/webservices/chebi/2.0/test/getCompleteEntity?chebiId=2528". Retrying connection to server...
INFO  [16:28:45.349] Error when retrieving URL content HTTP error 404 (""). When contacting URL "https://www.ebi.ac.uk/webservices/chebi/2.0/test/getCompleteEntity?chebiId=2528". Retrying connection to server...
INFO  [16:28:46.249] Error when retrieving URL content HTTP error 404 (""). When contacting URL "https://www.ebi.ac.uk/webservices/chebi/2.0/test/getCompleteEntity?chebiId=2528". Retrying connection to server...
INFO  [16:28:47.111] Error when retrieving URL content HTTP error 404 (""). When contacting URL "https://www.ebi.ac.uk/webservices/chebi/2.0/test/getCompleteEntity?chebiId=2528". Retrying connection to server...
INFO  [16:28:47.890] Error when retrieving URL content HTTP error 404 (""). When contacting URL "https://www.ebi.ac.uk/webservices/chebi/2.0/test/getCompleteEntity?chebiId=2528". Retrying connection to server...
INFO  [16:28:48.698] Error when retrieving URL content HTTP error 404 (""). When contacting URL "https://www.ebi.ac.uk/webservices/chebi/2.0/test/getCompleteEntity?chebiId=2528". Retrying connection to server...
INFO  [16:28:48.789] Load 1 contents, from /home/biocbuild/.cache/R/sched.
INFO  [16:28:49.580] Error when retrieving URL content HTTP error 404 (""). When contacting URL "https://www.ebi.ac.uk/webservices/chebi/2.0/test/getCompleteEntity?chebiId=17053". Retrying connection to server...
INFO  [16:28:50.359] Error when retrieving URL content HTTP error 404 (""). When contacting URL "https://www.ebi.ac.uk/webservices/chebi/2.0/test/getCompleteEntity?chebiId=17053". Retrying connection to server...
INFO  [16:28:51.225] Error when retrieving URL content HTTP error 404 (""). When contacting URL "https://www.ebi.ac.uk/webservices/chebi/2.0/test/getCompleteEntity?chebiId=17053". Retrying connection to server...
INFO  [16:28:52.101] Error when retrieving URL content HTTP error 404 (""). When contacting URL "https://www.ebi.ac.uk/webservices/chebi/2.0/test/getCompleteEntity?chebiId=17053". Retrying connection to server...
INFO  [16:28:52.887] Error when retrieving URL content HTTP error 404 (""). When contacting URL "https://www.ebi.ac.uk/webservices/chebi/2.0/test/getCompleteEntity?chebiId=17053". Retrying connection to server...
INFO  [16:28:53.687] Error when retrieving URL content HTTP error 404 (""). When contacting URL "https://www.ebi.ac.uk/webservices/chebi/2.0/test/getCompleteEntity?chebiId=17053". Retrying connection to server...
INFO  [16:28:54.537] Error when retrieving URL content HTTP error 404 (""). When contacting URL "https://www.ebi.ac.uk/webservices/chebi/2.0/test/getCompleteEntity?chebiId=17053". Retrying connection to server...
INFO  [16:28:55.335] Error when retrieving URL content HTTP error 404 (""). When contacting URL "https://www.ebi.ac.uk/webservices/chebi/2.0/test/getCompleteEntity?chebiId=17053". Retrying connection to server...
INFO  [16:28:56.156] Error when retrieving URL content HTTP error 404 (""). When contacting URL "https://www.ebi.ac.uk/webservices/chebi/2.0/test/getCompleteEntity?chebiId=17053". Retrying connection to server...
INFO  [16:28:56.943] Error when retrieving URL content HTTP error 404 (""). When contacting URL "https://www.ebi.ac.uk/webservices/chebi/2.0/test/getCompleteEntity?chebiId=17053". Retrying connection to server...
INFO  [16:28:56.951] Load 1 contents, from /home/biocbuild/.cache/R/sched.
INFO  [16:28:57.738] Error when retrieving URL content HTTP error 404 (""). When contacting URL "https://www.ebi.ac.uk/webservices/chebi/2.0/test/getCompleteEntity?chebiId=15440". Retrying connection to server...
INFO  [16:28:58.653] Error when retrieving URL content HTTP error 404 (""). When contacting URL "https://www.ebi.ac.uk/webservices/chebi/2.0/test/getCompleteEntity?chebiId=15440". Retrying connection to server...
INFO  [16:28:59.434] Error when retrieving URL content HTTP error 404 (""). When contacting URL "https://www.ebi.ac.uk/webservices/chebi/2.0/test/getCompleteEntity?chebiId=15440". Retrying connection to server...
INFO  [16:29:00.241] Error when retrieving URL content HTTP error 404 (""). When contacting URL "https://www.ebi.ac.uk/webservices/chebi/2.0/test/getCompleteEntity?chebiId=15440". Retrying connection to server...
INFO  [16:29:01.034] Error when retrieving URL content HTTP error 404 (""). When contacting URL "https://www.ebi.ac.uk/webservices/chebi/2.0/test/getCompleteEntity?chebiId=15440". Retrying connection to server...
INFO  [16:29:01.834] Error when retrieving URL content HTTP error 404 (""). When contacting URL "https://www.ebi.ac.uk/webservices/chebi/2.0/test/getCompleteEntity?chebiId=15440". Retrying connection to server...
INFO  [16:29:02.624] Error when retrieving URL content HTTP error 404 (""). When contacting URL "https://www.ebi.ac.uk/webservices/chebi/2.0/test/getCompleteEntity?chebiId=15440". Retrying connection to server...
INFO  [16:29:03.416] Error when retrieving URL content HTTP error 404 (""). When contacting URL "https://www.ebi.ac.uk/webservices/chebi/2.0/test/getCompleteEntity?chebiId=15440". Retrying connection to server...
INFO  [16:29:04.201] Error when retrieving URL content HTTP error 404 (""). When contacting URL "https://www.ebi.ac.uk/webservices/chebi/2.0/test/getCompleteEntity?chebiId=15440". Retrying connection to server...
INFO  [16:29:04.983] Error when retrieving URL content HTTP error 404 (""). When contacting URL "https://www.ebi.ac.uk/webservices/chebi/2.0/test/getCompleteEntity?chebiId=15440". Retrying connection to server...
INFO  [16:29:04.989] Save 3 contents to /home/biocbuild/.cache/R/biodb/chebi-0c5076ac2a43d16dbce503a44b09f649.

Quitting from biodbChebi.Rmd:72-74 [unnamed-chunk-5]
~~~~~~~~~~~~~~~~~~~~~~~~~~~~~~~~~~~~~~~~~~~~~~~~~~~~~~~~~~~~~~~~~~~~~~~~~~~~~~~~
<error/rlang_error>
Error:
! attempt to apply non-function
~~~~~~~~~~~~~~~~~~~~~~~~~~~~~~~~~~~~~~~~~~~~~~~~~~~~~~~~~~~~~~~~~~~~~~~~~~~~~~~~

Error: processing vignette 'biodbChebi.Rmd' failed with diagnostics:
attempt to apply non-function
--- failed re-building ‘biodbChebi.Rmd’

SUMMARY: processing the following file failed:
  ‘biodbChebi.Rmd’

Error: Vignette re-building failed.
Execution halted