Back to Build/check report for BioC 3.23:   simplified   long
ABCDEFGHIJKLMNOPQR[S]TUVWXYZ

This page was generated on 2025-11-13 11:32 -0500 (Thu, 13 Nov 2025).

HostnameOSArch (*)R versionInstalled pkgs
kjohnson3macOS 13.7.7 Venturaarm64R Under development (unstable) (2025-11-04 r88984) -- "Unsuffered Consequences" 4013
Click on any hostname to see more info about the system (e.g. compilers)      (*) as reported by 'uname -p', except on Windows and Mac OS X

Package 2116/2325HostnameOS / ArchINSTALLBUILDCHECKBUILD BIN
SubCellBarCode 1.27.0  (landing page)
Taner Arslan
Snapshot Date: 2025-11-12 13:40 -0500 (Wed, 12 Nov 2025)
git_url: https://git.bioconductor.org/packages/SubCellBarCode
git_branch: devel
git_last_commit: 945ded8
git_last_commit_date: 2025-10-29 10:52:15 -0500 (Wed, 29 Oct 2025)
kjohnson3macOS 13.7.7 Ventura / arm64  OK    OK    WARNINGS    OK  YES


CHECK results for SubCellBarCode on kjohnson3

To the developers/maintainers of the SubCellBarCode package:
- Allow up to 24 hours (and sometimes 48 hours) for your latest push to git@git.bioconductor.org:packages/SubCellBarCode.git to reflect on this report. See Troubleshooting Build Report for more information.
- Use the following Renviron settings to reproduce errors and warnings.
- If 'R CMD check' started to fail recently on the Linux builder(s) over a missing dependency, add the missing dependency to 'Suggests:' in your DESCRIPTION file. See Renviron.bioc for more information.

raw results


Summary

Package: SubCellBarCode
Version: 1.27.0
Command: /Library/Frameworks/R.framework/Resources/bin/R CMD check --install=check:SubCellBarCode.install-out.txt --library=/Library/Frameworks/R.framework/Resources/library --no-vignettes --timings SubCellBarCode_1.27.0.tar.gz
StartedAt: 2025-11-12 20:32:12 -0500 (Wed, 12 Nov 2025)
EndedAt: 2025-11-12 20:33:50 -0500 (Wed, 12 Nov 2025)
EllapsedTime: 97.3 seconds
RetCode: 0
Status:   WARNINGS  
CheckDir: SubCellBarCode.Rcheck
Warnings: 1

Command output

##############################################################################
##############################################################################
###
### Running command:
###
###   /Library/Frameworks/R.framework/Resources/bin/R CMD check --install=check:SubCellBarCode.install-out.txt --library=/Library/Frameworks/R.framework/Resources/library --no-vignettes --timings SubCellBarCode_1.27.0.tar.gz
###
##############################################################################
##############################################################################


* using log directory ‘/Users/biocbuild/bbs-3.23-bioc/meat/SubCellBarCode.Rcheck’
* using R Under development (unstable) (2025-11-04 r88984)
* using platform: aarch64-apple-darwin20
* R was compiled by
    Apple clang version 16.0.0 (clang-1600.0.26.6)
    GNU Fortran (GCC) 14.2.0
* running under: macOS Ventura 13.7.8
* using session charset: UTF-8
* using option ‘--no-vignettes’
* checking for file ‘SubCellBarCode/DESCRIPTION’ ... OK
* checking extension type ... Package
* this is package ‘SubCellBarCode’ version ‘1.27.0’
* package encoding: UTF-8
* checking package namespace information ... OK
* checking package dependencies ... OK
* checking if this is a source package ... OK
* checking if there is a namespace ... OK
* checking for hidden files and directories ... OK
* checking for portable file names ... OK
* checking for sufficient/correct file permissions ... OK
* checking whether package ‘SubCellBarCode’ can be installed ... WARNING
Found the following significant warnings:
  Warning: replacing previous import ‘e1071::element’ by ‘ggplot2::element’ when loading ‘SubCellBarCode’
See ‘/Users/biocbuild/bbs-3.23-bioc/meat/SubCellBarCode.Rcheck/00install.out’ for details.
* checking installed package size ... OK
* checking package directory ... OK
* checking ‘build’ directory ... OK
* checking DESCRIPTION meta-information ... OK
* checking top-level files ... OK
* checking for left-over files ... OK
* checking index information ... OK
* checking package subdirectories ... OK
* checking code files for non-ASCII characters ... OK
* checking R files for syntax errors ... OK
* checking whether the package can be loaded ... OK
* checking whether the package can be loaded with stated dependencies ... OK
* checking whether the package can be unloaded cleanly ... OK
* checking whether the namespace can be loaded with stated dependencies ... OK
* checking whether the namespace can be unloaded cleanly ... OK
* checking dependencies in R code ... OK
* checking S3 generic/method consistency ... OK
* checking replacement functions ... OK
* checking foreign function calls ... OK
* checking R code for possible problems ... NOTE
calculateCoveredProtein: no visible binding for global variable
  ‘Compartments’
calculateCoveredProtein: no visible binding for global variable
  ‘ProteinCoverage’
candidateRelocatedProteins: no visible binding for global variable
  ‘Pearson.Corr’
markerQualityControl: no visible binding for global variable
  ‘Correlation’
markerQualityControl: no visible binding for global variable ‘Pearson’
markerQualityControl: no visible binding for global variable ‘Spearman’
plotBarcode: no visible binding for global variable ‘Level’
plotBarcode: no visible binding for global variable ‘Probability’
plotBarcode: no visible binding for global variable ‘Locs’
plotMultipleProtein: no visible binding for global variable
  ‘Neighborhood’
plotMultipleProtein: no visible binding for global variable ‘Count’
plotMultipleProtein: no visible binding for global variable
  ‘Compartment’
Undefined global functions or variables:
  Compartment Compartments Correlation Count Level Locs Neighborhood
  Pearson Pearson.Corr Probability ProteinCoverage Spearman
* checking Rd files ... OK
* checking Rd metadata ... OK
* checking Rd cross-references ... OK
* checking for missing documentation entries ... OK
* checking for code/documentation mismatches ... OK
* checking Rd \usage sections ... OK
* checking Rd contents ... OK
* checking for unstated dependencies in examples ... OK
* checking contents of ‘data’ directory ... OK
* checking data for non-ASCII characters ... OK
* checking LazyData ... OK
* checking data for ASCII and uncompressed saves ... OK
* checking files in ‘vignettes’ ... OK
* checking examples ... OK
Examples with CPU (user + system) or elapsed time > 5s
                           user system elapsed
applyThresholdCompartment 5.228  0.128   5.644
* checking for unstated dependencies in vignettes ... OK
* checking package vignettes ... OK
* checking running R code from vignettes ... SKIPPED
* checking re-building of vignette outputs ... SKIPPED
* checking PDF version of manual ... OK
* DONE

Status: 1 WARNING, 1 NOTE
See
  ‘/Users/biocbuild/bbs-3.23-bioc/meat/SubCellBarCode.Rcheck/00check.log’
for details.


Installation output

SubCellBarCode.Rcheck/00install.out

##############################################################################
##############################################################################
###
### Running command:
###
###   /Library/Frameworks/R.framework/Resources/bin/R CMD INSTALL SubCellBarCode
###
##############################################################################
##############################################################################


* installing to library ‘/Library/Frameworks/R.framework/Versions/4.6-arm64/Resources/library’
* installing *source* package ‘SubCellBarCode’ ...
** this is package ‘SubCellBarCode’ version ‘1.27.0’
** using staged installation
** R
** data
*** moving datasets to lazyload DB
** byte-compile and prepare package for lazy loading
Warning: replacing previous import ‘e1071::element’ by ‘ggplot2::element’ when loading ‘SubCellBarCode’
** help
*** installing help indices
** building package indices
** installing vignettes
** testing if installed package can be loaded from temporary location
Warning: replacing previous import ‘e1071::element’ by ‘ggplot2::element’ when loading ‘SubCellBarCode’
** testing if installed package can be loaded from final location
Warning: replacing previous import ‘e1071::element’ by ‘ggplot2::element’ when loading ‘SubCellBarCode’
** testing if installed package keeps a record of temporary installation path
* DONE (SubCellBarCode)

Tests output


Example timings

SubCellBarCode.Rcheck/SubCellBarCode-Ex.timings

nameusersystemelapsed
applyThresholdCompartment5.2280.1285.644
applyThresholdNeighborhood4.1300.0964.468
calRowMean0.0020.0000.002
calculateCoveredProtein0.0720.0030.077
candidateRelocatedProteins2.3600.3032.844
compareCls0.0060.0010.006
computeThresholdCompartment4.3710.0964.610
computeThresholdNeighborhood3.5940.0973.779
convert2symbol000
hcc827Ctrl0.0010.0000.001
hcc827CtrlPSMCount0.0030.0000.004
hcc827GEF0.0010.0000.001
hcc827GEFClass0.0010.0000.000
hcc827GefPSMCount0.0010.0010.001
hcc827exon0.0020.0000.002
loadData0.0010.0000.001
markerQualityControl0.2520.0090.265
mergeCls0.0020.0000.002
mergeProbability0.0020.0000.002
plotBarcode0.2130.0010.228
plotMultipleProtein0.1490.0020.154
replacePrediction0.0010.0000.001
sankeyPlot0.0080.0020.011
sumProbability0.0020.0000.001
svmClassification2.7740.0762.942
svmExternalData3.7140.0763.854
tsneVisualization0.0890.0010.090