Back to Build/check report for BioC 3.23:   simplified   long
ABCDEFGHIJKLMNOPQR[S]TUVWXYZ

This page was generated on 2025-11-08 11:32 -0500 (Sat, 08 Nov 2025).

HostnameOSArch (*)R versionInstalled pkgs
nebbiolo1Linux (Ubuntu 24.04.3 LTS)x86_64R Under development (unstable) (2025-10-20 r88955) -- "Unsuffered Consequences" 4821
Click on any hostname to see more info about the system (e.g. compilers)      (*) as reported by 'uname -p', except on Windows and Mac OS X

Package 2072/2323HostnameOS / ArchINSTALLBUILDCHECKBUILD BIN
SpliceWiz 1.13.0  (landing page)
Alex Chit Hei Wong
Snapshot Date: 2025-11-07 13:40 -0500 (Fri, 07 Nov 2025)
git_url: https://git.bioconductor.org/packages/SpliceWiz
git_branch: devel
git_last_commit: 73b017a
git_last_commit_date: 2025-10-29 11:17:35 -0500 (Wed, 29 Oct 2025)
nebbiolo1Linux (Ubuntu 24.04.3 LTS) / x86_64  OK    OK    WARNINGS  UNNEEDED, same version is already published


CHECK results for SpliceWiz on nebbiolo1

To the developers/maintainers of the SpliceWiz package:
- Allow up to 24 hours (and sometimes 48 hours) for your latest push to git@git.bioconductor.org:packages/SpliceWiz.git to reflect on this report. See Troubleshooting Build Report for more information.
- Use the following Renviron settings to reproduce errors and warnings.
- If 'R CMD check' started to fail recently on the Linux builder(s) over a missing dependency, add the missing dependency to 'Suggests:' in your DESCRIPTION file. See Renviron.bioc for more information.

raw results


Summary

Package: SpliceWiz
Version: 1.13.0
Command: /home/biocbuild/bbs-3.23-bioc/R/bin/R CMD check --install=check:SpliceWiz.install-out.txt --library=/home/biocbuild/bbs-3.23-bioc/R/site-library --timings SpliceWiz_1.13.0.tar.gz
StartedAt: 2025-11-08 04:18:49 -0500 (Sat, 08 Nov 2025)
EndedAt: 2025-11-08 04:38:00 -0500 (Sat, 08 Nov 2025)
EllapsedTime: 1150.4 seconds
RetCode: 0
Status:   WARNINGS  
CheckDir: SpliceWiz.Rcheck
Warnings: 1

Command output

##############################################################################
##############################################################################
###
### Running command:
###
###   /home/biocbuild/bbs-3.23-bioc/R/bin/R CMD check --install=check:SpliceWiz.install-out.txt --library=/home/biocbuild/bbs-3.23-bioc/R/site-library --timings SpliceWiz_1.13.0.tar.gz
###
##############################################################################
##############################################################################


* using log directory ‘/home/biocbuild/bbs-3.23-bioc/meat/SpliceWiz.Rcheck’
* using R Under development (unstable) (2025-10-20 r88955)
* using platform: x86_64-pc-linux-gnu
* R was compiled by
    gcc (Ubuntu 13.3.0-6ubuntu2~24.04) 13.3.0
    GNU Fortran (Ubuntu 13.3.0-6ubuntu2~24.04) 13.3.0
* running under: Ubuntu 24.04.3 LTS
* using session charset: UTF-8
* checking for file ‘SpliceWiz/DESCRIPTION’ ... OK
* this is package ‘SpliceWiz’ version ‘1.13.0’
* package encoding: UTF-8
* checking package namespace information ... OK
* checking package dependencies ... INFO
Imports includes 44 non-default packages.
Importing from so many packages makes the package vulnerable to any of
them becoming unavailable.  Move as many as possible to Suggests and
use conditionally.
* checking if this is a source package ... OK
* checking if there is a namespace ... OK
* checking for hidden files and directories ... OK
* checking for portable file names ... OK
* checking for sufficient/correct file permissions ... OK
* checking whether package ‘SpliceWiz’ can be installed ... WARNING
Found the following significant warnings:
  Warning: The `size` argument of `element_line()` is deprecated as of ggplot2 3.4.0.
See ‘/home/biocbuild/bbs-3.23-bioc/meat/SpliceWiz.Rcheck/00install.out’ for details.
* used C++ compiler: ‘g++ (Ubuntu 13.3.0-6ubuntu2~24.04) 13.3.0’
* checking C++ specification ... NOTE
  Specified C++11: please drop specification unless essential
* checking installed package size ... INFO
  installed size is  8.2Mb
  sub-directories of 1Mb or more:
    R      2.2Mb
    libs   4.7Mb
* checking package directory ... OK
* checking ‘build’ directory ... OK
* checking DESCRIPTION meta-information ... NOTE
License stub is invalid DCF.
* checking top-level files ... OK
* checking for left-over files ... OK
* checking index information ... OK
* checking package subdirectories ... OK
* checking code files for non-ASCII characters ... OK
* checking R files for syntax errors ... OK
* checking whether the package can be loaded ... OK
* checking whether the package can be loaded with stated dependencies ... OK
* checking whether the package can be unloaded cleanly ... OK
* checking whether the namespace can be loaded with stated dependencies ... OK
* checking whether the namespace can be unloaded cleanly ... OK
* checking loading without being on the library search path ... OK
* checking whether startup messages can be suppressed ... OK
* checking dependencies in R code ... OK
* checking S3 generic/method consistency ... OK
* checking replacement functions ... OK
* checking foreign function calls ... OK
* checking R code for possible problems ... OK
* checking Rd files ... OK
* checking Rd metadata ... OK
* checking Rd cross-references ... NOTE
Non-topic package-anchored link(s) in Rd file 'ASE-methods.Rd':
  ‘[limma:toptable]{limma::topTable}’

See section 'Cross-references' in the 'Writing R Extensions' manual.

Found the following Rd file(s) with Rd \link{} targets missing package
anchors:
  NxtSE-class.Rd: SummarizedExperiment-class
  SpliceWiz-package.Rd: SummarizedExperiment-class, rowData, colData
  makeSE.Rd: colData
Please provide package anchors for all Rd \link{} targets not in the
package itself and the base packages.
* checking for missing documentation entries ... OK
* checking for code/documentation mismatches ... OK
* checking Rd \usage sections ... OK
* checking Rd contents ... OK
* checking for unstated dependencies in examples ... OK
* checking line endings in shell scripts ... OK
* checking line endings in C/C++/Fortran sources/headers ... OK
* checking line endings in Makefiles ... OK
* checking compilation flags in Makevars ... OK
* checking for GNU extensions in Makefiles ... OK
* checking for portable use of $(BLAS_LIBS) and $(LAPACK_LIBS) ... OK
* checking use of PKG_*FLAGS in Makefiles ... OK
* checking compiled code ... INFO
Note: information on .o files is not available
* checking files in ‘vignettes’ ... OK
* checking examples ... OK
Examples with CPU (user + system) or elapsed time > 5s
                          user system elapsed
Build-Reference-methods 50.227  4.478  55.403
NxtSE-class             47.982  1.063  49.059
ASE-methods             27.084  0.577  27.664
covPlotObject-class     23.264  0.771  23.815
plotCoverage            15.375  0.059  15.327
Run_SpliceWiz_Filters    7.110  0.366   7.477
* checking for unstated dependencies in ‘tests’ ... OK
* checking tests ...
  Running ‘testthat.R’
 OK
* checking for unstated dependencies in vignettes ... OK
* checking package vignettes ... OK
* checking re-building of vignette outputs ... OK
* checking PDF version of manual ... OK
* DONE

Status: 1 WARNING, 3 NOTEs
See
  ‘/home/biocbuild/bbs-3.23-bioc/meat/SpliceWiz.Rcheck/00check.log’
for details.


Installation output

SpliceWiz.Rcheck/00install.out

##############################################################################
##############################################################################
###
### Running command:
###
###   /home/biocbuild/bbs-3.23-bioc/R/bin/R CMD INSTALL SpliceWiz
###
##############################################################################
##############################################################################


* installing to library ‘/home/biocbuild/bbs-3.23-bioc/R/site-library’
* installing *source* package ‘SpliceWiz’ ...
** this is package ‘SpliceWiz’ version ‘1.13.0’
** using staged installation
** libs
using C++ compiler: ‘g++ (Ubuntu 13.3.0-6ubuntu2~24.04) 13.3.0’
using C++11
g++ -std=gnu++11 -I"/home/biocbuild/bbs-3.23-bioc/R/include" -DNDEBUG  -I'/home/biocbuild/bbs-3.23-bioc/R/site-library/ompBAM/include' -I'/home/biocbuild/bbs-3.23-bioc/R/site-library/Rcpp/include' -I'/home/biocbuild/bbs-3.23-bioc/R/site-library/RcppProgress/include' -I/usr/local/include   -fopenmp -DSPLICEWIZ -fpic  -g -O2  -Wall -Werror=format-security  -c BAM2blocks.cpp -o BAM2blocks.o
g++ -std=gnu++11 -I"/home/biocbuild/bbs-3.23-bioc/R/include" -DNDEBUG  -I'/home/biocbuild/bbs-3.23-bioc/R/site-library/ompBAM/include' -I'/home/biocbuild/bbs-3.23-bioc/R/site-library/Rcpp/include' -I'/home/biocbuild/bbs-3.23-bioc/R/site-library/RcppProgress/include' -I/usr/local/include   -fopenmp -DSPLICEWIZ -fpic  -g -O2  -Wall -Werror=format-security  -c FastaReader.cpp -o FastaReader.o
g++ -std=gnu++11 -I"/home/biocbuild/bbs-3.23-bioc/R/include" -DNDEBUG  -I'/home/biocbuild/bbs-3.23-bioc/R/site-library/ompBAM/include' -I'/home/biocbuild/bbs-3.23-bioc/R/site-library/Rcpp/include' -I'/home/biocbuild/bbs-3.23-bioc/R/site-library/RcppProgress/include' -I/usr/local/include   -fopenmp -DSPLICEWIZ -fpic  -g -O2  -Wall -Werror=format-security  -c FragmentBlocks.cpp -o FragmentBlocks.o
g++ -std=gnu++11 -I"/home/biocbuild/bbs-3.23-bioc/R/include" -DNDEBUG  -I'/home/biocbuild/bbs-3.23-bioc/R/site-library/ompBAM/include' -I'/home/biocbuild/bbs-3.23-bioc/R/site-library/Rcpp/include' -I'/home/biocbuild/bbs-3.23-bioc/R/site-library/RcppProgress/include' -I/usr/local/include   -fopenmp -DSPLICEWIZ -fpic  -g -O2  -Wall -Werror=format-security  -c GZTools.cpp -o GZTools.o
g++ -std=gnu++11 -I"/home/biocbuild/bbs-3.23-bioc/R/include" -DNDEBUG  -I'/home/biocbuild/bbs-3.23-bioc/R/site-library/ompBAM/include' -I'/home/biocbuild/bbs-3.23-bioc/R/site-library/Rcpp/include' -I'/home/biocbuild/bbs-3.23-bioc/R/site-library/RcppProgress/include' -I/usr/local/include   -fopenmp -DSPLICEWIZ -fpic  -g -O2  -Wall -Werror=format-security  -c RcppExports.cpp -o RcppExports.o
g++ -std=gnu++11 -I"/home/biocbuild/bbs-3.23-bioc/R/include" -DNDEBUG  -I'/home/biocbuild/bbs-3.23-bioc/R/site-library/ompBAM/include' -I'/home/biocbuild/bbs-3.23-bioc/R/site-library/Rcpp/include' -I'/home/biocbuild/bbs-3.23-bioc/R/site-library/RcppProgress/include' -I/usr/local/include   -fopenmp -DSPLICEWIZ -fpic  -g -O2  -Wall -Werror=format-security  -c ReadBlockProcessor.cpp -o ReadBlockProcessor.o
g++ -std=gnu++11 -I"/home/biocbuild/bbs-3.23-bioc/R/include" -DNDEBUG  -I'/home/biocbuild/bbs-3.23-bioc/R/site-library/ompBAM/include' -I'/home/biocbuild/bbs-3.23-bioc/R/site-library/Rcpp/include' -I'/home/biocbuild/bbs-3.23-bioc/R/site-library/RcppProgress/include' -I/usr/local/include   -fopenmp -DSPLICEWIZ -fpic  -g -O2  -Wall -Werror=format-security  -c ReadBlockProcessor_CoverageBlocks.cpp -o ReadBlockProcessor_CoverageBlocks.o
g++ -std=gnu++11 -I"/home/biocbuild/bbs-3.23-bioc/R/include" -DNDEBUG  -I'/home/biocbuild/bbs-3.23-bioc/R/site-library/ompBAM/include' -I'/home/biocbuild/bbs-3.23-bioc/R/site-library/Rcpp/include' -I'/home/biocbuild/bbs-3.23-bioc/R/site-library/RcppProgress/include' -I/usr/local/include   -fopenmp -DSPLICEWIZ -fpic  -g -O2  -Wall -Werror=format-security  -c ReadBlockProcessor_FragmentsMap.cpp -o ReadBlockProcessor_FragmentsMap.o
g++ -std=gnu++11 -I"/home/biocbuild/bbs-3.23-bioc/R/include" -DNDEBUG  -I'/home/biocbuild/bbs-3.23-bioc/R/site-library/ompBAM/include' -I'/home/biocbuild/bbs-3.23-bioc/R/site-library/Rcpp/include' -I'/home/biocbuild/bbs-3.23-bioc/R/site-library/RcppProgress/include' -I/usr/local/include   -fopenmp -DSPLICEWIZ -fpic  -g -O2  -Wall -Werror=format-security  -c ReadBlockProcessor_TandemJunctions.cpp -o ReadBlockProcessor_TandemJunctions.o
g++ -std=gnu++11 -I"/home/biocbuild/bbs-3.23-bioc/R/include" -DNDEBUG  -I'/home/biocbuild/bbs-3.23-bioc/R/site-library/ompBAM/include' -I'/home/biocbuild/bbs-3.23-bioc/R/site-library/Rcpp/include' -I'/home/biocbuild/bbs-3.23-bioc/R/site-library/RcppProgress/include' -I/usr/local/include   -fopenmp -DSPLICEWIZ -fpic  -g -O2  -Wall -Werror=format-security  -c covTools.cpp -o covTools.o
g++ -std=gnu++11 -I"/home/biocbuild/bbs-3.23-bioc/R/include" -DNDEBUG  -I'/home/biocbuild/bbs-3.23-bioc/R/site-library/ompBAM/include' -I'/home/biocbuild/bbs-3.23-bioc/R/site-library/Rcpp/include' -I'/home/biocbuild/bbs-3.23-bioc/R/site-library/RcppProgress/include' -I/usr/local/include   -fopenmp -DSPLICEWIZ -fpic  -g -O2  -Wall -Werror=format-security  -c main.cpp -o main.o
g++ -std=gnu++11 -I"/home/biocbuild/bbs-3.23-bioc/R/include" -DNDEBUG  -I'/home/biocbuild/bbs-3.23-bioc/R/site-library/ompBAM/include' -I'/home/biocbuild/bbs-3.23-bioc/R/site-library/Rcpp/include' -I'/home/biocbuild/bbs-3.23-bioc/R/site-library/RcppProgress/include' -I/usr/local/include   -fopenmp -DSPLICEWIZ -fpic  -g -O2  -Wall -Werror=format-security  -c swEngine.cpp -o swEngine.o
g++ -std=gnu++11 -I"/home/biocbuild/bbs-3.23-bioc/R/include" -DNDEBUG  -I'/home/biocbuild/bbs-3.23-bioc/R/site-library/ompBAM/include' -I'/home/biocbuild/bbs-3.23-bioc/R/site-library/Rcpp/include' -I'/home/biocbuild/bbs-3.23-bioc/R/site-library/RcppProgress/include' -I/usr/local/include   -fopenmp -DSPLICEWIZ -fpic  -g -O2  -Wall -Werror=format-security  -c synthReadGenerator.cpp -o synthReadGenerator.o
g++ -std=gnu++11 -shared -L/home/biocbuild/bbs-3.23-bioc/R/lib -L/usr/local/lib -o SpliceWiz.so BAM2blocks.o FastaReader.o FragmentBlocks.o GZTools.o RcppExports.o ReadBlockProcessor.o ReadBlockProcessor_CoverageBlocks.o ReadBlockProcessor_FragmentsMap.o ReadBlockProcessor_TandemJunctions.o covTools.o main.o swEngine.o synthReadGenerator.o -fopenmp -DSPLICEWIZ -L/home/biocbuild/bbs-3.23-bioc/R/lib -lR
installing to /home/biocbuild/bbs-3.23-bioc/R/site-library/00LOCK-SpliceWiz/00new/SpliceWiz/libs
** R
** inst
** byte-compile and prepare package for lazy loading
Warning: The `size` argument of `element_line()` is deprecated as of ggplot2 3.4.0.
ℹ Please use the `linewidth` argument instead.
ℹ The deprecated feature was likely used in the SpliceWiz package.
  Please report the issue at <https://support.bioconductor.org/>.
** help
*** installing help indices
** building package indices
** installing vignettes
** testing if installed package can be loaded from temporary location
** checking absolute paths in shared objects and dynamic libraries
** testing if installed package can be loaded from final location
** testing if installed package keeps a record of temporary installation path
* DONE (SpliceWiz)

Tests output

SpliceWiz.Rcheck/tests/testthat.Rout


R Under development (unstable) (2025-10-20 r88955) -- "Unsuffered Consequences"
Copyright (C) 2025 The R Foundation for Statistical Computing
Platform: x86_64-pc-linux-gnu

R is free software and comes with ABSOLUTELY NO WARRANTY.
You are welcome to redistribute it under certain conditions.
Type 'license()' or 'licence()' for distribution details.

R is a collaborative project with many contributors.
Type 'contributors()' for more information and
'citation()' on how to cite R or R packages in publications.

Type 'demo()' for some demos, 'help()' for on-line help, or
'help.start()' for an HTML browser interface to help.
Type 'q()' to quit R.

> library(testthat)
> library(SpliceWiz)
Loading required package: NxtIRFdata
SpliceWiz package loaded with 2 threads
Use setSWthreads() to set the number of SpliceWiz threads
> 
> test_check("SpliceWiz")
Loading required package: Rsubread
Nov 08 04:28:12 Converting FASTA to local TwoBitFile...done
Nov 08 04:28:14 Connecting to genome TwoBitFile...done
Nov 08 04:28:14 Making local copy of GTF file...done
Nov 08 04:28:14 Extracting temp genome FASTA from TwoBit file
Nov 08 04:28:15 Generating synthetic reads, saving to /tmp/RtmpnzGpYl/refWithMapExcl/Mappability/Reads.fa
0%   10   20   30   40   50   60   70   80   90   100%
[----|----|----|----|----|----|----|----|----|----|
**************************************************|
10145 synthetic reads generated
Nov 08 04:28:15 Cleaning temp genome / gene annotation files

        ==========     _____ _    _ ____  _____  ______          _____  
        =====         / ____| |  | |  _ \|  __ \|  ____|   /\   |  __ \ 
          =====      | (___ | |  | | |_) | |__) | |__     /  \  | |  | |
            ====      \___ \| |  | |  _ <|  _  /|  __|   / /\ \ | |  | |
              ====    ____) | |__| | |_) | | \ \| |____ / ____ \| |__| |
        ==========   |_____/ \____/|____/|_|  \_\______/_/    \_\_____/
       Rsubread 2.25.0

//================================= setting ==================================\\
||                                                                            ||
||                Index name : reference_index                                ||
||               Index space : base space                                     ||
||               Index split : no-split                                       ||
||          Repeat threshold : 100 repeats                                    ||
||              Gapped index : no                                             ||
||                                                                            ||
||       Free / total memory : 55.0GB / 125.4GB                               ||
||                                                                            ||
||               Input files : 1 file in total                                ||
||                             o genome.fa                                    ||
||                                                                            ||
\\============================================================================//

//================================= Running ==================================\\
||                                                                            ||
|| Check the integrity of provided reference sequences ...                    ||
|| No format issues were found                                                ||
|| Scan uninformative subreads in reference sequences ...                     ||
|| Estimate the index size...                                                 ||
||    8%,   0 mins elapsed, rate=42.9k bps/s                                  ||
||   16%,   0 mins elapsed, rate=84.9k bps/s                                  ||
||   24%,   0 mins elapsed, rate=126.3k bps/s                                 ||
||   33%,   0 mins elapsed, rate=166.9k bps/s                                 ||
||   41%,   0 mins elapsed, rate=207.0k bps/s                                 ||
||   49%,   0 mins elapsed, rate=246.5k bps/s                                 ||
||   58%,   0 mins elapsed, rate=285.3k bps/s                                 ||
||   66%,   0 mins elapsed, rate=323.5k bps/s                                 ||
||   74%,   0 mins elapsed, rate=361.3k bps/s                                 ||
||   83%,   0 mins elapsed, rate=398.6k bps/s                                 ||
||   91%,   0 mins elapsed, rate=435.2k bps/s                                 ||
|| 3.0 GB of memory is needed for index building.                             ||
|| Build the index...                                                         ||
||    8%,   0 mins elapsed, rate=4.6k bps/s                                   ||
||   16%,   0 mins elapsed, rate=9.2k bps/s                                   ||
||   24%,   0 mins elapsed, rate=13.7k bps/s                                  ||
||   33%,   0 mins elapsed, rate=18.3k bps/s                                  ||
||   41%,   0 mins elapsed, rate=22.8k bps/s                                  ||
||   49%,   0 mins elapsed, rate=27.3k bps/s                                  ||
||   58%,   0 mins elapsed, rate=31.8k bps/s                                  ||
||   66%,   0 mins elapsed, rate=36.3k bps/s                                  ||
||   74%,   0 mins elapsed, rate=40.7k bps/s                                  ||
||   83%,   0 mins elapsed, rate=45.2k bps/s                                  ||
||   91%,   0 mins elapsed, rate=49.6k bps/s                                  ||
|| Save current index block...                                                ||
||  [ 0.0% finished ]                                                         ||
||  [ 10.0% finished ]                                                        ||
||  [ 20.0% finished ]                                                        ||
||  [ 30.0% finished ]                                                        ||
||  [ 40.0% finished ]                                                        ||
||  [ 50.0% finished ]                                                        ||
||  [ 60.0% finished ]                                                        ||
||  [ 70.0% finished ]                                                        ||
||  [ 80.0% finished ]                                                        ||
||  [ 90.0% finished ]                                                        ||
||  [ 100.0% finished ]                                                       ||
||                                                                            ||
||                      Total running time: 0.2 minutes.                      ||
||              Index ./reference_index was successfully built.               ||
||                                                                            ||
\\============================================================================//


        ==========     _____ _    _ ____  _____  ______          _____  
        =====         / ____| |  | |  _ \|  __ \|  ____|   /\   |  __ \ 
          =====      | (___ | |  | | |_) | |__) | |__     /  \  | |  | |
            ====      \___ \| |  | |  _ <|  _  /|  __|   / /\ \ | |  | |
              ====    ____) | |__| | |_) | | \ \| |____ / ____ \| |__| |
        ==========   |_____/ \____/|____/|_|  \_\______/_/    \_\_____/
       Rsubread 2.25.0

//================================= setting ==================================\\
||                                                                            ||
|| Function      : Read alignment + Junction detection (RNA-Seq)              ||
|| Input file    : Reads.fa                                                   ||
|| Output file   : AlignedReads.bam (BAM)                                     ||
|| Index name    : reference_index                                            ||
||                                                                            ||
||                    ------------------------------------                    ||
||                                                                            ||
||                               Threads : 1                                  ||
||                          Phred offset : 33                                 ||
||                             Min votes : 1 / 14                             ||
||                        Max mismatches : 3                                  ||
||                      Max indel length : 5                                  ||
||            Report multi-mapping reads : yes                                ||
|| Max alignments per multi-mapping read : 1                                  ||
||                           Annotations : transcripts.gtf (GTF)              ||
||                                                                            ||
\\============================================================================//

//=============== Running (08-Nov-2025 04:28:25, pid=3528559) ================\\
||                                                                            ||
|| Check the input reads.                                                     ||
|| The input file contains base space reads.                                  ||
|| Initialise the memory objects.                                             ||
|| Estimate the mean read length.                                             ||
|| Create the output BAM file.                                                ||
|| Check the index.                                                           ||
|| Init the voting space.                                                     ||
|| Load the annotation file.                                                  ||
|| 538 annotation records were loaded.                                        ||
|| Global environment is initialised.                                         ||
|| Load the 1-th index block...                                               ||
|| The index block has been loaded.                                           ||
|| Start read mapping in chunk.                                               ||
||   65% completed, 0.6 mins elapsed, rate=30.8k reads per second             ||
||   83% completed, 0.6 mins elapsed, rate=0.2k reads per second              ||
||   99% completed, 0.6 mins elapsed, rate=0.3k reads per second              ||
||                                                                            ||
||                           Completed successfully.                          ||
||                                                                            ||
\\====================================    ====================================//

//================================   Summary =================================\\
||                                                                            ||
||                 Total reads : 10,145                                       ||
||                      Mapped : 10,145 (100.0%)                              ||
||             Uniquely mapped : 10,145                                       ||
||               Multi-mapping : 0                                            ||
||                                                                            ||
||                    Unmapped : 0                                            ||
||                                                                            ||
||                   Junctions : 0                                            ||
||                      Indels : 1                                            ||
||                                                                            ||
||                Running time : 0.6 minutes                                  ||
||                                                                            ||
\\============================================================================//

Nov 08 04:29:03 Calculating Mappability Exclusion regions from: /tmp/RtmpnzGpYl/refWithMapExcl/Mappability/AlignedReads.bam
Calculating Mappability Exclusions: /tmp/RtmpnzGpYl/refWithMapExcl/Mappability/AlignedReads.bam
0%   10   20   30   40   50   60   70   80   90   100%
[----|----|----|----|----|----|----|----|----|----|
**************************************************|
Performing final sort of fragment maps
Writing Mappability Exclusions
**************************************************|
0%   10   20   30   40   50   60   70   80   90   100%
[----|----|----|----|----|----|----|----|----|----|
**************************************************|
Nov 08 04:29:06 Reference generated without non-polyA reference
Nov 08 04:29:06 Reference generated without Mappability reference
Nov 08 04:29:06 Reference generated without Blacklist exclusion
Nov 08 04:29:06 Converting FASTA to local TwoBitFile...done
Nov 08 04:29:09 Connecting to genome TwoBitFile...done
Nov 08 04:29:09 Making local copy of GTF file...done
Nov 08 04:29:09 Reading source GTF file...done
Nov 08 04:29:09 Processing gtf file...
...genes
...transcripts
...CDS
...exons
done
Nov 08 04:29:10 Gene ontology not prepared for this reference
Nov 08 04:29:13 Processing introns...
...data
...basic annotations
...splice motifs
...other info
...defining flanking exon clusters
done
Nov 08 04:29:18 Generating processBAM reference
...prepping data
...determining measurable introns (directional)
...determining measurable introns (non-directional)
...writing ref-cover.bed
...writing ref-ROI.bed
...writing ref-read-continues.ref
...writing ref-sj.ref
...writing ref-tj.ref
processBAM reference generated
Nov 08 04:29:25 Predicting NMD transcripts from genome sequence
...exonic transcripts
...retained introns

  |                                                                            
  |                                                                      |   0%
  |                                                                            
  |======================================================================| 100%
done
Nov 08 04:29:28 Annotating Splice Events
Annotating Mutually-Exclusive-Exon Splice Events...done
Annotating Skipped-Exon Splice Events...done
Annotating Alternate 5' / 3' Splice Site Splice Events...done
Annotating Alternate First / Last Exon Splice Events...done
Annotating known retained introns...done
Nov 08 04:29:29 Splice Annotations Filtered
Nov 08 04:29:30 Translating Alternate Splice Peptides...done
Nov 08 04:29:30 Splice Annotations finished

Reference build finished
Nov 08 04:29:31 Running SpliceWiz processBAM
Reading reference file
Allocating memory to 1 threads for SpliceWiz (ompBAM)...initialized (0 milliseconds)
Processing BAM file /tmp/RtmpnzGpYl/02H003.bam
0%   10   20   30   40   50   60   70   80   90   100%
[----|----|----|----|----|----|----|----|----|----|
**************************************************|
Performing final sort of fragment maps
Writing COV file
**************************************************|
0%   10   20   30   40   50   60   70   80   90   100%
[----|----|----|----|----|----|----|----|----|----|
**************************************************|
Writing output file
/tmp/RtmpnzGpYl/02H003.bam processed (410 milliseconds)
Nov 08 04:29:32 Running SpliceWiz processBAM
Reading reference file
Allocating memory to 2 threads for SpliceWiz (ompBAM)...initialized (0 milliseconds)
Processing BAM file /tmp/RtmpnzGpYl/02H003.bam
0%   10   20   30   40   50   60   70   80   90   100%
[----|----|----|----|----|----|----|----|----|----|
**************************************************|
Compiling data from threads
Performing final sort of fragment maps
Writing COV file
**************************************************|
0%   10   20   30   40   50   60   70   80   90   100%
[----|----|----|----|----|----|----|----|----|----|
**************************************************|
Writing output file
/tmp/RtmpnzGpYl/02H003.bam processed (262 milliseconds)
Nov 08 04:29:32 Reference generated without non-polyA reference
Nov 08 04:29:32 Reference generated without Mappability reference
Nov 08 04:29:32 Reference generated without Blacklist exclusion
Nov 08 04:29:32 Converting FASTA to local TwoBitFile...done
Nov 08 04:29:33 Connecting to genome TwoBitFile...done
Nov 08 04:29:33 Making local copy of GTF file...done
Nov 08 04:29:33 Reading source GTF file...done
Nov 08 04:29:34 Processing gtf file...
...genes
...transcripts
...CDS
Nov 08 04:29:34 No protein information detected in reference! For full functionality, ensure there are valid entries with type == `CDS` in the gtf file. Protein reference and NMD annotation is skipped.
...exons
done
Nov 08 04:29:34 Gene ontology not prepared for this reference
Nov 08 04:29:37 Processing introns...
...data
...basic annotations
...splice motifs
...other info
...defining flanking exon clusters
done
Nov 08 04:29:41 Generating processBAM reference
...prepping data
...determining measurable introns (directional)
...determining measurable introns (non-directional)
...writing ref-cover.bed
...writing ref-ROI.bed
...writing ref-read-continues.ref
...writing ref-sj.ref
...writing ref-tj.ref
processBAM reference generated
Nov 08 04:29:48 Annotating Splice Events
Annotating Mutually-Exclusive-Exon Splice Events...done
Annotating Skipped-Exon Splice Events...done
Annotating Alternate 5' / 3' Splice Site Splice Events...done
Annotating Alternate First / Last Exon Splice Events...done
Annotating known retained introns...done
Nov 08 04:29:49 Splice Annotations Filtered
Reference build finished
Nov 08 04:29:51 Running SpliceWiz processBAM
Allocating memory to 1 threads for SpliceWiz (ompBAM)...initialized (0 milliseconds)
/tmp/RtmpnzGpYl/02H003.bam processed (378 milliseconds)
/tmp/RtmpnzGpYl/02H025.bam processed (298 milliseconds)
/tmp/RtmpnzGpYl/02H026.bam processed (476 milliseconds)
/tmp/RtmpnzGpYl/02H033.bam processed (467 milliseconds)
/tmp/RtmpnzGpYl/02H043.bam processed (289 milliseconds)
/tmp/RtmpnzGpYl/02H046.bam processed (416 milliseconds)
Nov 08 04:29:55 Using MulticoreParam 1 threads
Nov 08 04:29:55 Validating Experiment; checking COV files...
Nov 08 04:29:55 Compiling Sample Stats
Nov 08 04:29:55 Compiling Junction List...merging...done
Nov 08 04:29:56 Compiling Junction Stats...merging...done
Nov 08 04:30:04 Compiling Intron Retention List...done
Nov 08 04:30:05 Tidying up splice junctions and intron retentions...
...annotating splice junctions
...copying splicing reference
...grouping splice junctions
...grouping introns
...loading splice events
...compiling rowEvents
done

Nov 08 04:30:16 Generating NxtSE assays
Nov 08 04:30:17 Using MulticoreParam 1 threads

  |                                                                            
  |                                                                      |   0%
  |                                                                            
  |============                                                          |  17%
  |                                                                            
  |=======================                                               |  33%
  |                                                                            
  |===================================                                   |  50%
  |                                                                            
  |===============================================                       |  67%
  |                                                                            
  |==========================================================            |  83%
  |                                                                            
  |======================================================================| 100%

Nov 08 04:30:33 Building Final NxtSE Object
Nov 08 04:30:33 ...consolidating assays to H5 file
Nov 08 04:30:34 ...packaging reference
Nov 08 04:30:34 ...synthesising NxtSE
Nov 08 04:30:34 ...determining how overlapping introns should be removed
Nov 08 04:30:37 SpliceWiz (NxtSE) Collation Finished
Nov 08 04:30:37 Loading NxtSE object from file...
Nov 08 04:30:37 ...loading reference (NxtSE)
Nov 08 04:30:37 ...linking assays
Nov 08 04:30:37 ...linking COV files
Nov 08 04:30:37 ...loading rowData
Nov 08 04:30:37 ...removing overlapping introns...
Nov 08 04:30:37 NxtSE loaded
Nov 08 04:30:38 SpliceWiz reference already exists in given directory
Nov 08 04:30:38 Running SpliceWiz processBAM
Allocating memory to 1 threads for SpliceWiz (ompBAM)...initialized (0 milliseconds)
/tmp/RtmpnzGpYl/02H003.bam processed (367 milliseconds)
/tmp/RtmpnzGpYl/02H025.bam processed (296 milliseconds)
/tmp/RtmpnzGpYl/02H026.bam processed (449 milliseconds)
/tmp/RtmpnzGpYl/02H033.bam processed (464 milliseconds)
/tmp/RtmpnzGpYl/02H043.bam processed (285 milliseconds)
/tmp/RtmpnzGpYl/02H046.bam processed (417 milliseconds)
Nov 08 04:30:41 Using MulticoreParam 1 threads
Nov 08 04:30:41 Validating Experiment; checking COV files...
Nov 08 04:30:41 Compiling Sample Stats
Nov 08 04:30:41 Compiling Junction List...merging...done
Nov 08 04:30:42 Compiling Junction Stats...merging...done
Nov 08 04:30:51 Compiling Intron Retention List...done
Nov 08 04:30:52 Compiling Tandem Junction List...merging...done
Nov 08 04:30:53 Tidying up splice junctions and intron retentions...
...annotating splice junctions
...looking for novel exons
Nov 08 04:30:56 Assembling novel splicing reference:
...loading reference FASTA/GTF
...injecting novel transcripts to GTF
...processing GTF
...processing introns from GTF
...annotating alternative splicing events
done
Nov 08 04:31:07 Tidying up splice junctions and intron retentions (part 2)...
...grouping splice junctions
...grouping introns
...loading splice events
...compiling rowEvents
done

Nov 08 04:31:16 Generating NxtSE assays
Nov 08 04:31:17 Using MulticoreParam 1 threads

  |                                                                            
  |                                                                      |   0%
  |                                                                            
  |============                                                          |  17%
  |                                                                            
  |=======================                                               |  33%
  |                                                                            
  |===================================                                   |  50%
  |                                                                            
  |===============================================                       |  67%
  |                                                                            
  |==========================================================            |  83%
  |                                                                            
  |======================================================================| 100%

Nov 08 04:31:33 Building Final NxtSE Object
Nov 08 04:31:33 ...consolidating assays to H5 file
Nov 08 04:31:34 ...packaging reference
Nov 08 04:31:34 ...synthesising NxtSE
Nov 08 04:31:34 ...determining how overlapping introns should be removed
Nov 08 04:31:37 SpliceWiz (NxtSE) Collation Finished
Nov 08 04:31:37 Loading NxtSE object from file...
Nov 08 04:31:37 ...loading reference (NxtSE)
Nov 08 04:31:37 ...linking assays
Nov 08 04:31:37 ...linking COV files
Nov 08 04:31:37 ...loading rowData
Nov 08 04:31:37 ...removing overlapping introns...
Nov 08 04:31:37 NxtSE loaded
Nov 08 04:31:37 SpliceWiz reference already exists in given directory
Nov 08 04:31:37 Running SpliceWiz processBAM
Allocating memory to 1 threads for SpliceWiz (ompBAM)...initialized (0 milliseconds)
/tmp/RtmpnzGpYl/02H003.bam processed (361 milliseconds)
/tmp/RtmpnzGpYl/02H025.bam processed (288 milliseconds)
/tmp/RtmpnzGpYl/02H026.bam processed (445 milliseconds)
/tmp/RtmpnzGpYl/02H033.bam processed (447 milliseconds)
/tmp/RtmpnzGpYl/02H043.bam processed (281 milliseconds)
/tmp/RtmpnzGpYl/02H046.bam processed (419 milliseconds)
Nov 08 04:31:41 Using MulticoreParam 1 threads
Nov 08 04:31:41 Validating Experiment; checking COV files...
Nov 08 04:31:41 Compiling Sample Stats
Nov 08 04:31:41 Compiling Junction List...merging...done
Nov 08 04:31:42 Compiling Junction Stats...merging...done
Nov 08 04:31:49 Compiling Intron Retention List...done
Nov 08 04:31:51 Tidying up splice junctions and intron retentions...
...annotating splice junctions
...copying splicing reference
...grouping splice junctions
...grouping introns
...loading splice events
...compiling rowEvents
done

Nov 08 04:32:01 Generating NxtSE assays
Nov 08 04:32:02 Using MulticoreParam 1 threads

  |                                                                            
  |                                                                      |   0%
  |                                                                            
  |============                                                          |  17%
  |                                                                            
  |=======================                                               |  33%
  |                                                                            
  |===================================                                   |  50%
  |                                                                            
  |===============================================                       |  67%
  |                                                                            
  |==========================================================            |  83%
  |                                                                            
  |======================================================================| 100%

Nov 08 04:32:17 Building Final NxtSE Object
Nov 08 04:32:17 ...consolidating assays to H5 file
Nov 08 04:32:19 ...packaging reference
Nov 08 04:32:19 ...synthesising NxtSE
Nov 08 04:32:19 ...determining how overlapping introns should be removed
Nov 08 04:32:22 SpliceWiz (NxtSE) Collation Finished
Nov 08 04:32:22 Loading NxtSE object from file...
Nov 08 04:32:22 ...loading reference (NxtSE)
Nov 08 04:32:22 ...linking assays
Nov 08 04:32:22 ...linking COV files
Nov 08 04:32:22 ...loading rowData
Nov 08 04:32:22 ...removing overlapping introns...
Nov 08 04:32:22 NxtSE loaded
                                    path paired strand  depth mean_frag_size
02H003 ../SpliceWiz_Output/02H003.txt.gz   TRUE     -1 106256       149.3108
02H025 ../SpliceWiz_Output/02H025.txt.gz   TRUE     -1  84872       151.5914
02H026 ../SpliceWiz_Output/02H026.txt.gz   TRUE     -1 131514       150.3238
02H033 ../SpliceWiz_Output/02H033.txt.gz   TRUE     -1 129013       153.9754
02H043 ../SpliceWiz_Output/02H043.txt.gz   TRUE     -1  80254       155.4004
02H046 ../SpliceWiz_Output/02H046.txt.gz   TRUE     -1 120174       151.2840
       directionality_strength Intergenic_Fraction rRNA_Fraction
02H003                    9850                   0             0
02H025                    9848                   0             0
02H026                    9848                   0             0
02H033                    9855                   0             0
02H043                    9841                   0             0
02H046                    9857                   0             0
       NonPolyA_Fraction Mitochondrial_Fraction Unanno_Jn_Fraction
02H003                 0                      0        0.013449472
02H025                 0                      0        0.011203515
02H026                 0                      0        0.007282382
02H033                 0                      0        0.006310241
02H043                 0                      0        0.005871040
02H046                 0                      0        0.009819533
       NMD_Jn_Fraction Fraction_Splice_Reads Fraction_Span_Reads IRBurden_clean
02H003     0.019509970             0.3506908           0.1735243     0.05796583
02H025     0.019360162             0.3712414           0.1591691     0.03963531
02H026     0.004298323             0.3980261           0.1615037     0.02576549
02H033     0.007705562             0.4003550           0.1734089     0.03090263
02H043     0.028069104             0.3671219           0.1807511     0.03762138
02H046     0.010542303             0.3725598           0.1603508     0.05099352
       IRBurden_exitrons IRBurden_clean_unstranded IRBurden_exitrons_unstranded
02H003         0.1291810                0.03844293                    0.1296020
02H025         0.1192351                0.02730399                    0.1194005
02H026         0.1231055                0.02010410                    0.1231939
02H033         0.1378958                0.02300500                    0.1380215
02H043         0.1392935                0.02286515                    0.1397365
02H046         0.1132136                0.03359077                    0.1133852
       IRBurden_antisense
02H003        0.021393335
02H025        0.013191532
02H026        0.006007119
02H033        0.008453742
02H043        0.015837096
02H046        0.019043703

MD5 is fcdc53e0f7fbd843529077ebd26dd058
Nov 08 04:32:25 Reference generated without non-polyA reference
Nov 08 04:32:25 Reference generated without Mappability reference
Nov 08 04:32:25 Reference generated without Blacklist exclusion
Nov 08 04:32:25 Converting FASTA to local TwoBitFile...done
Nov 08 04:32:26 Connecting to genome TwoBitFile...done
Nov 08 04:32:26 Making local copy of GTF file...done
Nov 08 04:32:26 Reading source GTF file...done
Nov 08 04:32:26 Processing gtf file...
...genes
...transcripts
...CDS
...exons
done
Nov 08 04:32:27 Gene ontology not prepared for this reference
Nov 08 04:32:29 Processing introns...
...data
...basic annotations
...splice motifs
...other info
...defining flanking exon clusters
done
Nov 08 04:32:33 Generating processBAM reference
...prepping data
...determining measurable introns (directional)
...determining measurable introns (non-directional)
...writing ref-cover.bed
...writing ref-ROI.bed
...writing ref-read-continues.ref
...writing ref-sj.ref
...writing ref-tj.ref
processBAM reference generated
Nov 08 04:32:41 Predicting NMD transcripts from genome sequence
...exonic transcripts
...retained introns

  |                                                                            
  |                                                                      |   0%
  |                                                                            
  |======================================================================| 100%
done
Nov 08 04:32:44 Annotating Splice Events
Annotating Mutually-Exclusive-Exon Splice Events...done
Annotating Skipped-Exon Splice Events...done
Annotating Alternate 5' / 3' Splice Site Splice Events...done
Annotating Alternate First / Last Exon Splice Events...done
Annotating known retained introns...done
Nov 08 04:32:45 Splice Annotations Filtered
Nov 08 04:32:46 Translating Alternate Splice Peptides...done
Nov 08 04:32:46 Splice Annotations finished

Reference build finished
[ FAIL 0 | WARN 0 | SKIP 0 | PASS 47 ]
> 
> # bump to trigger r cmd check
> 
> proc.time()
   user  system elapsed 
262.177  28.735 290.797 

Example timings

SpliceWiz.Rcheck/SpliceWiz-Ex.timings

nameusersystemelapsed
ASE-GLM-edgeR2.0520.0812.133
ASE-methods27.084 0.57727.664
ASEFilter-class0.0440.0000.044
Build-Reference-methods50.227 4.47855.403
Coverage0.9650.0210.977
Gene-ontology-methods2.1730.1452.276
Graphics-User-Interface000
Mappability-methods2.2430.0192.261
NxtSE-class47.982 1.06349.059
Run_SpliceWiz_Filters7.1100.3667.477
STAR-methods0.0040.0020.006
View-Reference-methods0.2590.0250.284
collateData2.6170.1062.719
coord2GR0.0190.0020.021
covDataObject-class1.7090.0741.776
covPlotObject-class23.264 0.77123.815
covPlotly-class0.9180.0200.927
example-SpliceWiz-data0.0120.0000.011
findSamples0.0040.0020.005
isCOV0.0110.0010.011
makeSE1.7630.1371.898
make_plot_data0.0420.0010.043
plotCoverage15.375 0.05915.327
processBAM2.2380.2321.441
setSWthreads0.0020.0050.006
theme_white0.1630.0020.165