| Back to Build/check report for BioC 3.23: simplified long |
|
This page was generated on 2025-11-13 11:32 -0500 (Thu, 13 Nov 2025).
| Hostname | OS | Arch (*) | R version | Installed pkgs |
|---|---|---|---|---|
| kjohnson3 | macOS 13.7.7 Ventura | arm64 | R Under development (unstable) (2025-11-04 r88984) -- "Unsuffered Consequences" | 4013 |
| Click on any hostname to see more info about the system (e.g. compilers) (*) as reported by 'uname -p', except on Windows and Mac OS X | ||||
| Package 1998/2325 | Hostname | OS / Arch | INSTALL | BUILD | CHECK | BUILD BIN | ||||||||
| SingleCellAlleleExperiment 1.7.0 (landing page) Jonas Schuck
| kjohnson3 | macOS 13.7.7 Ventura / arm64 | OK | ERROR | skipped | skipped | ||||||||
|
To the developers/maintainers of the SingleCellAlleleExperiment package: - Allow up to 24 hours (and sometimes 48 hours) for your latest push to git@git.bioconductor.org:packages/SingleCellAlleleExperiment.git to reflect on this report. See Troubleshooting Build Report for more information. - Use the following Renviron settings to reproduce errors and warnings. - If 'R CMD check' started to fail recently on the Linux builder(s) over a missing dependency, add the missing dependency to 'Suggests:' in your DESCRIPTION file. See Renviron.bioc for more information. |
| Package: SingleCellAlleleExperiment |
| Version: 1.7.0 |
| Command: /Library/Frameworks/R.framework/Resources/bin/R CMD build --keep-empty-dirs --no-resave-data SingleCellAlleleExperiment |
| StartedAt: 2025-11-12 17:14:08 -0500 (Wed, 12 Nov 2025) |
| EndedAt: 2025-11-12 17:14:23 -0500 (Wed, 12 Nov 2025) |
| EllapsedTime: 15.3 seconds |
| RetCode: 1 |
| Status: ERROR |
| PackageFile: None |
| PackageFileSize: NA |
##############################################################################
##############################################################################
###
### Running command:
###
### /Library/Frameworks/R.framework/Resources/bin/R CMD build --keep-empty-dirs --no-resave-data SingleCellAlleleExperiment
###
##############################################################################
##############################################################################
* checking for file ‘SingleCellAlleleExperiment/DESCRIPTION’ ... OK
* preparing ‘SingleCellAlleleExperiment’:
* checking DESCRIPTION meta-information ... OK
* installing the package (it is needed to build vignettes)
* creating vignettes ... ERROR
--- re-building ‘scae_intro.Rmd’ using rmarkdown
Quitting from scae_intro.Rmd:137-148 [unnamed-chunk-2]
~~~~~~~~~~~~~~~~~~~~~~~~~~~~~~~~~~~~~~~~~~~~~~~~~~~~~~~~~~~~~~~~~~~~~~~~~~~~~~~~
<error/rlang_error>
Error in `library()`:
! there is no package called 'scran'
---
Backtrace:
▆
1. └─base::library(scran)
~~~~~~~~~~~~~~~~~~~~~~~~~~~~~~~~~~~~~~~~~~~~~~~~~~~~~~~~~~~~~~~~~~~~~~~~~~~~~~~~
Error: processing vignette 'scae_intro.Rmd' failed with diagnostics:
there is no package called 'scran'
--- failed re-building ‘scae_intro.Rmd’
SUMMARY: processing the following file failed:
‘scae_intro.Rmd’
Error: Vignette re-building failed.
Execution halted