Back to Build/check report for BioC 3.23:   simplified   long
ABCDEFGHIJKLMNOPQ[R]STUVWXYZ

This page was generated on 2025-11-13 11:32 -0500 (Thu, 13 Nov 2025).

HostnameOSArch (*)R versionInstalled pkgs
kjohnson3macOS 13.7.7 Venturaarm64R Under development (unstable) (2025-11-04 r88984) -- "Unsuffered Consequences" 4013
Click on any hostname to see more info about the system (e.g. compilers)      (*) as reported by 'uname -p', except on Windows and Mac OS X

Package 1719/2325HostnameOS / ArchINSTALLBUILDCHECKBUILD BIN
ReactomeGSA 1.25.0  (landing page)
Johannes Griss
Snapshot Date: 2025-11-12 13:40 -0500 (Wed, 12 Nov 2025)
git_url: https://git.bioconductor.org/packages/ReactomeGSA
git_branch: devel
git_last_commit: 473b5b6
git_last_commit_date: 2025-10-29 10:54:21 -0500 (Wed, 29 Oct 2025)
kjohnson3macOS 13.7.7 Ventura / arm64  OK    ERROR  skippedskipped


BUILD results for ReactomeGSA on kjohnson3

To the developers/maintainers of the ReactomeGSA package:
- Allow up to 24 hours (and sometimes 48 hours) for your latest push to git@git.bioconductor.org:packages/ReactomeGSA.git to reflect on this report. See Troubleshooting Build Report for more information.
- Use the following Renviron settings to reproduce errors and warnings.
- If 'R CMD check' started to fail recently on the Linux builder(s) over a missing dependency, add the missing dependency to 'Suggests:' in your DESCRIPTION file. See Renviron.bioc for more information.

raw results


Summary

Package: ReactomeGSA
Version: 1.25.0
Command: /Library/Frameworks/R.framework/Resources/bin/R CMD build --keep-empty-dirs --no-resave-data ReactomeGSA
StartedAt: 2025-11-12 17:02:55 -0500 (Wed, 12 Nov 2025)
EndedAt: 2025-11-12 17:04:11 -0500 (Wed, 12 Nov 2025)
EllapsedTime: 76.0 seconds
RetCode: 1
Status:   ERROR  
PackageFile: None
PackageFileSize: NA

Command output

##############################################################################
##############################################################################
###
### Running command:
###
###   /Library/Frameworks/R.framework/Resources/bin/R CMD build --keep-empty-dirs --no-resave-data ReactomeGSA
###
##############################################################################
##############################################################################


* checking for file ‘ReactomeGSA/DESCRIPTION’ ... OK
* preparing ‘ReactomeGSA’:
* checking DESCRIPTION meta-information ... OK
* installing the package (it is needed to build vignettes)
* creating vignettes ... ERROR
--- re-building ‘analysing-scRNAseq.Rmd’ using rmarkdown

Quitting from analysing-scRNAseq.Rmd:57-62 [unnamed-chunk-2]
~~~~~~~~~~~~~~~~~~~~~~~~~~~~~~~~~~~~~~~~~~~~~~~~~~~~~~~~~~~~~~~~~~~~~~~~~~~~~~~~
<error/rlang_error>
Error in `library()`:
! there is no package called 'ReactomeGSA.data'
---
Backtrace:
    ▆
 1. └─base::library(ReactomeGSA.data)
~~~~~~~~~~~~~~~~~~~~~~~~~~~~~~~~~~~~~~~~~~~~~~~~~~~~~~~~~~~~~~~~~~~~~~~~~~~~~~~~

Error: processing vignette 'analysing-scRNAseq.Rmd' failed with diagnostics:
there is no package called 'ReactomeGSA.data'
--- failed re-building ‘analysing-scRNAseq.Rmd’

--- re-building ‘reanalysing-public-data.Rmd’ using rmarkdown
--- finished re-building ‘reanalysing-public-data.Rmd’

--- re-building ‘using-reactomegsa.Rmd’ using rmarkdown

Quitting from using-reactomegsa.Rmd:110-113 [add_dataset]
~~~~~~~~~~~~~~~~~~~~~~~~~~~~~~~~~~~~~~~~~~~~~~~~~~~~~~~~~~~~~~~~~~~~~~~~~~~~~~~~
<error/rlang_error>
Error in `library()`:
! there is no package called 'ReactomeGSA.data'
---
Backtrace:
    ▆
 1. └─base::library(ReactomeGSA.data)
~~~~~~~~~~~~~~~~~~~~~~~~~~~~~~~~~~~~~~~~~~~~~~~~~~~~~~~~~~~~~~~~~~~~~~~~~~~~~~~~

Error: processing vignette 'using-reactomegsa.Rmd' failed with diagnostics:
there is no package called 'ReactomeGSA.data'
--- failed re-building ‘using-reactomegsa.Rmd’

SUMMARY: processing the following files failed:
  ‘analysing-scRNAseq.Rmd’ ‘using-reactomegsa.Rmd’

Error: Vignette re-building failed.
Execution halted