Back to Build/check report for BioC 3.23:   simplified   long
ABCDEFGHIJKLMNO[P]QRSTUVWXYZ

This page was generated on 2025-11-08 11:32 -0500 (Sat, 08 Nov 2025).

HostnameOSArch (*)R versionInstalled pkgs
nebbiolo1Linux (Ubuntu 24.04.3 LTS)x86_64R Under development (unstable) (2025-10-20 r88955) -- "Unsuffered Consequences" 4821
Click on any hostname to see more info about the system (e.g. compilers)      (*) as reported by 'uname -p', except on Windows and Mac OS X

Package 1544/2323HostnameOS / ArchINSTALLBUILDCHECKBUILD BIN
PDATK 1.19.0  (landing page)
Benjamin Haibe-Kains
Snapshot Date: 2025-11-07 13:40 -0500 (Fri, 07 Nov 2025)
git_url: https://git.bioconductor.org/packages/PDATK
git_branch: devel
git_last_commit: 16dbbfe
git_last_commit_date: 2025-10-29 11:06:36 -0500 (Wed, 29 Oct 2025)
nebbiolo1Linux (Ubuntu 24.04.3 LTS) / x86_64  OK    OK    WARNINGS  UNNEEDED, same version is already published


CHECK results for PDATK on nebbiolo1

To the developers/maintainers of the PDATK package:
- Allow up to 24 hours (and sometimes 48 hours) for your latest push to git@git.bioconductor.org:packages/PDATK.git to reflect on this report. See Troubleshooting Build Report for more information.
- Use the following Renviron settings to reproduce errors and warnings.
- If 'R CMD check' started to fail recently on the Linux builder(s) over a missing dependency, add the missing dependency to 'Suggests:' in your DESCRIPTION file. See Renviron.bioc for more information.

raw results


Summary

Package: PDATK
Version: 1.19.0
Command: /home/biocbuild/bbs-3.23-bioc/R/bin/R CMD check --install=check:PDATK.install-out.txt --library=/home/biocbuild/bbs-3.23-bioc/R/site-library --timings PDATK_1.19.0.tar.gz
StartedAt: 2025-11-08 02:28:15 -0500 (Sat, 08 Nov 2025)
EndedAt: 2025-11-08 02:35:07 -0500 (Sat, 08 Nov 2025)
EllapsedTime: 412.5 seconds
RetCode: 0
Status:   WARNINGS  
CheckDir: PDATK.Rcheck
Warnings: 2

Command output

##############################################################################
##############################################################################
###
### Running command:
###
###   /home/biocbuild/bbs-3.23-bioc/R/bin/R CMD check --install=check:PDATK.install-out.txt --library=/home/biocbuild/bbs-3.23-bioc/R/site-library --timings PDATK_1.19.0.tar.gz
###
##############################################################################
##############################################################################


* using log directory ‘/home/biocbuild/bbs-3.23-bioc/meat/PDATK.Rcheck’
* using R Under development (unstable) (2025-10-20 r88955)
* using platform: x86_64-pc-linux-gnu
* R was compiled by
    gcc (Ubuntu 13.3.0-6ubuntu2~24.04) 13.3.0
    GNU Fortran (Ubuntu 13.3.0-6ubuntu2~24.04) 13.3.0
* running under: Ubuntu 24.04.3 LTS
* using session charset: UTF-8
* checking for file ‘PDATK/DESCRIPTION’ ... OK
* checking extension type ... Package
* this is package ‘PDATK’ version ‘1.19.0’
* package encoding: UTF-8
* checking package namespace information ... OK
* checking package dependencies ... INFO
Imports includes 28 non-default packages.
Importing from so many packages makes the package vulnerable to any of
them becoming unavailable.  Move as many as possible to Suggests and
use conditionally.
* checking if this is a source package ... OK
* checking if there is a namespace ... OK
* checking for hidden files and directories ... OK
* checking for portable file names ... OK
* checking for sufficient/correct file permissions ... OK
* checking whether package ‘PDATK’ can be installed ... WARNING
Found the following significant warnings:
  Warning: replacing previous import ‘survival::brier’ by ‘verification::brier’ when loading ‘PDATK’
See ‘/home/biocbuild/bbs-3.23-bioc/meat/PDATK.Rcheck/00install.out’ for details.
* checking installed package size ... OK
* checking package directory ... OK
* checking ‘build’ directory ... OK
* checking DESCRIPTION meta-information ... NOTE
License stub is invalid DCF.
* checking top-level files ... OK
* checking for left-over files ... OK
* checking index information ... OK
* checking package subdirectories ... OK
* checking code files for non-ASCII characters ... OK
* checking R files for syntax errors ... OK
* checking whether the package can be loaded ... OK
* checking whether the package can be loaded with stated dependencies ... OK
* checking whether the package can be unloaded cleanly ... OK
* checking whether the namespace can be loaded with stated dependencies ... OK
* checking whether the namespace can be unloaded cleanly ... OK
* checking loading without being on the library search path ... OK
* checking dependencies in R code ... OK
* checking S3 generic/method consistency ... OK
* checking replacement functions ... OK
* checking foreign function calls ... OK
* checking R code for possible problems ... NOTE
.calculateMSMthresholds: no visible binding for global variable
  ‘funContext’
.plotNetwork: no visible global function definition for ‘legend’
NCSModel: no visible binding for global variable ‘metric’
NCSModel: no visible binding for global variable ‘comparison’
NCSModel: no visible binding for global variable ‘centroid_K’
NCSModel: no visible binding for global variable ‘assay_K’
NetworkCommunitySearchModel: no visible binding for global variable
  ‘metric’
NetworkCommunitySearchModel: no visible binding for global variable
  ‘comparison’
NetworkCommunitySearchModel: no visible binding for global variable
  ‘centroid_K’
NetworkCommunitySearchModel: no visible binding for global variable
  ‘assay_K’
predictClasses,ConsensusMetaclusteringModel-ANY: no visible global
  function definition for ‘.error’
predictClasses,NCSModel-ANY: no visible binding for global variable
  ‘centroid_cohort’
predictClasses,NCSModel-ANY: no visible binding for global variable
  ‘centroid_K’
predictClasses,NCSModel-ANY: no visible binding for global variable
  ‘assay_cohort’
predictClasses,NCSModel-ANY: no visible binding for global variable
  ‘assay_K’
predictClasses,NCSModel-ANY: no visible binding for global variable
  ‘tmp’
predictClasses,NCSModel-ANY: no visible binding for global variable
  ‘cluster_label’
rankFeatures,MultiAssayExperiment: no visible binding for global
  variable ‘feature’
rankFeatures,MultiAssayExperiment: no visible binding for global
  variable ‘missignAssays’
rankFeatures,MultiAssayExperiment: no visible binding for global
  variable ‘feature_score’
rankFeatures,MultiAssayExperiment: no visible binding for global
  variable ‘feature_rank’
trainModel,ConsensusMetaclusteringModel: no visible global function
  definition for ‘pdf’
trainModel,ConsensusMetaclusteringModel: no visible global function
  definition for ‘dev.off’
trainModel,NCSModel: no visible binding for global variable
  ‘ingroup_proportion’
trainModel,NCSModel: no visible binding for global variable
  ‘cor_threshold’
Undefined global functions or variables:
  .error assay_K assay_cohort centroid_K centroid_cohort cluster_label
  comparison cor_threshold dev.off feature feature_rank feature_score
  funContext ingroup_proportion legend metric missignAssays pdf tmp
Consider adding
  importFrom("grDevices", "dev.off", "pdf")
  importFrom("graphics", "legend")
to your NAMESPACE file.
* checking Rd files ... OK
* checking Rd metadata ... OK
* checking Rd cross-references ... WARNING
Missing link(s) in Rd file 'rankFeatures-MultiAssayExperiment-method.Rd':
  ‘[dplyr:ranking]{dplyr::dense_rank}’

See section 'Cross-references' in the 'Writing R Extensions' manual.
* checking for missing documentation entries ... OK
* checking for code/documentation mismatches ... OK
* checking Rd \usage sections ... NOTE
Documented arguments not in \usage in Rd file 'dot-randomSampleIndex.Rd':
  ‘numSamples’

Functions with \usage entries need to have the appropriate \alias
entries, and all their arguments documented.
The \usage entries must correspond to syntactically valid R code.
See chapter ‘Writing R documentation files’ in the ‘Writing R
Extensions’ manual.
* checking Rd contents ... OK
* checking for unstated dependencies in examples ... OK
* checking contents of ‘data’ directory ... OK
* checking data for non-ASCII characters ... OK
* checking data for ASCII and uncompressed saves ... OK
* checking files in ‘vignettes’ ... OK
* checking examples ... OK
* checking for unstated dependencies in ‘tests’ ... OK
* checking tests ...
  Running ‘testthat.R’
 OK
* checking for unstated dependencies in vignettes ... OK
* checking package vignettes ... OK
* checking re-building of vignette outputs ... OK
* checking PDF version of manual ... OK
* DONE

Status: 2 WARNINGs, 3 NOTEs
See
  ‘/home/biocbuild/bbs-3.23-bioc/meat/PDATK.Rcheck/00check.log’
for details.


Installation output

PDATK.Rcheck/00install.out

##############################################################################
##############################################################################
###
### Running command:
###
###   /home/biocbuild/bbs-3.23-bioc/R/bin/R CMD INSTALL PDATK
###
##############################################################################
##############################################################################


* installing to library ‘/home/biocbuild/bbs-3.23-bioc/R/site-library’
* installing *source* package ‘PDATK’ ...
** this is package ‘PDATK’ version ‘1.19.0’
** using staged installation
** R
** data
** byte-compile and prepare package for lazy loading
Warning: replacing previous import ‘survival::brier’ by ‘verification::brier’ when loading ‘PDATK’
Warning: replacing previous import ‘limma::logsumexp’ by ‘mclust::logsumexp’ when loading ‘genefu’
** help
*** installing help indices
** building package indices
** installing vignettes
** testing if installed package can be loaded from temporary location
Warning: replacing previous import ‘survival::brier’ by ‘verification::brier’ when loading ‘PDATK’
Warning: replacing previous import ‘limma::logsumexp’ by ‘mclust::logsumexp’ when loading ‘genefu’
** testing if installed package can be loaded from final location
Warning: replacing previous import ‘survival::brier’ by ‘verification::brier’ when loading ‘PDATK’
Warning: replacing previous import ‘limma::logsumexp’ by ‘mclust::logsumexp’ when loading ‘genefu’
** testing if installed package keeps a record of temporary installation path
* DONE (PDATK)

Tests output

PDATK.Rcheck/tests/testthat.Rout


R Under development (unstable) (2025-10-20 r88955) -- "Unsuffered Consequences"
Copyright (C) 2025 The R Foundation for Statistical Computing
Platform: x86_64-pc-linux-gnu

R is free software and comes with ABSOLUTELY NO WARRANTY.
You are welcome to redistribute it under certain conditions.
Type 'license()' or 'licence()' for distribution details.

R is a collaborative project with many contributors.
Type 'contributors()' for more information and
'citation()' on how to cite R or R packages in publications.

Type 'demo()' for some demos, 'help()' for on-line help, or
'help.start()' for an HTML browser interface to help.
Type 'q()' to quit R.

> library(testthat)
> library(PDATK)
Loading required package: SummarizedExperiment
Loading required package: MatrixGenerics
Loading required package: matrixStats

Attaching package: 'MatrixGenerics'

The following objects are masked from 'package:matrixStats':

    colAlls, colAnyNAs, colAnys, colAvgsPerRowSet, colCollapse,
    colCounts, colCummaxs, colCummins, colCumprods, colCumsums,
    colDiffs, colIQRDiffs, colIQRs, colLogSumExps, colMadDiffs,
    colMads, colMaxs, colMeans2, colMedians, colMins, colOrderStats,
    colProds, colQuantiles, colRanges, colRanks, colSdDiffs, colSds,
    colSums2, colTabulates, colVarDiffs, colVars, colWeightedMads,
    colWeightedMeans, colWeightedMedians, colWeightedSds,
    colWeightedVars, rowAlls, rowAnyNAs, rowAnys, rowAvgsPerColSet,
    rowCollapse, rowCounts, rowCummaxs, rowCummins, rowCumprods,
    rowCumsums, rowDiffs, rowIQRDiffs, rowIQRs, rowLogSumExps,
    rowMadDiffs, rowMads, rowMaxs, rowMeans2, rowMedians, rowMins,
    rowOrderStats, rowProds, rowQuantiles, rowRanges, rowRanks,
    rowSdDiffs, rowSds, rowSums2, rowTabulates, rowVarDiffs, rowVars,
    rowWeightedMads, rowWeightedMeans, rowWeightedMedians,
    rowWeightedSds, rowWeightedVars

Loading required package: GenomicRanges
Loading required package: stats4
Loading required package: BiocGenerics
Loading required package: generics

Attaching package: 'generics'

The following objects are masked from 'package:base':

    as.difftime, as.factor, as.ordered, intersect, is.element, setdiff,
    setequal, union


Attaching package: 'BiocGenerics'

The following objects are masked from 'package:stats':

    IQR, mad, sd, var, xtabs

The following objects are masked from 'package:base':

    Filter, Find, Map, Position, Reduce, anyDuplicated, aperm, append,
    as.data.frame, basename, cbind, colnames, dirname, do.call,
    duplicated, eval, evalq, get, grep, grepl, is.unsorted, lapply,
    mapply, match, mget, order, paste, pmax, pmax.int, pmin, pmin.int,
    rank, rbind, rownames, sapply, saveRDS, table, tapply, unique,
    unsplit, which.max, which.min

Loading required package: S4Vectors

Attaching package: 'S4Vectors'

The following object is masked from 'package:utils':

    findMatches

The following objects are masked from 'package:base':

    I, expand.grid, unname

Loading required package: IRanges
Loading required package: Seqinfo
Loading required package: Biobase
Welcome to Bioconductor

    Vignettes contain introductory material; view with
    'browseVignettes()'. To cite Bioconductor, see
    'citation("Biobase")', and for packages 'citation("pkgname")'.


Attaching package: 'Biobase'

The following object is masked from 'package:MatrixGenerics':

    rowMedians

The following objects are masked from 'package:matrixStats':

    anyMissing, rowMedians

Warning messages:
1: replacing previous import 'survival::brier' by 'verification::brier' when loading 'PDATK' 
2: replacing previous import 'limma::logsumexp' by 'mclust::logsumexp' when loading 'genefu' 
> 
> test_check("PDATK")
[ FAIL 0 | WARN 13 | SKIP 0 | PASS 77 ]

[ FAIL 0 | WARN 13 | SKIP 0 | PASS 77 ]
> 
> proc.time()
   user  system elapsed 
 30.173   9.408  35.638 

Example timings

PDATK.Rcheck/PDATK-Ex.timings

nameusersystemelapsed
CSPC_MAE0.0030.0010.004
ClinicalModel-class0.0710.0040.075
ClinicalModel0.0600.0020.062
CohortList0.0220.0020.024
ConsensusMetaclusteringModel0.0110.0000.012
CoxModel0.2880.0000.288
GeneFuModel0.0870.0000.087
ModelComparison4.0340.1094.144
PCOSP0.0600.0090.070
RandomGeneAssignmentModel0.0580.0120.070
RandomLabelShufflingModel0.0550.0140.069
SurvivalExperiment0.0630.0140.078
SurvivalModel-class0.0300.0060.036
SurvivalModel0.0310.0040.035
assignColDataColumn0.0250.0040.029
assignSubtypes-CohortList-list-method0.3670.0770.444
assignSubtypes-SurvivalExperiment-data.frame-method0.0290.0060.035
assignSubtypes0.0510.0080.059
barPlotModelComparison-ClinicalModel-PCOSP_or_RLS_or_RGA-method0.6080.0160.624
barPlotModelComparison0.6070.0030.610
birnbaum0.0010.0010.002
chen0.0020.0000.002
cohortSubtypeDFs0.0020.0010.003
compareModels-ModelComparison-SurvivalModel-method0.5740.0030.577
compareModels-SurvivalModel-SurvivalModel-method0.5230.0030.526
compareModels0.5260.0180.544
dropNotCensored-CohortList-method0.4150.0320.447
dropNotCensored-SurvivalExperiment-method0.0350.0020.037
dropNotCensored0.0370.0000.037
existingClassifierData0.0030.0000.003
findCommonGenes-CohortList-method0.0230.0010.024
findCommonGenes0.0220.0010.023
findCommonSamples-CohortList-method0.0290.0010.030
findCommonSamples0.0290.0000.029
forestPlot-ModelComparison-method0.7720.0070.779
forestPlot-PCOSP_or_ClinicalModel-method0.1060.0010.108
forestPlot0.1770.0020.179
getModelSeed-SurvivalModel-method0.0060.0010.008
getModelSeed0.0070.0000.006
getTopFeatures-PCOSP-method0.0060.0010.007
getTopFeatures-SummarizedExperiment-method0.1100.0010.111
getTopFeatures0.0060.0010.008
haiderSigScores0.0030.0000.003
hasColDataColumns0.0110.0010.012
merge-SurvivalExperiment-SurvivalExperiment-method0.1020.0020.104
modelParams-set0.0080.0020.010
modelParams0.0100.0010.011
models-SurvivalModel-method0.0060.0010.007
models-set-SurvivalModel-SimpleList-method0.0080.0000.007
models-set0.0100.0010.011
models0.0070.0000.008
normalsMAE0.0020.0000.002
plotROC-PCOSP-method0.3030.0130.316
predictClasses-CohortList-ClinicalModel-method0.2420.0270.270
predictClasses-CohortList-PCOSP_or_RLS_or_RGA-method0.3190.0200.340
predictClasses-SurvivalExperiment-ClinicalModel-method0.1160.0130.129
predictClasses-SurvivalExperiment-PCOSP_or_RLS_or_RGA-method0.1170.0020.119
predictClasses0.1310.0160.147
rankFeatures-SummarizedExperiment-method0.130.000.13
rankFeatures0.1050.0030.108
removeColDataFactorColumns0.0150.0000.016
removeFactorColumns0.0020.0010.003
renameColDataColumns0.0160.0000.016
renameColumns0.0000.0010.002
sampleClinicalModel0.0030.0020.005
sampleCohortList0.0220.0000.022
sampleICGCmicro0.0040.0020.007
samplePCOSPmodel0.0070.0000.007
samplePCOSPpredList0.0280.0010.028
samplePCSIsurvExp0.0060.0000.005
sampleRGAmodel0.0070.0000.006
sampleRLSmodel0.0050.0010.006
sampleTrainedPCOSPmodel0.0070.0000.007
sampleValPCOSPmodel0.0290.0000.030
show-S4Model-method0.0460.0030.049
subset-CohortList-method0.1400.0010.141
trainData-set0.0110.0010.011
trainData0.0060.0010.007
trainModel-ClinicalModel-method0.0420.0020.043
trainModel-PCOSP-method1.0810.0641.145
trainModel-RGAModel-method1.0650.0051.070
trainModel-RLSModel-method0.9660.0030.969
trainModel0.9830.0040.988
validateModel-ClinicalModel-CohortList-method0.1880.0020.190
validateModel-ClinicalModel-SurvivalExperiment-method0.5170.0050.523
validateModel-GeneFuModel-CohortList-method0.9140.0100.924
validateModel-PCOSP_or_RLS_or_RGA-CohortList-method0.8470.0030.851
validateModel-PCOSP_or_RLS_or_RGA-SurvivalExperiment-method0.8510.0030.854
validateModel0.0780.0020.079
validationData-SurvivalModel-method0.0070.0010.008
validationData-set-SurvivalModel-CohortList-method0.0070.0000.007
validationData-set0.0060.0010.007
validationData0.0070.0010.007
validationStats-SurvivalModel-method0.0070.0000.007
validationStats-set-SurvivalModel-data.frame-method0.0070.0000.008
validationStats-set0.0070.0000.008
validationStats0.0060.0000.007