Back to Build/check report for BioC 3.23:   simplified   long
ABCDEFGHIJKL[M]NOPQRSTUVWXYZ

This page was generated on 2025-11-13 11:32 -0500 (Thu, 13 Nov 2025).

HostnameOSArch (*)R versionInstalled pkgs
kjohnson3macOS 13.7.7 Venturaarm64R Under development (unstable) (2025-11-04 r88984) -- "Unsuffered Consequences" 4013
Click on any hostname to see more info about the system (e.g. compilers)      (*) as reported by 'uname -p', except on Windows and Mac OS X

Package 1356/2325HostnameOS / ArchINSTALLBUILDCHECKBUILD BIN
MsBackendMetaboLights 1.5.1  (landing page)
Johannes Rainer
Snapshot Date: 2025-11-12 13:40 -0500 (Wed, 12 Nov 2025)
git_url: https://git.bioconductor.org/packages/MsBackendMetaboLights
git_branch: devel
git_last_commit: d9f698a
git_last_commit_date: 2025-11-04 02:35:39 -0500 (Tue, 04 Nov 2025)
kjohnson3macOS 13.7.7 Ventura / arm64  OK    ERROR  skippedskipped


BUILD results for MsBackendMetaboLights on kjohnson3

To the developers/maintainers of the MsBackendMetaboLights package:
- Allow up to 24 hours (and sometimes 48 hours) for your latest push to git@git.bioconductor.org:packages/MsBackendMetaboLights.git to reflect on this report. See Troubleshooting Build Report for more information.
- Use the following Renviron settings to reproduce errors and warnings.
- If 'R CMD check' started to fail recently on the Linux builder(s) over a missing dependency, add the missing dependency to 'Suggests:' in your DESCRIPTION file. See Renviron.bioc for more information.

raw results


Summary

Package: MsBackendMetaboLights
Version: 1.5.1
Command: /Library/Frameworks/R.framework/Resources/bin/R CMD build --keep-empty-dirs --no-resave-data MsBackendMetaboLights
StartedAt: 2025-11-12 16:46:59 -0500 (Wed, 12 Nov 2025)
EndedAt: 2025-11-12 16:47:20 -0500 (Wed, 12 Nov 2025)
EllapsedTime: 20.2 seconds
RetCode: 1
Status:   ERROR  
PackageFile: None
PackageFileSize: NA

Command output

##############################################################################
##############################################################################
###
### Running command:
###
###   /Library/Frameworks/R.framework/Resources/bin/R CMD build --keep-empty-dirs --no-resave-data MsBackendMetaboLights
###
##############################################################################
##############################################################################


* checking for file ‘MsBackendMetaboLights/DESCRIPTION’ ... OK
* preparing ‘MsBackendMetaboLights’:
* checking DESCRIPTION meta-information ... OK
* installing the package (it is needed to build vignettes)
* creating vignettes ... ERROR
--- re-building ‘MsBackendMetaboLights.Rmd’ using rmarkdown

Quitting from MsBackendMetaboLights.Rmd:149-156 [unnamed-chunk-9]
~~~~~~~~~~~~~~~~~~~~~~~~~~~~~~~~~~~~~~~~~~~~~~~~~~~~~~~~~~~~~~~~~~~~~~~~~~~~~~~~
<error/rlang_error>
Error in `h()`:
! error in evaluating the argument 'object' in selecting a method for function 'backendInitialize': The use of 'MsBackendMzR' requires package 'mzR'. Please install with 'BiocInstaller::install("mzR")'
---
Backtrace:
     ▆
  1. ├─Spectra::Spectra("MTBLS39", filePattern = "63A.cdf", source = MsBackendMetaboLights())
  2. ├─Spectra::Spectra("MTBLS39", filePattern = "63A.cdf", source = MsBackendMetaboLights())
  3. │ └─Spectra (local) .local(object, ...)
  4. │   └─Spectra:::.create_spectra(...)
  5. │     ├─ProtGenerics::backendInitialize(...)
  6. │     └─MsBackendMetaboLights::backendInitialize(...)
  7. │       └─MsBackendMetaboLights (local) .local(object, ...)
  8. │         ├─ProtGenerics::backendInitialize(MsBackendMzR(), files = mdata$rpath)
  9. │         └─Spectra::MsBackendMzR()
 10. │           └─base::stop(...)
 11. └─base::.handleSimpleError(...)
 12.   └─base (local) h(simpleError(msg, call))
~~~~~~~~~~~~~~~~~~~~~~~~~~~~~~~~~~~~~~~~~~~~~~~~~~~~~~~~~~~~~~~~~~~~~~~~~~~~~~~~

Error: processing vignette 'MsBackendMetaboLights.Rmd' failed with diagnostics:
error in evaluating the argument 'object' in selecting a method for function 'backendInitialize': The use of 'MsBackendMzR' requires package 'mzR'. Please install with 'BiocInstaller::install("mzR")'
--- failed re-building ‘MsBackendMetaboLights.Rmd’

SUMMARY: processing the following file failed:
  ‘MsBackendMetaboLights.Rmd’

Error: Vignette re-building failed.
Execution halted