Back to Build/check report for BioC 3.23:   simplified   long
ABCDEFGHIJKL[M]NOPQRSTUVWXYZ

This page was generated on 2025-11-13 11:32 -0500 (Thu, 13 Nov 2025).

HostnameOSArch (*)R versionInstalled pkgs
kjohnson3macOS 13.7.7 Venturaarm64R Under development (unstable) (2025-11-04 r88984) -- "Unsuffered Consequences" 4013
Click on any hostname to see more info about the system (e.g. compilers)      (*) as reported by 'uname -p', except on Windows and Mac OS X

Package 1181/2325HostnameOS / ArchINSTALLBUILDCHECKBUILD BIN
MAST 1.37.0  (landing page)
Andrew McDavid
Snapshot Date: 2025-11-12 13:40 -0500 (Wed, 12 Nov 2025)
git_url: https://git.bioconductor.org/packages/MAST
git_branch: devel
git_last_commit: 29ffa2b
git_last_commit_date: 2025-10-29 10:34:54 -0500 (Wed, 29 Oct 2025)
kjohnson3macOS 13.7.7 Ventura / arm64  OK    ERROR  skippedskipped


BUILD results for MAST on kjohnson3

To the developers/maintainers of the MAST package:
- Allow up to 24 hours (and sometimes 48 hours) for your latest push to git@git.bioconductor.org:packages/MAST.git to reflect on this report. See Troubleshooting Build Report for more information.
- Use the following Renviron settings to reproduce errors and warnings.
- If 'R CMD check' started to fail recently on the Linux builder(s) over a missing dependency, add the missing dependency to 'Suggests:' in your DESCRIPTION file. See Renviron.bioc for more information.

raw results


Summary

Package: MAST
Version: 1.37.0
Command: /Library/Frameworks/R.framework/Resources/bin/R CMD build --keep-empty-dirs --no-resave-data MAST
StartedAt: 2025-11-12 16:38:27 -0500 (Wed, 12 Nov 2025)
EndedAt: 2025-11-12 16:39:39 -0500 (Wed, 12 Nov 2025)
EllapsedTime: 71.9 seconds
RetCode: 1
Status:   ERROR  
PackageFile: None
PackageFileSize: NA

Command output

##############################################################################
##############################################################################
###
### Running command:
###
###   /Library/Frameworks/R.framework/Resources/bin/R CMD build --keep-empty-dirs --no-resave-data MAST
###
##############################################################################
##############################################################################


* checking for file ‘MAST/DESCRIPTION’ ... OK
* preparing ‘MAST’:
* checking DESCRIPTION meta-information ... OK
* installing the package (it is needed to build vignettes)
* creating vignettes ... ERROR
--- re-building ‘MAITAnalysis.Rmd’ using rmarkdown
Warning: code chunks must not depend on the uncached chunk "data"
2025-11-12 16:38:51.800 R[58492:2530074] XType: Using static font registry.
Warning: code chunks must not depend on the uncached chunk "zlm"
Warning: code chunks must not depend on the uncached chunk "boots"
--- finished re-building ‘MAITAnalysis.Rmd’

--- re-building ‘MAST-Intro.Rmd’ using rmarkdown
--- finished re-building ‘MAST-Intro.Rmd’

--- re-building ‘MAST-interoperability.Rmd’ using rmarkdown

Quitting from MAST-interoperability.Rmd:124-129 [unnamed-chunk-6]
~~~~~~~~~~~~~~~~~~~~~~~~~~~~~~~~~~~~~~~~~~~~~~~~~~~~~~~~~~~~~~~~~~~~~~~~~~~~~~~~
<error/rlang_error>
Error in `library()`:
! there is no package called 'HDF5Array'
---
Backtrace:
    ▆
 1. └─base::library(HDF5Array)
~~~~~~~~~~~~~~~~~~~~~~~~~~~~~~~~~~~~~~~~~~~~~~~~~~~~~~~~~~~~~~~~~~~~~~~~~~~~~~~~

Error: processing vignette 'MAST-interoperability.Rmd' failed with diagnostics:
there is no package called 'HDF5Array'
--- failed re-building ‘MAST-interoperability.Rmd’

SUMMARY: processing the following file failed:
  ‘MAST-interoperability.Rmd’

Error: Vignette re-building failed.
Execution halted