Back to Build/check report for BioC 3.23:   simplified   long
ABCDEFG[H]IJKLMNOPQRSTUVWXYZ

This page was generated on 2025-11-13 11:32 -0500 (Thu, 13 Nov 2025).

HostnameOSArch (*)R versionInstalled pkgs
kjohnson3macOS 13.7.7 Venturaarm64R Under development (unstable) (2025-11-04 r88984) -- "Unsuffered Consequences" 4013
Click on any hostname to see more info about the system (e.g. compilers)      (*) as reported by 'uname -p', except on Windows and Mac OS X

Package 972/2325HostnameOS / ArchINSTALLBUILDCHECKBUILD BIN
HiCParser 1.3.0  (landing page)
Maigné Élise
Snapshot Date: 2025-11-12 13:40 -0500 (Wed, 12 Nov 2025)
git_url: https://git.bioconductor.org/packages/HiCParser
git_branch: devel
git_last_commit: a19d833
git_last_commit_date: 2025-10-29 11:34:38 -0500 (Wed, 29 Oct 2025)
kjohnson3macOS 13.7.7 Ventura / arm64  OK    ERROR  skippedskipped


BUILD results for HiCParser on kjohnson3

To the developers/maintainers of the HiCParser package:
- Allow up to 24 hours (and sometimes 48 hours) for your latest push to git@git.bioconductor.org:packages/HiCParser.git to reflect on this report. See Troubleshooting Build Report for more information.
- Use the following Renviron settings to reproduce errors and warnings.
- If 'R CMD check' started to fail recently on the Linux builder(s) over a missing dependency, add the missing dependency to 'Suggests:' in your DESCRIPTION file. See Renviron.bioc for more information.

raw results


Summary

Package: HiCParser
Version: 1.3.0
Command: /Library/Frameworks/R.framework/Resources/bin/R CMD build --keep-empty-dirs --no-resave-data HiCParser
StartedAt: 2025-11-12 16:28:29 -0500 (Wed, 12 Nov 2025)
EndedAt: 2025-11-12 16:28:47 -0500 (Wed, 12 Nov 2025)
EllapsedTime: 17.2 seconds
RetCode: 1
Status:   ERROR  
PackageFile: None
PackageFileSize: NA

Command output

##############################################################################
##############################################################################
###
### Running command:
###
###   /Library/Frameworks/R.framework/Resources/bin/R CMD build --keep-empty-dirs --no-resave-data HiCParser
###
##############################################################################
##############################################################################


* checking for file ‘HiCParser/DESCRIPTION’ ... OK
* preparing ‘HiCParser’:
* checking DESCRIPTION meta-information ... OK
* cleaning src
* installing the package (it is needed to build vignettes)
* creating vignettes ... ERROR
--- re-building ‘HiCParser.Rmd’ using rmarkdown
Failed with error:  'there is no package called 'rhdf5''

Quitting from HiCParser.Rmd:77-107 [coolFormat]
~~~~~~~~~~~~~~~~~~~~~~~~~~~~~~~~~~~~~~~~~~~~~~~~~~~~~~~~~~~~~~~~~~~~~~~~~~~~~~~~
<error/rlang_error>
Error in `parseCool()`:
! 'rhdf5' package is required. Please install it and retry.
---
Backtrace:
    ▆
 1. └─HiCParser::parseCool(paths, conditions = conditions, replicates = replicates)
~~~~~~~~~~~~~~~~~~~~~~~~~~~~~~~~~~~~~~~~~~~~~~~~~~~~~~~~~~~~~~~~~~~~~~~~~~~~~~~~

Error: processing vignette 'HiCParser.Rmd' failed with diagnostics:
'rhdf5' package is required. Please install it and retry.
--- failed re-building ‘HiCParser.Rmd’

SUMMARY: processing the following file failed:
  ‘HiCParser.Rmd’

Error: Vignette re-building failed.
Execution halted