Back to Build/check report for BioC 3.23:   simplified   long
ABC[D]EFGHIJKLMNOPQRSTUVWXYZ

This page was generated on 2025-11-13 11:32 -0500 (Thu, 13 Nov 2025).

HostnameOSArch (*)R versionInstalled pkgs
kjohnson3macOS 13.7.7 Venturaarm64R Under development (unstable) (2025-11-04 r88984) -- "Unsuffered Consequences" 4013
Click on any hostname to see more info about the system (e.g. compilers)      (*) as reported by 'uname -p', except on Windows and Mac OS X

Package 544/2325HostnameOS / ArchINSTALLBUILDCHECKBUILD BIN
DelayedMatrixStats 1.33.0  (landing page)
Peter Hickey
Snapshot Date: 2025-11-12 13:40 -0500 (Wed, 12 Nov 2025)
git_url: https://git.bioconductor.org/packages/DelayedMatrixStats
git_branch: devel
git_last_commit: ec9ae22
git_last_commit_date: 2025-10-29 10:41:36 -0500 (Wed, 29 Oct 2025)
kjohnson3macOS 13.7.7 Ventura / arm64  OK    ERROR  skippedskipped


BUILD results for DelayedMatrixStats on kjohnson3

To the developers/maintainers of the DelayedMatrixStats package:
- Allow up to 24 hours (and sometimes 48 hours) for your latest push to git@git.bioconductor.org:packages/DelayedMatrixStats.git to reflect on this report. See Troubleshooting Build Report for more information.
- Use the following Renviron settings to reproduce errors and warnings.
- If 'R CMD check' started to fail recently on the Linux builder(s) over a missing dependency, add the missing dependency to 'Suggests:' in your DESCRIPTION file. See Renviron.bioc for more information.

raw results


Summary

Package: DelayedMatrixStats
Version: 1.33.0
Command: /Library/Frameworks/R.framework/Resources/bin/R CMD build --keep-empty-dirs --no-resave-data DelayedMatrixStats
StartedAt: 2025-11-12 16:07:00 -0500 (Wed, 12 Nov 2025)
EndedAt: 2025-11-12 16:07:11 -0500 (Wed, 12 Nov 2025)
EllapsedTime: 11.1 seconds
RetCode: 1
Status:   ERROR  
PackageFile: None
PackageFileSize: NA

Command output

##############################################################################
##############################################################################
###
### Running command:
###
###   /Library/Frameworks/R.framework/Resources/bin/R CMD build --keep-empty-dirs --no-resave-data DelayedMatrixStats
###
##############################################################################
##############################################################################


* checking for file ‘DelayedMatrixStats/DESCRIPTION’ ... OK
* preparing ‘DelayedMatrixStats’:
* checking DESCRIPTION meta-information ... OK
* installing the package (it is needed to build vignettes)
* creating vignettes ... ERROR
--- re-building ‘DelayedMatrixStatsOverview.Rmd’ using rmarkdown

Quitting from DelayedMatrixStatsOverview.Rmd:46-55 [data_sim]
~~~~~~~~~~~~~~~~~~~~~~~~~~~~~~~~~~~~~~~~~~~~~~~~~~~~~~~~~~~~~~~~~~~~~~~~~~~~~~~~
<error/rlang_error>
Error in `S4Vectors:::load_package_gracefully()`:
! Could not load package HDF5Array. Is it installed?

  Note that the HDF5Array package is required to use the HDF5Array realization
  backend. Please install it with:

    BiocManager::install("HDF5Array")
---
Backtrace:
    ▆
 1. ├─DelayedArray::realize(x, "HDF5Array")
 2. └─DelayedArray::realize(x, "HDF5Array")
 3.   └─DelayedArray (local) .local(x, ...)
 4.     └─DelayedArray:::load_BACKEND_package(BACKEND)
 5.       └─S4Vectors:::load_package_gracefully(...)
~~~~~~~~~~~~~~~~~~~~~~~~~~~~~~~~~~~~~~~~~~~~~~~~~~~~~~~~~~~~~~~~~~~~~~~~~~~~~~~~

Error: processing vignette 'DelayedMatrixStatsOverview.Rmd' failed with diagnostics:
Could not load package HDF5Array. Is it installed?

  Note that the HDF5Array package is required to use the HDF5Array realization
  backend. Please install it with:

    BiocManager::install("HDF5Array")
--- failed re-building ‘DelayedMatrixStatsOverview.Rmd’

SUMMARY: processing the following file failed:
  ‘DelayedMatrixStatsOverview.Rmd’

Error: Vignette re-building failed.
Execution halted