| Back to Build/check report for BioC 3.23: simplified long |
|
This page was generated on 2025-11-13 11:32 -0500 (Thu, 13 Nov 2025).
| Hostname | OS | Arch (*) | R version | Installed pkgs |
|---|---|---|---|---|
| kjohnson3 | macOS 13.7.7 Ventura | arm64 | R Under development (unstable) (2025-11-04 r88984) -- "Unsuffered Consequences" | 4013 |
| Click on any hostname to see more info about the system (e.g. compilers) (*) as reported by 'uname -p', except on Windows and Mac OS X | ||||
| Package 542/2325 | Hostname | OS / Arch | INSTALL | BUILD | CHECK | BUILD BIN | ||||||||
| DelayedArray 0.37.0 (landing page) Hervé Pagès
| kjohnson3 | macOS 13.7.7 Ventura / arm64 | OK | ERROR | skipped | skipped | ||||||||
|
To the developers/maintainers of the DelayedArray package: - Allow up to 24 hours (and sometimes 48 hours) for your latest push to git@git.bioconductor.org:packages/DelayedArray.git to reflect on this report. See Troubleshooting Build Report for more information. - Use the following Renviron settings to reproduce errors and warnings. - If 'R CMD check' started to fail recently on the Linux builder(s) over a missing dependency, add the missing dependency to 'Suggests:' in your DESCRIPTION file. See Renviron.bioc for more information. |
| Package: DelayedArray |
| Version: 0.37.0 |
| Command: /Library/Frameworks/R.framework/Resources/bin/R CMD build --keep-empty-dirs --no-resave-data DelayedArray |
| StartedAt: 2025-11-12 16:06:47 -0500 (Wed, 12 Nov 2025) |
| EndedAt: 2025-11-12 16:07:01 -0500 (Wed, 12 Nov 2025) |
| EllapsedTime: 14.2 seconds |
| RetCode: 1 |
| Status: ERROR |
| PackageFile: None |
| PackageFileSize: NA |
##############################################################################
##############################################################################
###
### Running command:
###
### /Library/Frameworks/R.framework/Resources/bin/R CMD build --keep-empty-dirs --no-resave-data DelayedArray
###
##############################################################################
##############################################################################
* checking for file ‘DelayedArray/DESCRIPTION’ ... OK
* preparing ‘DelayedArray’:
* checking DESCRIPTION meta-information ... OK
* cleaning src
* installing the package (it is needed to build vignettes)
* creating vignettes ... ERROR
--- re-building ‘B-Implementing_a_backend.Rmd’ using rmarkdown
--- finished re-building ‘B-Implementing_a_backend.Rmd’
--- re-building ‘A-Working_with_large_arrays.Rnw’ using knitr
Quitting from A-Working_with_large_arrays.Rnw:43-55 [setup]
~~~~~~~~~~~~~~~~~~~~~~~~~~~~~~~~~~~~~~~~~~~~~~~~~~~~~~~~~~~~~~~~~~~~~~~~~~~~~~~~
<error/rlang_error>
Error in `library()`:
! there is no package called 'HDF5Array'
---
Backtrace:
x
1. \-base::library(HDF5Array)
~~~~~~~~~~~~~~~~~~~~~~~~~~~~~~~~~~~~~~~~~~~~~~~~~~~~~~~~~~~~~~~~~~~~~~~~~~~~~~~~
Error: processing vignette 'A-Working_with_large_arrays.Rnw' failed with diagnostics:
there is no package called 'HDF5Array'
--- failed re-building ‘A-Working_with_large_arrays.Rnw’
--- re-building ‘C-DelayedArray_HDF5Array_update.Rnw’ using knitr
Quitting from C-DelayedArray_HDF5Array_update.Rnw:41-49 [setup]
~~~~~~~~~~~~~~~~~~~~~~~~~~~~~~~~~~~~~~~~~~~~~~~~~~~~~~~~~~~~~~~~~~~~~~~~~~~~~~~~
<error/rlang_error>
Error in `library()`:
! there is no package called 'HDF5Array'
---
Backtrace:
x
1. \-base::library(HDF5Array)
~~~~~~~~~~~~~~~~~~~~~~~~~~~~~~~~~~~~~~~~~~~~~~~~~~~~~~~~~~~~~~~~~~~~~~~~~~~~~~~~
Error: processing vignette 'C-DelayedArray_HDF5Array_update.Rnw' failed with diagnostics:
there is no package called 'HDF5Array'
--- failed re-building ‘C-DelayedArray_HDF5Array_update.Rnw’
SUMMARY: processing the following files failed:
‘A-Working_with_large_arrays.Rnw’
‘C-DelayedArray_HDF5Array_update.Rnw’
Error: Vignette re-building failed.
Execution halted