| Back to Multiple platform build/check report for BioC 3.23: simplified long |
|
This page was generated on 2025-11-20 11:38 -0500 (Thu, 20 Nov 2025).
| Hostname | OS | Arch (*) | R version | Installed pkgs |
|---|---|---|---|---|
| nebbiolo1 | Linux (Ubuntu 24.04.3 LTS) | x86_64 | R Under development (unstable) (2025-10-20 r88955) -- "Unsuffered Consequences" | 4827 |
| lconway | macOS 12.7.6 Monterey | x86_64 | R Under development (unstable) (2025-10-21 r88958) -- "Unsuffered Consequences" | 4600 |
| kjohnson3 | macOS 13.7.7 Ventura | arm64 | R Under development (unstable) (2025-11-04 r88984) -- "Unsuffered Consequences" | 4564 |
| Click on any hostname to see more info about the system (e.g. compilers) (*) as reported by 'uname -p', except on Windows and Mac OS X | ||||
| Package 107/2325 | Hostname | OS / Arch | INSTALL | BUILD | CHECK | BUILD BIN | ||||||||
| ASpli 2.21.0 (landing page) Ariel Chernomoretz
| nebbiolo1 | Linux (Ubuntu 24.04.3 LTS) / x86_64 | OK | OK | WARNINGS | |||||||||
| lconway | macOS 12.7.6 Monterey / x86_64 | OK | OK | WARNINGS | OK | |||||||||
| kjohnson3 | macOS 13.7.7 Ventura / arm64 | OK | OK | WARNINGS | OK | |||||||||
|
To the developers/maintainers of the ASpli package: - Allow up to 24 hours (and sometimes 48 hours) for your latest push to git@git.bioconductor.org:packages/ASpli.git to reflect on this report. See Troubleshooting Build Report for more information. - Use the following Renviron settings to reproduce errors and warnings. - If 'R CMD check' started to fail recently on the Linux builder(s) over a missing dependency, add the missing dependency to 'Suggests:' in your DESCRIPTION file. See Renviron.bioc for more information. |
| Package: ASpli |
| Version: 2.21.0 |
| Command: /Library/Frameworks/R.framework/Resources/bin/R CMD check --install=check:ASpli.install-out.txt --library=/Library/Frameworks/R.framework/Resources/library --no-vignettes --timings ASpli_2.21.0.tar.gz |
| StartedAt: 2025-11-19 19:28:48 -0500 (Wed, 19 Nov 2025) |
| EndedAt: 2025-11-19 19:48:36 -0500 (Wed, 19 Nov 2025) |
| EllapsedTime: 1187.6 seconds |
| RetCode: 0 |
| Status: WARNINGS |
| CheckDir: ASpli.Rcheck |
| Warnings: 1 |
##############################################################################
##############################################################################
###
### Running command:
###
### /Library/Frameworks/R.framework/Resources/bin/R CMD check --install=check:ASpli.install-out.txt --library=/Library/Frameworks/R.framework/Resources/library --no-vignettes --timings ASpli_2.21.0.tar.gz
###
##############################################################################
##############################################################################
* using log directory ‘/Users/biocbuild/bbs-3.23-bioc/meat/ASpli.Rcheck’
* using R Under development (unstable) (2025-10-21 r88958)
* using platform: x86_64-apple-darwin20
* R was compiled by
Apple clang version 14.0.0 (clang-1400.0.29.202)
GNU Fortran (GCC) 14.2.0
* running under: macOS Ventura 13.7.8
* using session charset: UTF-8
* using option ‘--no-vignettes’
* checking for file ‘ASpli/DESCRIPTION’ ... OK
* checking extension type ... Package
* this is package ‘ASpli’ version ‘2.21.0’
* checking package namespace information ... OK
* checking package dependencies ... OK
* checking if this is a source package ... OK
* checking if there is a namespace ... OK
* checking for hidden files and directories ... OK
* checking for portable file names ... OK
* checking for sufficient/correct file permissions ... OK
* checking whether package ‘ASpli’ can be installed ... WARNING
Found the following significant warnings:
Warning: replacing previous import ‘utils::findMatches’ by ‘S4Vectors::findMatches’ when loading ‘ASpli’
See ‘/Users/biocbuild/bbs-3.23-bioc/meat/ASpli.Rcheck/00install.out’ for details.
* checking installed package size ... OK
* checking package directory ... OK
* checking ‘build’ directory ... OK
* checking DESCRIPTION meta-information ... OK
* checking top-level files ... OK
* checking for left-over files ... OK
* checking index information ... OK
* checking package subdirectories ... OK
* checking code files for non-ASCII characters ... OK
* checking R files for syntax errors ... OK
* checking whether the package can be loaded ... OK
* checking whether the package can be loaded with stated dependencies ... OK
* checking whether the package can be unloaded cleanly ... OK
* checking whether the namespace can be loaded with stated dependencies ... OK
* checking whether the namespace can be unloaded cleanly ... OK
* checking dependencies in R code ... NOTE
Namespace in Imports field not imported from: 'txdbmaker'
All declared Imports should be used.
* checking S3 generic/method consistency ... OK
* checking replacement functions ... OK
* checking foreign function calls ... OK
* checking R code for possible problems ... OK
* checking Rd files ... OK
* checking Rd metadata ... OK
* checking Rd cross-references ... NOTE
Found the following Rd file(s) with Rd \link{} targets missing package
anchors:
DUreport.Rd: edgeR
DUreport.norm.Rd: edgeR
DUreport.offset.Rd: edgeR
DUreportBinSplice-method.Rd: edgeR
gbDUreport-method.Rd: edgeR
jDUreport.Rd: edgeR
junctionDUreport.Rd: edgeR
Please provide package anchors for all Rd \link{} targets not in the
package itself and the base packages.
* checking for missing documentation entries ... OK
* checking for code/documentation mismatches ... OK
* checking Rd \usage sections ... OK
* checking Rd contents ... OK
* checking for unstated dependencies in examples ... OK
* checking sizes of PDF files under ‘inst/doc’ ... OK
* checking installed files from ‘inst/doc’ ... OK
* checking files in ‘vignettes’ ... OK
* checking examples ... OK
Examples with CPU (user + system) or elapsed time > 5s
user system elapsed
ASpli-package 144.317 0.938 146.208
exportIntegratedSignals 77.712 0.681 79.115
exportSplicingReports 74.617 0.554 75.598
splicingReport 73.793 0.545 84.023
integrateSignals 72.393 0.568 73.637
jDUreport 71.830 0.666 73.278
jCounts-methods 70.590 0.685 72.166
gbCounts 65.433 0.391 66.342
gbDUreport-method 64.965 0.465 65.970
* checking for unstated dependencies in vignettes ... OK
* checking package vignettes ... OK
* checking running R code from vignettes ... SKIPPED
* checking re-building of vignette outputs ... SKIPPED
* checking PDF version of manual ... OK
* DONE
Status: 1 WARNING, 2 NOTEs
See
‘/Users/biocbuild/bbs-3.23-bioc/meat/ASpli.Rcheck/00check.log’
for details.
ASpli.Rcheck/00install.out
############################################################################## ############################################################################## ### ### Running command: ### ### /Library/Frameworks/R.framework/Resources/bin/R CMD INSTALL ASpli ### ############################################################################## ############################################################################## * installing to library ‘/Library/Frameworks/R.framework/Versions/4.6-x86_64/Resources/library’ * installing *source* package ‘ASpli’ ... ** this is package ‘ASpli’ version ‘2.21.0’ ** using staged installation ** R ** inst ** byte-compile and prepare package for lazy loading Warning: replacing previous import ‘utils::findMatches’ by ‘S4Vectors::findMatches’ when loading ‘ASpli’ ** help *** installing help indices ** building package indices ** installing vignettes ** testing if installed package can be loaded from temporary location Warning: replacing previous import ‘utils::findMatches’ by ‘S4Vectors::findMatches’ when loading ‘ASpli’ ** testing if installed package can be loaded from final location Warning: replacing previous import ‘utils::findMatches’ by ‘S4Vectors::findMatches’ when loading ‘ASpli’ ** testing if installed package keeps a record of temporary installation path * DONE (ASpli)
ASpli.Rcheck/ASpli-Ex.timings
| name | user | system | elapsed | |
| ASpli-package | 144.317 | 0.938 | 146.208 | |
| DUreport | 0 | 0 | 0 | |
| DUreport.norm | 0 | 0 | 0 | |
| DUreport.offset | 0 | 0 | 0 | |
| DUreportBinSplice-method | 0 | 0 | 0 | |
| acc_AS | 0.000 | 0.001 | 0.000 | |
| acc_DU | 0 | 0 | 0 | |
| acc_counts | 0 | 0 | 0 | |
| acc_features | 0.238 | 0.004 | 0.244 | |
| binGenome | 3.900 | 0.035 | 3.953 | |
| containsJunctions-function | 0 | 0 | 0 | |
| example_data | 0.000 | 0.001 | 0.001 | |
| exportIntegratedSignals | 77.712 | 0.681 | 79.115 | |
| exportSplicingReports | 74.617 | 0.554 | 75.598 | |
| filterDU-method | 0.001 | 0.001 | 0.000 | |
| filterSignals | 0.000 | 0.000 | 0.001 | |
| gbCounts | 65.433 | 0.391 | 66.342 | |
| gbDUreport-method | 64.965 | 0.465 | 65.970 | |
| getConditions-function | 0.001 | 0.000 | 0.001 | |
| integrateSignals | 72.393 | 0.568 | 73.637 | |
| jCounts-methods | 70.590 | 0.685 | 72.166 | |
| jDUreport | 71.830 | 0.666 | 73.278 | |
| junctionDUreport | 0 | 0 | 0 | |
| loadBAM | 0.000 | 0.001 | 0.001 | |
| mergeBinDUAS-method | 0.000 | 0.001 | 0.001 | |
| plotBins | 0.000 | 0.001 | 0.001 | |
| plotGenomicRegions | 0 | 0 | 0 | |
| rds | 0.001 | 0.000 | 0.001 | |
| splicingReport | 73.793 | 0.545 | 84.023 | |
| subset-methods | 0.000 | 0.001 | 0.001 | |