Back to Multiple platform build/check report for BioC 3.22:   simplified   long
ABCDEFGHIJKLMNOPQRS[T]UVWXYZ

This page was generated on 2025-11-20 12:07 -0500 (Thu, 20 Nov 2025).

HostnameOSArch (*)R versionInstalled pkgs
nebbiolo2Linux (Ubuntu 24.04.3 LTS)x86_644.5.2 (2025-10-31) -- "[Not] Part in a Rumble" 4615
merida1macOS 12.7.6 Montereyx86_644.5.2 Patched (2025-11-05 r88990) -- "[Not] Part in a Rumble" 4610
kjohnson1macOS 13.7.5 Venturaarm644.5.2 Patched (2025-11-04 r88984) -- "[Not] Part in a Rumble" 4598
taishanLinux (openEuler 24.03 LTS)aarch644.5.0 (2025-04-11) -- "How About a Twenty-Six" 4668
Click on any hostname to see more info about the system (e.g. compilers)      (*) as reported by 'uname -p', except on Windows and Mac OS X

Package 2211/2361HostnameOS / ArchINSTALLBUILDCHECKBUILD BIN
tidyomics 1.6.0  (landing page)
Stefano Mangiola
Snapshot Date: 2025-11-17 13:45 -0500 (Mon, 17 Nov 2025)
git_url: https://git.bioconductor.org/packages/tidyomics
git_branch: RELEASE_3_22
git_last_commit: 3cf2429
git_last_commit_date: 2025-10-29 11:27:52 -0500 (Wed, 29 Oct 2025)
nebbiolo2Linux (Ubuntu 24.04.3 LTS) / x86_64  OK    OK    ERROR  
merida1macOS 12.7.6 Monterey / x86_64  OK    OK    ERROR    OK  
kjohnson1macOS 13.7.5 Ventura / arm64  OK    OK    ERROR    OK  
taishanLinux (openEuler 24.03 LTS) / aarch64  OK    OK    OK  


CHECK results for tidyomics on kjohnson1

To the developers/maintainers of the tidyomics package:
- Allow up to 24 hours (and sometimes 48 hours) for your latest push to git@git.bioconductor.org:packages/tidyomics.git to reflect on this report. See Troubleshooting Build Report for more information.
- Use the following Renviron settings to reproduce errors and warnings.
- If 'R CMD check' started to fail recently on the Linux builder(s) over a missing dependency, add the missing dependency to 'Suggests:' in your DESCRIPTION file. See Renviron.bioc for more information.

raw results


Summary

Package: tidyomics
Version: 1.6.0
Command: /Library/Frameworks/R.framework/Resources/bin/R CMD check --install=check:tidyomics.install-out.txt --library=/Library/Frameworks/R.framework/Resources/library --no-vignettes --timings tidyomics_1.6.0.tar.gz
StartedAt: 2025-11-18 14:11:46 -0500 (Tue, 18 Nov 2025)
EndedAt: 2025-11-18 14:11:48 -0500 (Tue, 18 Nov 2025)
EllapsedTime: 2.0 seconds
RetCode: 1
Status:   ERROR  
CheckDir: tidyomics.Rcheck
Warnings: NA

Command output

##############################################################################
##############################################################################
###
### Running command:
###
###   /Library/Frameworks/R.framework/Resources/bin/R CMD check --install=check:tidyomics.install-out.txt --library=/Library/Frameworks/R.framework/Resources/library --no-vignettes --timings tidyomics_1.6.0.tar.gz
###
##############################################################################
##############################################################################


* using log directory ‘/Users/biocbuild/bbs-3.22-bioc/meat/tidyomics.Rcheck’
* using R version 4.5.2 Patched (2025-11-04 r88984)
* using platform: aarch64-apple-darwin20
* R was compiled by
    Apple clang version 16.0.0 (clang-1600.0.26.6)
    GNU Fortran (GCC) 14.2.0
* running under: macOS Ventura 13.7.8
* using session charset: UTF-8
* using option ‘--no-vignettes’
* checking for file ‘tidyomics/DESCRIPTION’ ... OK
* this is package ‘tidyomics’ version ‘1.6.0’
* package encoding: UTF-8
* checking package namespace information ... OK
* checking package dependencies ... ERROR
Package suggested but not available: ‘nullranges’

The suggested packages are required for a complete check.
Checking can be attempted without them by setting the environment
variable _R_CHECK_FORCE_SUGGESTS_ to a false value.

See section ‘The DESCRIPTION file’ in the ‘Writing R Extensions’
manual.
* DONE

Status: 1 ERROR
See
  ‘/Users/biocbuild/bbs-3.22-bioc/meat/tidyomics.Rcheck/00check.log’
for details.


Installation output


Tests output


Example timings