| Back to Build/check report for BioC 3.22: simplified long |
|
This page was generated on 2025-10-27 12:45 -0400 (Mon, 27 Oct 2025).
| Hostname | OS | Arch (*) | R version | Installed pkgs |
|---|---|---|---|---|
| kjohnson3 | macOS 13.7.7 Ventura | arm64 | 4.5.1 Patched (2025-09-10 r88807) -- "Great Square Root" | 4637 |
| Click on any hostname to see more info about the system (e.g. compilers) (*) as reported by 'uname -p', except on Windows and Mac OS X | ||||
| Package 1707/2361 | Hostname | OS / Arch | INSTALL | BUILD | CHECK | BUILD BIN | ||||||||
| randRotation 1.21.0 (landing page) Peter Hettegger
| kjohnson3 | macOS 13.7.7 Ventura / arm64 | OK | ERROR | skipped | skipped | ||||||||
|
To the developers/maintainers of the randRotation package: - Allow up to 24 hours (and sometimes 48 hours) for your latest push to git@git.bioconductor.org:packages/randRotation.git to reflect on this report. See Troubleshooting Build Report for more information. - Use the following Renviron settings to reproduce errors and warnings. - If 'R CMD check' started to fail recently on the Linux builder(s) over a missing dependency, add the missing dependency to 'Suggests:' in your DESCRIPTION file. See Renviron.bioc for more information. |
| Package: randRotation |
| Version: 1.21.0 |
| Command: /Library/Frameworks/R.framework/Resources/bin/R CMD build --keep-empty-dirs --no-resave-data randRotation |
| StartedAt: 2025-10-26 17:39:27 -0400 (Sun, 26 Oct 2025) |
| EndedAt: 2025-10-26 17:40:01 -0400 (Sun, 26 Oct 2025) |
| EllapsedTime: 34.4 seconds |
| RetCode: 1 |
| Status: ERROR |
| PackageFile: None |
| PackageFileSize: NA |
##############################################################################
##############################################################################
###
### Running command:
###
### /Library/Frameworks/R.framework/Resources/bin/R CMD build --keep-empty-dirs --no-resave-data randRotation
###
##############################################################################
##############################################################################
* checking for file ‘randRotation/DESCRIPTION’ ... OK
* preparing ‘randRotation’:
* checking DESCRIPTION meta-information ... OK
* installing the package to process help pages
Loading required namespace: randRotation
* saving partial Rd database
* creating vignettes ... ERROR
--- re-building ‘randRotationIntro.Rmd’ using rmarkdown
! Undefined control sequence.
l.174 ...dent test statistics. See also (\citeproc
{ref-Yekutieli1999}{Yekuti...
Error: processing vignette 'randRotationIntro.Rmd' failed with diagnostics:
LaTeX failed to compile /private/var/folders/r0/l4fjk6cj5xj0j3brt4bplpl40000gt/T/RtmppUaD5l/Rbuilda611444ac063/randRotation/vignettes/randRotationIntro.tex. See https://yihui.org/tinytex/r/#debugging for debugging tips. See randRotationIntro.log for more info.
--- failed re-building ‘randRotationIntro.Rmd’
SUMMARY: processing the following file failed:
‘randRotationIntro.Rmd’
Error: Vignette re-building failed.
Execution halted