| Back to Multiple platform build/check report for BioC 3.22: simplified long |
|
This page was generated on 2025-11-20 12:07 -0500 (Thu, 20 Nov 2025).
| Hostname | OS | Arch (*) | R version | Installed pkgs |
|---|---|---|---|---|
| nebbiolo2 | Linux (Ubuntu 24.04.3 LTS) | x86_64 | 4.5.2 (2025-10-31) -- "[Not] Part in a Rumble" | 4615 |
| merida1 | macOS 12.7.6 Monterey | x86_64 | 4.5.2 Patched (2025-11-05 r88990) -- "[Not] Part in a Rumble" | 4610 |
| kjohnson1 | macOS 13.7.5 Ventura | arm64 | 4.5.2 Patched (2025-11-04 r88984) -- "[Not] Part in a Rumble" | 4598 |
| taishan | Linux (openEuler 24.03 LTS) | aarch64 | 4.5.0 (2025-04-11) -- "How About a Twenty-Six" | 4668 |
| Click on any hostname to see more info about the system (e.g. compilers) (*) as reported by 'uname -p', except on Windows and Mac OS X | ||||
| Package 1583/2361 | Hostname | OS / Arch | INSTALL | BUILD | CHECK | BUILD BIN | ||||||||
| pgxRpi 1.6.0 (landing page) Hangjia Zhao
| nebbiolo2 | Linux (Ubuntu 24.04.3 LTS) / x86_64 | OK | OK | ERROR | |||||||||
| merida1 | macOS 12.7.6 Monterey / x86_64 | OK | OK | OK | OK | |||||||||
| kjohnson1 | macOS 13.7.5 Ventura / arm64 | OK | OK | OK | OK | |||||||||
| taishan | Linux (openEuler 24.03 LTS) / aarch64 | OK | OK | ERROR | ||||||||||
|
To the developers/maintainers of the pgxRpi package: - Allow up to 24 hours (and sometimes 48 hours) for your latest push to git@git.bioconductor.org:packages/pgxRpi.git to reflect on this report. See Troubleshooting Build Report for more information. - Use the following Renviron settings to reproduce errors and warnings. - If 'R CMD check' started to fail recently on the Linux builder(s) over a missing dependency, add the missing dependency to 'Suggests:' in your DESCRIPTION file. See Renviron.bioc for more information. - See Martin Grigorov's blog post for how to debug Linux ARM64 related issues on a x86_64 host. |
| Package: pgxRpi |
| Version: 1.6.0 |
| Command: /home/biocbuild/R/R/bin/R CMD check --install=check:pgxRpi.install-out.txt --library=/home/biocbuild/R/R/site-library --no-vignettes --timings pgxRpi_1.6.0.tar.gz |
| StartedAt: 2025-11-18 13:15:44 -0000 (Tue, 18 Nov 2025) |
| EndedAt: 2025-11-18 13:16:33 -0000 (Tue, 18 Nov 2025) |
| EllapsedTime: 49.1 seconds |
| RetCode: 1 |
| Status: ERROR |
| CheckDir: pgxRpi.Rcheck |
| Warnings: NA |
##############################################################################
##############################################################################
###
### Running command:
###
### /home/biocbuild/R/R/bin/R CMD check --install=check:pgxRpi.install-out.txt --library=/home/biocbuild/R/R/site-library --no-vignettes --timings pgxRpi_1.6.0.tar.gz
###
##############################################################################
##############################################################################
* using log directory ‘/home/biocbuild/bbs-3.22-bioc/meat/pgxRpi.Rcheck’
* using R version 4.5.0 (2025-04-11)
* using platform: aarch64-unknown-linux-gnu
* R was compiled by
aarch64-unknown-linux-gnu-gcc (GCC) 14.2.0
GNU Fortran (GCC) 14.2.0
* running under: openEuler 24.03 (LTS)
* using session charset: UTF-8
* using option ‘--no-vignettes’
* checking for file ‘pgxRpi/DESCRIPTION’ ... OK
* this is package ‘pgxRpi’ version ‘1.6.0’
* package encoding: UTF-8
* checking package namespace information ... OK
* checking package dependencies ... OK
* checking if this is a source package ... OK
* checking if there is a namespace ... OK
* checking for hidden files and directories ... OK
* checking for portable file names ... OK
* checking for sufficient/correct file permissions ... OK
* checking whether package ‘pgxRpi’ can be installed ... OK
* checking installed package size ... OK
* checking package directory ... OK
* checking ‘build’ directory ... OK
* checking DESCRIPTION meta-information ... OK
* checking top-level files ... OK
* checking for left-over files ... OK
* checking index information ... OK
* checking package subdirectories ... OK
* checking code files for non-ASCII characters ... OK
* checking R files for syntax errors ... OK
* checking whether the package can be loaded ... OK
* checking whether the package can be loaded with stated dependencies ... OK
* checking whether the package can be unloaded cleanly ... OK
* checking whether the namespace can be loaded with stated dependencies ... OK
* checking whether the namespace can be unloaded cleanly ... OK
* checking loading without being on the library search path ... OK
* checking dependencies in R code ... OK
* checking S3 generic/method consistency ... OK
* checking replacement functions ... OK
* checking foreign function calls ... OK
* checking R code for possible problems ... NOTE
pgxSegprocess: no visible binding for global variable
‘followup_state_id’
Undefined global functions or variables:
followup_state_id
* checking Rd files ... OK
* checking Rd metadata ... OK
* checking Rd cross-references ... OK
* checking for missing documentation entries ... OK
* checking for code/documentation mismatches ... OK
* checking Rd \usage sections ... OK
* checking Rd contents ... OK
* checking for unstated dependencies in examples ... OK
* checking contents of ‘data’ directory ... OK
* checking data for non-ASCII characters ... OK
* checking data for ASCII and uncompressed saves ... OK
* checking files in ‘vignettes’ ... OK
* checking examples ... ERROR
Running examples in ‘pgxRpi-Ex.R’ failed
The error most likely occurred in:
> base::assign(".ptime", proc.time(), pos = "CheckExEnv")
> ### Name: pgxFreqplot
> ### Title: Plot CNV frequency data
> ### Aliases: pgxFreqplot
>
> ### ** Examples
>
> ## load necessary data (this step can be skipped in real implementation)
> data("hg38_cytoband")
> ## get frequency data
> freq <- pgxLoader(type="cnv_frequency", output ='pgxfreq', filters="NCIT:C3512")
Error in pgxFreqLoader(output = output, filters = filters, domain = domain) :
Request failed for filter NCIT:C3512 (status code: 500)
Calls: pgxLoader -> pgxFreqLoader
Execution halted
* checking for unstated dependencies in ‘tests’ ... OK
* checking tests ...
Running ‘testthat.R’
ERROR
Running the tests in ‘tests/testthat.R’ failed.
Last 13 lines of output:
nrow(table) is not strictly more than 0. Difference: 0
── Failure ('test_variants.R:91:5'): retrieve fraction variant with filters ────
result$responseSummary$exists not equal to TRUE.
target is NULL, current is logical
── Failure ('test_variants.R:94:5'): retrieve fraction variant with filters ────
nrow(table) is not strictly more than 0. Difference: 0
── Failure ('test_variants.R:100:9'): retrieve variants with JSON in cellz ─────
result$responseSummary$exists not equal to TRUE.
target is NULL, current is logical
── Failure ('test_variants.R:103:9'): retrieve variants with JSON in cellz ─────
nrow(table) is not strictly more than 0. Difference: 0
[ FAIL 37 | WARN 5 | SKIP 0 | PASS 0 ]
Error: Test failures
Execution halted
* checking for unstated dependencies in vignettes ... OK
* checking package vignettes ... OK
* checking running R code from vignettes ... SKIPPED
* checking re-building of vignette outputs ... SKIPPED
* checking PDF version of manual ... OK
* DONE
Status: 2 ERRORs, 1 NOTE
See
‘/home/biocbuild/bbs-3.22-bioc/meat/pgxRpi.Rcheck/00check.log’
for details.
pgxRpi.Rcheck/00install.out
############################################################################## ############################################################################## ### ### Running command: ### ### /home/biocbuild/R/R/bin/R CMD INSTALL pgxRpi ### ############################################################################## ############################################################################## * installing to library ‘/home/biocbuild/R/R-4.5.0/site-library’ * installing *source* package ‘pgxRpi’ ... ** this is package ‘pgxRpi’ version ‘1.6.0’ ** using staged installation ** R ** data ** inst ** byte-compile and prepare package for lazy loading ** help *** installing help indices ** building package indices ** installing vignettes ** testing if installed package can be loaded from temporary location ** testing if installed package can be loaded from final location ** testing if installed package keeps a record of temporary installation path * DONE (pgxRpi)
pgxRpi.Rcheck/tests/testthat.Rout.fail
R version 4.5.0 (2025-04-11) -- "How About a Twenty-Six"
Copyright (C) 2025 The R Foundation for Statistical Computing
Platform: aarch64-unknown-linux-gnu
R is free software and comes with ABSOLUTELY NO WARRANTY.
You are welcome to redistribute it under certain conditions.
Type 'license()' or 'licence()' for distribution details.
R is a collaborative project with many contributors.
Type 'contributors()' for more information and
'citation()' on how to cite R or R packages in publications.
Type 'demo()' for some demos, 'help()' for on-line help, or
'help.start()' for an HTML browser interface to help.
Type 'q()' to quit R.
> library(testthat)
> library(pgxRpi)
>
> test_check("pgxRpi")
trying: http://www.progenetix.org/services/intervalFrequencies/?filters=NCIT:C4323,pgx:icdom-85003
trying: http://progenetix.org/beacon/biosamples?filters=NCIT:C3697
trying: http://progenetix.org/beacon/biosamples/pgxbs-kftvh94d,pgxbs-kftvh94g
trying: http://progenetix.org/beacon/biosamples/pgxbs-kftvh94d,pgxbs-kftvjji1/individuals
trying: http://progenetix.org/beacon/individuals/pgxind-kftx3565,pgxind-kftx5g4v
trying: http://progenetix.org/beacon/individuals?filters=NCIT:C3512&limit=5
trying: http://progenetix.org/beacon/biosamples/pgxbs-kftvh94d/g_variants
trying: https://progenetix.org/services/pgxsegvariants/?biosampleIds=pgxbs-kftvlaih,pgxbs-kftvjgcc
trying: https://progenetix.org/services/variantsbedfile/?output=igv&biosampleIds=pgxbs-kftvlaih,pgxbs-kftvjgcc
trying: https://progenetix.org/services/samplematrix/?biosampleIds=pgxbs-kftvlaih,pgxbs-kftvjgcc
trying: https://progenetix.org/services/samplematrix/?individualIds=pgxind-kftx3565,pgxind-kftx5g4v
trying: https://progenetix.org/services/samplematrix/?filters=pgx:icdom-88503
trying: https://progenetix.org/services/cnvstats/?biosampleIds=pgxbs-kftvh94d,pgxbs-kftvh94g,pgxbs-kftvh972
trying: https://progenetix.org/services/cnvstats/?individualIds=pgxind-kftx3565,pgxind-kftx5g4v
trying: https://progenetix.org/services/cnvstats/?filters=pgx:icdom-88503
trying: https://cancercelllines.org/beacon/biosamples/cellzbs-kftvksak/g_variants
[ FAIL 37 | WARN 5 | SKIP 0 | PASS 0 ]
══ Failed tests ════════════════════════════════════════════════════════════════
── Failure ('test_frequency.R:8:5'): retrieve frequencies by filter ────────────
length(result$response$results) not equal to 2.
1/1 mismatches
[1] 0 - 2 == -2
── Failure ('test_frequency.R:9:5'): retrieve frequencies by filter ────────────
length(result$response$results[[1]]$intervalFrequencies) not equal to 3106.
1/1 mismatches
[1] 0 - 3106 == -3106
── Failure ('test_samples.R:14:5'): retrieve samples with group id ─────────────
result$responseSummary$exists not equal to TRUE.
target is NULL, current is logical
── Error ('test_samples.R:15:5'): retrieve samples with group id ───────────────
Error in `expect_compare(">", act, exp)`: Result of comparison must be a single logical value
Backtrace:
▆
1. └─testthat::expect_gt(result$responseSummary$numTotalResults, 0) at test_samples.R:15:5
2. └─testthat:::expect_compare(">", act, exp)
3. └─rlang::abort("Result of comparison must be a single logical value")
── Failure ('test_samples.R:22:5'): retrieve samples with biosample id ─────────
result$responseSummary$exists not equal to TRUE.
target is NULL, current is logical
── Error ('test_samples.R:23:5'): retrieve samples with biosample id ───────────
Error in `expect_compare(">", act, exp)`: Result of comparison must be a single logical value
Backtrace:
▆
1. └─testthat::expect_gt(result$responseSummary$numTotalResults, 0) at test_samples.R:23:5
2. └─testthat:::expect_compare(">", act, exp)
3. └─rlang::abort("Result of comparison must be a single logical value")
── Failure ('test_samples.R:30:5'): retrieve individuals with biosample id ─────
result$responseSummary$exists not equal to TRUE.
target is NULL, current is logical
── Error ('test_samples.R:31:5'): retrieve individuals with biosample id ───────
Error in `expect_compare(">", act, exp)`: Result of comparison must be a single logical value
Backtrace:
▆
1. └─testthat::expect_gt(result$responseSummary$numTotalResults, 0) at test_samples.R:31:5
2. └─testthat:::expect_compare(">", act, exp)
3. └─rlang::abort("Result of comparison must be a single logical value")
── Failure ('test_samples.R:38:5'): retrieve individuals with individual id ────
result$responseSummary$exists not equal to TRUE.
target is NULL, current is logical
── Error ('test_samples.R:39:5'): retrieve individuals with individual id ──────
Error in `expect_compare(">", act, exp)`: Result of comparison must be a single logical value
Backtrace:
▆
1. └─testthat::expect_gt(result$responseSummary$numTotalResults, 0) at test_samples.R:39:5
2. └─testthat:::expect_compare(">", act, exp)
3. └─rlang::abort("Result of comparison must be a single logical value")
── Failure ('test_samples.R:46:5'): retrieve limited individuals with group id ──
result$responseSummary$exists not equal to TRUE.
target is NULL, current is logical
── Failure ('test_samples.R:47:5'): retrieve limited individuals with group id ──
length(result$response$resultSets[[1]]$results) not equal to 5.
1/1 mismatches
[1] 0 - 5 == -5
── Failure ('test_variants.R:18:9'): retrieve variants with JSON ───────────────
result$responseSummary$exists not equal to TRUE.
target is NULL, current is logical
── Failure ('test_variants.R:21:9'): retrieve variants with JSON ───────────────
nrow(table) is not strictly more than 0. Difference: 0
── Failure ('test_variants.R:28:5'): retrieve variants with pgxseg ─────────────
http_type(r) not equal to "text/plain".
1/1 mismatches
x[1]: "text/html"
y[1]: "text/plain"
── Failure ('test_variants.R:29:5'): retrieve variants with pgxseg ─────────────
Expected `... <- NULL` to run without any errors.
ℹ Actually got a <simpleError> with text:
cannot open the connection to 'https://progenetix.org/services/pgxsegvariants/?biosampleIds=pgxbs-kftvlaih,pgxbs-kftvjgcc'
── Error ('test_variants.R:30:5'): retrieve variants with pgxseg ───────────────
Error in `eval(code, test_env)`: object 'result' not found
Backtrace:
▆
1. ├─testthat::expect_gt(nrow(result), 0) at test_variants.R:30:5
2. │ └─testthat::quasi_label(enquo(object), label, arg = "object")
3. │ └─rlang::eval_bare(expr, quo_get_env(quo))
4. └─base::nrow(result)
── Failure ('test_variants.R:37:5'): retrieve variants with igv-bed ────────────
http_type(r) not equal to "application/vnd.realvnc.bed".
1/1 mismatches
x[1]: "text/html"
y[1]: "application/vnd.realvnc.bed"
── Failure ('test_variants.R:38:5'): retrieve variants with igv-bed ────────────
Expected `... <- NULL` to run without any errors.
ℹ Actually got a <simpleError> with text:
cannot open the connection to 'https://progenetix.org/services/variantsbedfile/?output=igv&biosampleIds=pgxbs-kftvlaih,pgxbs-kftvjgcc'
── Error ('test_variants.R:39:5'): retrieve variants with igv-bed ──────────────
Error in `eval(code, test_env)`: object 'result' not found
Backtrace:
▆
1. ├─testthat::expect_gt(nrow(result), 0) at test_variants.R:39:5
2. │ └─testthat::quasi_label(enquo(object), label, arg = "object")
3. │ └─rlang::eval_bare(expr, quo_get_env(quo))
4. └─base::nrow(result)
── Failure ('test_variants.R:46:5'): retrieve pgxmatrix variant with biosample id ──
http_type(r) not equal to "text/plain".
1/1 mismatches
x[1]: "text/html"
y[1]: "text/plain"
── Failure ('test_variants.R:47:5'): retrieve pgxmatrix variant with biosample id ──
Expected `... <- NULL` to run without any errors.
ℹ Actually got a <simpleError> with text:
cannot open the connection to 'https://progenetix.org/services/samplematrix/?biosampleIds=pgxbs-kftvlaih,pgxbs-kftvjgcc'
── Error ('test_variants.R:48:5'): retrieve pgxmatrix variant with biosample id ──
Error in `eval(code, test_env)`: object 'result' not found
Backtrace:
▆
1. ├─testthat::expect_gt(nrow(result), 0) at test_variants.R:48:5
2. │ └─testthat::quasi_label(enquo(object), label, arg = "object")
3. │ └─rlang::eval_bare(expr, quo_get_env(quo))
4. └─base::nrow(result)
── Failure ('test_variants.R:55:5'): retrieve pgxmatrix variant with individual id ──
http_type(r) not equal to "text/plain".
1/1 mismatches
x[1]: "text/html"
y[1]: "text/plain"
── Failure ('test_variants.R:56:5'): retrieve pgxmatrix variant with individual id ──
Expected `... <- NULL` to run without any errors.
ℹ Actually got a <simpleError> with text:
cannot open the connection to 'https://progenetix.org/services/samplematrix/?individualIds=pgxind-kftx3565,pgxind-kftx5g4v'
── Error ('test_variants.R:57:5'): retrieve pgxmatrix variant with individual id ──
Error in `eval(code, test_env)`: object 'result' not found
Backtrace:
▆
1. ├─testthat::expect_gt(nrow(result), 0) at test_variants.R:57:5
2. │ └─testthat::quasi_label(enquo(object), label, arg = "object")
3. │ └─rlang::eval_bare(expr, quo_get_env(quo))
4. └─base::nrow(result)
── Failure ('test_variants.R:64:5'): retrieve pgxmatrix variant with filters ───
http_type(r) not equal to "text/plain".
1/1 mismatches
x[1]: "text/html"
y[1]: "text/plain"
── Failure ('test_variants.R:65:5'): retrieve pgxmatrix variant with filters ───
Expected `... <- NULL` to run without any errors.
ℹ Actually got a <simpleError> with text:
cannot open the connection to 'https://progenetix.org/services/samplematrix/?filters=pgx:icdom-88503'
── Error ('test_variants.R:66:5'): retrieve pgxmatrix variant with filters ─────
Error in `eval(code, test_env)`: object 'result' not found
Backtrace:
▆
1. ├─testthat::expect_gt(nrow(result), 0) at test_variants.R:66:5
2. │ └─testthat::quasi_label(enquo(object), label, arg = "object")
3. │ └─rlang::eval_bare(expr, quo_get_env(quo))
4. └─base::nrow(result)
── Failure ('test_variants.R:73:5'): retrieve fraction variant with biosample id ──
result$responseSummary$exists not equal to TRUE.
target is NULL, current is logical
── Failure ('test_variants.R:76:5'): retrieve fraction variant with biosample id ──
nrow(table) is not strictly more than 0. Difference: 0
── Failure ('test_variants.R:82:5'): retrieve fraction variant with individual id ──
result$responseSummary$exists not equal to TRUE.
target is NULL, current is logical
── Failure ('test_variants.R:85:5'): retrieve fraction variant with individual id ──
nrow(table) is not strictly more than 0. Difference: 0
── Failure ('test_variants.R:91:5'): retrieve fraction variant with filters ────
result$responseSummary$exists not equal to TRUE.
target is NULL, current is logical
── Failure ('test_variants.R:94:5'): retrieve fraction variant with filters ────
nrow(table) is not strictly more than 0. Difference: 0
── Failure ('test_variants.R:100:9'): retrieve variants with JSON in cellz ─────
result$responseSummary$exists not equal to TRUE.
target is NULL, current is logical
── Failure ('test_variants.R:103:9'): retrieve variants with JSON in cellz ─────
nrow(table) is not strictly more than 0. Difference: 0
[ FAIL 37 | WARN 5 | SKIP 0 | PASS 0 ]
Error: Test failures
Execution halted
pgxRpi.Rcheck/pgxRpi-Ex.timings
| name | user | system | elapsed |