Back to Multiple platform build/check report for BioC 3.22:   simplified   long
ABCDEFGHIJKL[M]NOPQRSTUVWXYZ

This page was generated on 2025-10-31 12:04 -0400 (Fri, 31 Oct 2025).

HostnameOSArch (*)R versionInstalled pkgs
nebbiolo2Linux (Ubuntu 24.04.3 LTS)x86_644.5.1 Patched (2025-08-23 r88802) -- "Great Square Root" 4901
lconwaymacOS 12.7.6 Montereyx86_644.5.1 Patched (2025-09-10 r88807) -- "Great Square Root" 4691
kjohnson3macOS 13.7.7 Venturaarm644.5.1 Patched (2025-09-10 r88807) -- "Great Square Root" 4637
Click on any hostname to see more info about the system (e.g. compilers)      (*) as reported by 'uname -p', except on Windows and Mac OS X

Package 1306/2361HostnameOS / ArchINSTALLBUILDCHECKBUILD BIN
mina 1.18.0  (landing page)
Rui Guan
Snapshot Date: 2025-10-30 13:45 -0400 (Thu, 30 Oct 2025)
git_url: https://git.bioconductor.org/packages/mina
git_branch: RELEASE_3_22
git_last_commit: 575681a
git_last_commit_date: 2025-10-29 11:04:54 -0400 (Wed, 29 Oct 2025)
nebbiolo2Linux (Ubuntu 24.04.3 LTS) / x86_64  OK    OK    WARNINGS  UNNEEDED, same version is already published
lconwaymacOS 12.7.6 Monterey / x86_64  OK    OK    WARNINGS    OK  UNNEEDED, same version is already published
kjohnson3macOS 13.7.7 Ventura / arm64  OK    OK    WARNINGS    OK  UNNEEDED, same version is already published


CHECK results for mina on lconway

To the developers/maintainers of the mina package:
- Allow up to 24 hours (and sometimes 48 hours) for your latest push to git@git.bioconductor.org:packages/mina.git to reflect on this report. See Troubleshooting Build Report for more information.
- Use the following Renviron settings to reproduce errors and warnings.
- If 'R CMD check' started to fail recently on the Linux builder(s) over a missing dependency, add the missing dependency to 'Suggests:' in your DESCRIPTION file. See Renviron.bioc for more information.

raw results


Summary

Package: mina
Version: 1.18.0
Command: /Library/Frameworks/R.framework/Resources/bin/R CMD check --install=check:mina.install-out.txt --library=/Library/Frameworks/R.framework/Resources/library --no-vignettes --timings mina_1.18.0.tar.gz
StartedAt: 2025-10-30 22:20:01 -0400 (Thu, 30 Oct 2025)
EndedAt: 2025-10-30 22:24:11 -0400 (Thu, 30 Oct 2025)
EllapsedTime: 250.0 seconds
RetCode: 0
Status:   WARNINGS  
CheckDir: mina.Rcheck
Warnings: 1

Command output

##############################################################################
##############################################################################
###
### Running command:
###
###   /Library/Frameworks/R.framework/Resources/bin/R CMD check --install=check:mina.install-out.txt --library=/Library/Frameworks/R.framework/Resources/library --no-vignettes --timings mina_1.18.0.tar.gz
###
##############################################################################
##############################################################################


* using log directory ‘/Users/biocbuild/bbs-3.22-bioc/meat/mina.Rcheck’
* using R version 4.5.1 Patched (2025-09-10 r88807)
* using platform: x86_64-apple-darwin20
* R was compiled by
    Apple clang version 14.0.0 (clang-1400.0.29.202)
    GNU Fortran (GCC) 14.2.0
* running under: macOS Monterey 12.7.6
* using session charset: UTF-8
* using option ‘--no-vignettes’
* checking for file ‘mina/DESCRIPTION’ ... OK
* this is package ‘mina’ version ‘1.18.0’
* package encoding: UTF-8
* checking package namespace information ... OK
* checking package dependencies ... OK
* checking if this is a source package ... OK
* checking if there is a namespace ... OK
* checking for hidden files and directories ... OK
* checking for portable file names ... OK
* checking for sufficient/correct file permissions ... OK
* checking whether package ‘mina’ can be installed ... OK
* used C++ compiler: ‘Apple clang version 14.0.0 (clang-1400.0.29.202)’
* used SDK: ‘MacOSX11.3.1.sdk’
* checking installed package size ... INFO
  installed size is  8.2Mb
  sub-directories of 1Mb or more:
    data   7.6Mb
* checking package directory ... OK
* checking ‘build’ directory ... OK
* checking DESCRIPTION meta-information ... OK
* checking top-level files ... OK
* checking for left-over files ... OK
* checking index information ... OK
* checking package subdirectories ... OK
* checking code files for non-ASCII characters ... OK
* checking R files for syntax errors ... OK
* checking whether the package can be loaded ... OK
* checking whether the package can be loaded with stated dependencies ... OK
* checking whether the package can be unloaded cleanly ... OK
* checking whether the namespace can be loaded with stated dependencies ... OK
* checking whether the namespace can be unloaded cleanly ... OK
* checking dependencies in R code ... OK
* checking S3 generic/method consistency ... OK
* checking replacement functions ... OK
* checking foreign function calls ... OK
* checking R code for possible problems ... NOTE
sparcc: no visible binding for global variable ‘i’
net_dis_pcoa,character: no visible binding for global variable ‘y’
net_dis_pcoa,character: no visible binding for global variable ‘Group’
net_dis_plot,mina: no visible binding for global variable ‘Group1’
net_dis_plot,mina: no visible binding for global variable ‘Group2’
net_dis_plot,mina: no visible binding for global variable ‘Distance’
net_dis_plot,mina: no visible binding for global variable ‘Sig’
Undefined global functions or variables:
  Distance Group Group1 Group2 Sig i y
* checking Rd files ... NOTE
checkRd: (-1) re_format_AP.Rd:10: Lost braces; missing escapes or markup?
    10 | \item{x}{an {APResult} object from \pkg{apcluster}.}
       |             ^
* checking Rd metadata ... OK
* checking Rd cross-references ... OK
* checking for missing documentation entries ... OK
* checking for code/documentation mismatches ... OK
* checking Rd \usage sections ... OK
* checking Rd contents ... OK
* checking for unstated dependencies in examples ... OK
* checking contents of ‘data’ directory ... OK
* checking data for non-ASCII characters ... OK
* checking LazyData ... WARNING
  LazyData DB of 7.6 MB without LazyDataCompression set
  See §1.1.6 of 'Writing R Extensions'
* checking data for ASCII and uncompressed saves ... OK
* checking line endings in C/C++/Fortran sources/headers ... OK
* checking compiled code ... NOTE
Note: information on .o files is not available
* checking files in ‘vignettes’ ... OK
* checking examples ... OK
Examples with CPU (user + system) or elapsed time > 5s
                    user system elapsed
net_dis_plot      33.157 45.466  34.811
net_dis-mina      17.049 24.681  18.085
dis_stat_accessor 14.047 19.762  14.728
bs_pm-mina         8.278 20.580   6.795
net_cls-mina      17.259  0.673  17.419
com_plot-mina     12.219  3.523   2.099
net_cls            6.261  1.347   7.119
net_cls-matrix     5.994  0.540   6.024
net_dis            2.090  3.680   2.241
bs_pm              2.098  3.369   2.091
* checking for unstated dependencies in vignettes ... OK
* checking package vignettes ... OK
* checking running R code from vignettes ... SKIPPED
* checking re-building of vignette outputs ... SKIPPED
* checking PDF version of manual ... OK
* DONE

Status: 1 WARNING, 3 NOTEs
See
  ‘/Users/biocbuild/bbs-3.22-bioc/meat/mina.Rcheck/00check.log’
for details.


Installation output

mina.Rcheck/00install.out

##############################################################################
##############################################################################
###
### Running command:
###
###   /Library/Frameworks/R.framework/Resources/bin/R CMD INSTALL mina
###
##############################################################################
##############################################################################


* installing to library ‘/Library/Frameworks/R.framework/Versions/4.5-x86_64/Resources/library’
* installing *source* package ‘mina’ ...
** this is package ‘mina’ version ‘1.18.0’
** using staged installation
** libs
using C++ compiler: ‘Apple clang version 14.0.0 (clang-1400.0.29.202)’
using SDK: ‘MacOSX11.3.1.sdk’
clang++ -arch x86_64 -std=gnu++17 -I"/Library/Frameworks/R.framework/Resources/include" -DNDEBUG  -I'/Library/Frameworks/R.framework/Versions/4.5-x86_64/Resources/library/Rcpp/include' -I'/Library/Frameworks/R.framework/Versions/4.5-x86_64/Resources/library/RcppParallel/include' -I'/Library/Frameworks/R.framework/Versions/4.5-x86_64/Resources/library/RcppArmadillo/include' -I/opt/R/x86_64/include    -fPIC  -falign-functions=64 -Wall -g -O2   -c RcppExports.cpp -o RcppExports.o
clang++ -arch x86_64 -std=gnu++17 -I"/Library/Frameworks/R.framework/Resources/include" -DNDEBUG  -I'/Library/Frameworks/R.framework/Versions/4.5-x86_64/Resources/library/Rcpp/include' -I'/Library/Frameworks/R.framework/Versions/4.5-x86_64/Resources/library/RcppParallel/include' -I'/Library/Frameworks/R.framework/Versions/4.5-x86_64/Resources/library/RcppArmadillo/include' -I/opt/R/x86_64/include    -fPIC  -falign-functions=64 -Wall -g -O2   -c cp_cor.cpp -o cp_cor.o
clang++ -arch x86_64 -std=gnu++17 -dynamiclib -Wl,-headerpad_max_install_names -undefined dynamic_lookup -L/Library/Frameworks/R.framework/Resources/lib -L/opt/R/x86_64/lib -o mina.so RcppExports.o cp_cor.o -F/Library/Frameworks/R.framework/.. -framework R
installing to /Library/Frameworks/R.framework/Versions/4.5-x86_64/Resources/library/00LOCK-mina/00new/mina/libs
** R
** data
*** moving datasets to lazyload DB
** byte-compile and prepare package for lazy loading
Creating a new generic function for ‘norm’ in package ‘mina’
** help
*** installing help indices
** building package indices
** installing vignettes
** testing if installed package can be loaded from temporary location
** checking absolute paths in shared objects and dynamic libraries
** testing if installed package can be loaded from final location
** testing if installed package keeps a record of temporary installation path
* DONE (mina)

Tests output


Example timings

mina.Rcheck/mina-Ex.timings

nameusersystemelapsed
adj-matrix0.6340.1760.384
adj-mina0.9670.2290.716
adj0.8580.1200.616
adj_method_list0.0750.1970.178
bs_pm-mina 8.27820.580 6.795
bs_pm2.0983.3692.091
check_mina0.0550.0280.084
check_mina_de0.0570.0210.079
check_mina_qu0.0510.0190.071
cls_tab0.0530.0500.106
com_dis-matrix0.4630.0540.230
com_dis-mina0.3040.1810.071
com_dis0.4120.2060.185
com_dis_list0.1140.1650.189
com_plot-mina12.219 3.523 2.099
com_plot0.2280.2300.239
com_r2-mina0.7540.1380.547
com_r20.8460.2770.631
data-hmp0.0020.0020.004
data-maize0.0000.0020.002
des_accessor0.0030.0010.003
dis_accessor0.2840.0620.054
dis_stat_accessor14.04719.76214.728
dmr-matrix0.5410.1790.313
dmr-mina0.5680.2550.424
dmr0.5240.1940.298
dmr_accessor0.5310.2170.314
fit_tabs-mina0.6680.2660.947
fit_tabs1.1200.3301.467
get_net_cls_tab-matrix-data.frame-method4.0910.4574.041
get_net_cls_tab4.2000.4174.111
get_r2-mat0.6620.2070.435
get_r20.6570.1840.428
get_rep-matrix0.2020.0050.207
get_rep-mima0.5450.1090.656
hmp_des0.0010.0000.001
hmp_otu0.0010.0000.002
maize_asv0.0010.0010.002
maize_asv20.0010.0010.002
maize_des0.0010.0010.002
maize_des20.0010.0010.001
mina-class0.0010.0000.001
net_cls-matrix5.9940.5406.024
net_cls-mina17.259 0.67317.419
net_cls6.2611.3477.119
net_cls_tab-mina-method1.4740.2311.228
net_cls_tab3.8860.5553.865
net_dis-mina17.04924.68118.085
net_dis2.0903.6802.241
net_dis_indi0.0000.0000.001
net_dis_pcoa0.0010.0000.000
net_dis_plot33.15745.46634.811
net_grp_cmp0.0000.0000.001
net_node_cmp000
norm_accessor0.0340.0010.035
norm_tab-matrix0.6290.1650.800
norm_tab-mina0.5460.0040.552
norm_tab0.0390.0000.039
norm_tab_method_list0.0670.0420.138
pcoa_plot1.4130.4390.998
sim_par000
sparcc000
tab_accessor0.0000.0010.000
tina-matrix-method000
tina000