Back to Build/check report for BioC 3.22:   simplified   long
ABCDEFGH[I]JKLMNOPQRSTUVWXYZ

This page was generated on 2025-10-27 12:45 -0400 (Mon, 27 Oct 2025).

HostnameOSArch (*)R versionInstalled pkgs
kjohnson3macOS 13.7.7 Venturaarm644.5.1 Patched (2025-09-10 r88807) -- "Great Square Root" 4637
Click on any hostname to see more info about the system (e.g. compilers)      (*) as reported by 'uname -p', except on Windows and Mac OS X

Package 1052/2361HostnameOS / ArchINSTALLBUILDCHECKBUILD BIN
immunogenViewer 1.3.1  (landing page)
Katharina Waury
Snapshot Date: 2025-10-26 13:45 -0400 (Sun, 26 Oct 2025)
git_url: https://git.bioconductor.org/packages/immunogenViewer
git_branch: devel
git_last_commit: 3a07d79
git_last_commit_date: 2025-07-08 12:40:11 -0400 (Tue, 08 Jul 2025)
kjohnson3macOS 13.7.7 Ventura / arm64  OK    ERROR  skippedskipped


BUILD results for immunogenViewer on kjohnson3

To the developers/maintainers of the immunogenViewer package:
- Allow up to 24 hours (and sometimes 48 hours) for your latest push to git@git.bioconductor.org:packages/immunogenViewer.git to reflect on this report. See Troubleshooting Build Report for more information.
- Use the following Renviron settings to reproduce errors and warnings.
- If 'R CMD check' started to fail recently on the Linux builder(s) over a missing dependency, add the missing dependency to 'Suggests:' in your DESCRIPTION file. See Renviron.bioc for more information.

raw results


Summary

Package: immunogenViewer
Version: 1.3.1
Command: /Library/Frameworks/R.framework/Resources/bin/R CMD build --keep-empty-dirs --no-resave-data immunogenViewer
StartedAt: 2025-10-26 16:54:56 -0400 (Sun, 26 Oct 2025)
EndedAt: 2025-10-26 16:55:14 -0400 (Sun, 26 Oct 2025)
EllapsedTime: 18.2 seconds
RetCode: 1
Status:   ERROR  
PackageFile: None
PackageFileSize: NA

Command output

##############################################################################
##############################################################################
###
### Running command:
###
###   /Library/Frameworks/R.framework/Resources/bin/R CMD build --keep-empty-dirs --no-resave-data immunogenViewer
###
##############################################################################
##############################################################################


* checking for file ‘immunogenViewer/DESCRIPTION’ ... OK
* preparing ‘immunogenViewer’:
* checking DESCRIPTION meta-information ... OK
* installing the package to build vignettes
* creating vignettes ... ERROR
--- re-building ‘immunogenViewer_vignette.Rmd’ using rmarkdown

Quitting from immunogenViewer_vignette.Rmd:77-81 [get-features]
~~~~~~~~~~~~~~~~~~~~~~~~~~~~~~~~~~~~~~~~~~~~~~~~~~~~~~~~~~~~~~~~~~~~~~~~~~~~~~~~
NULL
~~~~~~~~~~~~~~~~~~~~~~~~~~~~~~~~~~~~~~~~~~~~~~~~~~~~~~~~~~~~~~~~~~~~~~~~~~~~~~~~

Error: processing vignette 'immunogenViewer_vignette.Rmd' failed with diagnostics:
Failed to perform HTTP request.
Caused by error in `curl::curl_fetch_memory()`:
! Timeout was reached [rest.uniprot.org]:
Connection timed out after 10003 milliseconds
--- failed re-building ‘immunogenViewer_vignette.Rmd’

SUMMARY: processing the following file failed:
  ‘immunogenViewer_vignette.Rmd’

Error: Vignette re-building failed.
Execution halted