| Back to Multiple platform build/check report for BioC 3.22: simplified long |
|
This page was generated on 2025-10-29 12:07 -0400 (Wed, 29 Oct 2025).
| Hostname | OS | Arch (*) | R version | Installed pkgs |
|---|---|---|---|---|
| nebbiolo2 | Linux (Ubuntu 24.04.3 LTS) | x86_64 | 4.5.1 Patched (2025-08-23 r88802) -- "Great Square Root" | 4901 |
| lconway | macOS 12.7.6 Monterey | x86_64 | 4.5.1 Patched (2025-09-10 r88807) -- "Great Square Root" | 4691 |
| kjohnson3 | macOS 13.7.7 Ventura | arm64 | 4.5.1 Patched (2025-09-10 r88807) -- "Great Square Root" | 4637 |
| Click on any hostname to see more info about the system (e.g. compilers) (*) as reported by 'uname -p', except on Windows and Mac OS X | ||||
| Package 883/2361 | Hostname | OS / Arch | INSTALL | BUILD | CHECK | BUILD BIN | ||||||||
| ggtreeDendro 1.11.0 (landing page) Guangchuang Yu
| nebbiolo2 | Linux (Ubuntu 24.04.3 LTS) / x86_64 | OK | ERROR | skipped | |||||||||
| lconway | macOS 12.7.6 Monterey / x86_64 | OK | ERROR | skipped | skipped | |||||||||
| kjohnson3 | macOS 13.7.7 Ventura / arm64 | OK | ERROR | skipped | skipped | |||||||||
|
To the developers/maintainers of the ggtreeDendro package: - Allow up to 24 hours (and sometimes 48 hours) for your latest push to git@git.bioconductor.org:packages/ggtreeDendro.git to reflect on this report. See Troubleshooting Build Report for more information. - Use the following Renviron settings to reproduce errors and warnings. - If 'R CMD check' started to fail recently on the Linux builder(s) over a missing dependency, add the missing dependency to 'Suggests:' in your DESCRIPTION file. See Renviron.bioc for more information. |
| Package: ggtreeDendro |
| Version: 1.11.0 |
| Command: /Library/Frameworks/R.framework/Resources/bin/R CMD build --keep-empty-dirs --no-resave-data ggtreeDendro |
| StartedAt: 2025-10-28 16:32:46 -0400 (Tue, 28 Oct 2025) |
| EndedAt: 2025-10-28 16:32:50 -0400 (Tue, 28 Oct 2025) |
| EllapsedTime: 4.0 seconds |
| RetCode: 1 |
| Status: ERROR |
| PackageFile: None |
| PackageFileSize: NA |
##############################################################################
##############################################################################
###
### Running command:
###
### /Library/Frameworks/R.framework/Resources/bin/R CMD build --keep-empty-dirs --no-resave-data ggtreeDendro
###
##############################################################################
##############################################################################
* checking for file ‘ggtreeDendro/DESCRIPTION’ ... OK
* preparing ‘ggtreeDendro’:
* checking DESCRIPTION meta-information ... OK
* installing the package to build vignettes
* creating vignettes ... ERROR
--- re-building ‘ggtreeDendro.Rmd’ using rmarkdown
Quitting from ggtreeDendro.Rmd:49-58 [unnamed-chunk-2]
~~~~~~~~~~~~~~~~~~~~~~~~~~~~~~~~~~~~~~~~~~~~~~~~~~~~~~~~~~~~~~~~~~~~~~~~~~~~~~~~
<error/rlang_error>
Error in `adjust_hclust_tip.edge.len()`:
! could not find function "adjust_hclust_tip.edge.len"
---
Backtrace:
▆
1. ├─ggplot2::autoplot(hc)
2. └─ggtreeDendro:::autoplot.hclust(hc)
3. └─ggtree::ggtree(...)
4. ├─base::suppressWarnings(...)
5. │ └─base::withCallingHandlers(...)
6. ├─ggplot2::ggplot(...)
7. └─ggplot2:::ggplot.default(...)
8. ├─ggplot2::fortify(data, ...)
9. └─ggtree:::fortify.hclust(data, ...)
10. └─ggtree:::fortify.phylo(...)
~~~~~~~~~~~~~~~~~~~~~~~~~~~~~~~~~~~~~~~~~~~~~~~~~~~~~~~~~~~~~~~~~~~~~~~~~~~~~~~~
Error: processing vignette 'ggtreeDendro.Rmd' failed with diagnostics:
could not find function "adjust_hclust_tip.edge.len"
--- failed re-building ‘ggtreeDendro.Rmd’
SUMMARY: processing the following file failed:
‘ggtreeDendro.Rmd’
Error: Vignette re-building failed.
Execution halted