| Back to Multiple platform build/check report for BioC 3.22: simplified long |
|
This page was generated on 2025-10-25 12:03 -0400 (Sat, 25 Oct 2025).
| Hostname | OS | Arch (*) | R version | Installed pkgs |
|---|---|---|---|---|
| nebbiolo2 | Linux (Ubuntu 24.04.3 LTS) | x86_64 | 4.5.1 Patched (2025-08-23 r88802) -- "Great Square Root" | 4901 |
| lconway | macOS 12.7.6 Monterey | x86_64 | 4.5.1 Patched (2025-09-10 r88807) -- "Great Square Root" | 4691 |
| kjohnson3 | macOS 13.7.7 Ventura | arm64 | 4.5.1 Patched (2025-09-10 r88807) -- "Great Square Root" | 4637 |
| taishan | Linux (openEuler 24.03 LTS) | aarch64 | 4.5.0 (2025-04-11) -- "How About a Twenty-Six" | 4658 |
| Click on any hostname to see more info about the system (e.g. compilers) (*) as reported by 'uname -p', except on Windows and Mac OS X | ||||
| Package 541/2361 | Hostname | OS / Arch | INSTALL | BUILD | CHECK | BUILD BIN | ||||||||
| decoupleR 2.15.0 (landing page) Pau Badia-i-Mompel
| nebbiolo2 | Linux (Ubuntu 24.04.3 LTS) / x86_64 | OK | OK | WARNINGS | |||||||||
| lconway | macOS 12.7.6 Monterey / x86_64 | OK | OK | WARNINGS | OK | |||||||||
| kjohnson3 | macOS 13.7.7 Ventura / arm64 | OK | OK | ERROR | OK | |||||||||
| taishan | Linux (openEuler 24.03 LTS) / aarch64 | OK | NA | NA | ||||||||||
|
To the developers/maintainers of the decoupleR package: - Allow up to 24 hours (and sometimes 48 hours) for your latest push to git@git.bioconductor.org:packages/decoupleR.git to reflect on this report. See Troubleshooting Build Report for more information. - Use the following Renviron settings to reproduce errors and warnings. - If 'R CMD check' started to fail recently on the Linux builder(s) over a missing dependency, add the missing dependency to 'Suggests:' in your DESCRIPTION file. See Renviron.bioc for more information. |
| Package: decoupleR |
| Version: 2.15.0 |
| Command: /home/biocbuild/bbs-3.22-bioc/R/bin/R CMD check --install=check:decoupleR.install-out.txt --library=/home/biocbuild/bbs-3.22-bioc/R/site-library --timings decoupleR_2.15.0.tar.gz |
| StartedAt: 2025-10-24 22:53:39 -0400 (Fri, 24 Oct 2025) |
| EndedAt: 2025-10-24 23:06:22 -0400 (Fri, 24 Oct 2025) |
| EllapsedTime: 763.7 seconds |
| RetCode: 0 |
| Status: WARNINGS |
| CheckDir: decoupleR.Rcheck |
| Warnings: 1 |
##############################################################################
##############################################################################
###
### Running command:
###
### /home/biocbuild/bbs-3.22-bioc/R/bin/R CMD check --install=check:decoupleR.install-out.txt --library=/home/biocbuild/bbs-3.22-bioc/R/site-library --timings decoupleR_2.15.0.tar.gz
###
##############################################################################
##############################################################################
* using log directory ‘/home/biocbuild/bbs-3.22-bioc/meat/decoupleR.Rcheck’
* using R version 4.5.1 Patched (2025-08-23 r88802)
* using platform: x86_64-pc-linux-gnu
* R was compiled by
gcc (Ubuntu 13.3.0-6ubuntu2~24.04) 13.3.0
GNU Fortran (Ubuntu 13.3.0-6ubuntu2~24.04) 13.3.0
* running under: Ubuntu 24.04.3 LTS
* using session charset: UTF-8
* checking for file ‘decoupleR/DESCRIPTION’ ... OK
* checking extension type ... Package
* this is package ‘decoupleR’ version ‘2.15.0’
* package encoding: UTF-8
* checking package namespace information ... OK
* checking package dependencies ... OK
* checking if this is a source package ... OK
* checking if there is a namespace ... OK
* checking for hidden files and directories ... OK
* checking for portable file names ... OK
* checking for sufficient/correct file permissions ... OK
* checking whether package ‘decoupleR’ can be installed ... OK
* checking installed package size ... OK
* checking package directory ... OK
* checking ‘build’ directory ... OK
* checking DESCRIPTION meta-information ... OK
* checking top-level files ... OK
* checking for left-over files ... OK
* checking index information ... OK
* checking package subdirectories ... OK
* checking code files for non-ASCII characters ... OK
* checking R files for syntax errors ... OK
* checking whether the package can be loaded ... OK
* checking whether the package can be loaded with stated dependencies ... OK
* checking whether the package can be unloaded cleanly ... OK
* checking whether the namespace can be loaded with stated dependencies ... OK
* checking whether the namespace can be unloaded cleanly ... OK
* checking loading without being on the library search path ... OK
* checking dependencies in R code ... NOTE
[2025-10-24 22:54:12] [TRACE] [OmnipathR] Reading JSON from `/home/biocbuild/.cache/OmnipathR/cache.json` (encoding: UTF-8).
[2025-10-24 22:54:12] [TRACE] [OmnipathR] JSON validation successful: TRUE
[2025-10-24 22:54:12] [INFO] [OmnipathR] Initialized cache: `/home/biocbuild/.cache/OmnipathR`.
[2025-10-24 22:54:12] [INFO] [OmnipathR] Package `OmnipathR` packaged: NA
[2025-10-24 22:54:12] [INFO] [OmnipathR] Package `OmnipathR` date/publication: 2025-10-24
[2025-10-24 22:54:12] [INFO] [OmnipathR] Package `OmnipathR` built: R 4.5.1; ; 2025-10-24 19:19:25 UTC; unix
[2025-10-24 22:54:12] [INFO] [OmnipathR] Package `OmnipathR` version: 3.17.7
[2025-10-24 22:54:12] [INFO] [OmnipathR] Package `OmnipathR` repository: Bioconductor 3.22
[2025-10-24 22:54:12] [INFO] [OmnipathR] Session info: [version=R version 4.5.1 Patched (2025-08-23 r88802); os=Ubuntu 24.04.3 LTS; system=x86_64, linux-gnu; ui=X11; language=(EN); collate=C; ctype=en_US.UTF-8; tz=America/New_York; date=2025-10-24; pandoc=2.7.3 @ /usr/bin/ (via rmarkdown); quarto=1.7.32 @ /usr/local/bin/quarto]
[2025-10-24 22:54:12] [INFO] [OmnipathR] External libraries: [cairo=1.18.0; cairoFT=; pango=1.52.1; png=1.6.43; jpeg=8.0; tiff=LIBTIFF, Version 4.5.1; tcl=8.6.14; curl=8.5.0; zlib=1.3; bzlib=1.0.8, 13-Jul-2019; xz=5.4.5; deflate=1.19; PCRE=10.42 2022-12-11; ICU=74.2; TRE=TRE 0.8.0 R_fixes (BSD); iconv=glibc 2.39; readline=8.2; BLAS=/home/biocbuild/bbs-3.22-bioc/R/lib/libRblas.so; lapack=/usr/lib/x86_64-linux-gnu/lapack/liblapack.so.3.12.0; lapack_version=3.12.0]
[2025-10-24 22:54:12] [INFO] [OmnipathR] Loaded packages: abind 1.4-8(2024-09-12); annotate 1.87.0(2025-10-24); AnnotationDbi 1.71.2(2025-10-24); AUCell 1.31.0(2025-10-24); backports 1.5.0(2024-05-23); beachmat 2.25.5(2025-10-24); Biobase 2.69.1(2025-10-24); BiocGenerics 0.55.4(2025-10-24); BiocParallel 1.43.4(2025-10-24); BiocSingular 1.25.1(2025-10-24); Biostrings 2.77.2(2025-10-24); bit 4.6.0(2025-03-06); bit64 4.6.0-1(2025-01-16); blob 1.2.4(2023-03-17); cachem 1.1.0(2024-05-16); cellranger 1.1.0(2016-07-27); checkmate 2.3.3(2025-08-18); chromote 0.5.1(2025-04-24); cli 3.6.5(2025-04-23); codetools 0.2-20(2024-03-31); crayon 1.5.3(2024-06-20); curl 7.0.0(2025-08-19); data.table 1.17.8(2025-07-10); DBI 1.2.3(2024-06-02); decoupleR 2.15.0(2025-10-24); DelayedArray 0.35.3(2025-10-24); DelayedMatrixStats 1.31.0(2025-10-24); digest 0.6.37(2024-08-19); dplyr 1.1.4(2023-11-17); evaluate 1.0.5(2025-08-27); fastmap 1.2.0(2024-05-15); fs 1.6.6(2025-04-12); generics 0.1.4(2025-05-09); GenomicRanges 1.61.6(2025-10-24); glue 1.8.0(2024-09-30); graph 1.87.0(2025-10-24); GSEABase 1.71.1(2025-10-24); GSVA 2.3.4(2025-10-24); h5mread 1.1.1(2025-10-24); HDF5Array 1.37.0(2025-10-24); hms 1.1.4(2025-10-17); htmltools 0.5.8.1(2024-04-04); httr 1.4.7(2023-08-15); httr2 1.2.1(2025-07-22); igraph 2.2.0(2025-10-13); IRanges 2.43.6(2025-10-24); irlba 2.3.5.1(2022-10-03); jsonlite 2.0.0(2025-03-27); KEGGREST 1.49.2(2025-10-24); knitr 1.50(2025-03-16); later 1.4.4(2025-08-27); lattice 0.22-7(2025-04-02); lifecycle 1.0.4(2023-11-07); logger 0.4.1(2025-09-11); lubridate 1.9.4(2024-12-08); magick 2.9.0(2025-09-08); magrittr 2.0.4(2025-09-12); Matrix 1.7-4(2025-08-28); MatrixGenerics 1.21.0(2025-10-24); matrixStats 1.5.0(2025-01-07); memoise 2.0.1(2021-11-26); OmnipathR 3.17.7(2025-10-24); otel 0.2.0(2025-08-29); parallelly 1.45.1(2025-07-24); pillar 1.11.1(2025-09-17); pkgconfig 2.0.3(2019-09-22); png 0.1-8(2022-11-29); prettyunits 1.2.0(2023-09-24); processx 3.8.6(2025-02-21); progress 1.2.3(2023-12-06); promises 1.4.0(2025-10-22); ps 1.9.1(2025-04-12); purrr 1.1.0(2025-07-10); R.methodsS3 1.8.2(2022-06-13); R.oo 1.27.1(2025-05-02); R.utils 2.13.0(2025-02-24); R6 2.6.1(2025-02-15); rappdirs 0.3.3(2021-01-31); Rcpp 1.1.0(2025-07-02); readr 2.1.5(2024-01-10); readxl 1.4.5(2025-03-07); rhdf5 2.53.6(2025-10-24); rhdf5filters 1.21.4(2025-10-24); Rhdf5lib 1.31.1(2025-10-24); rjson 0.2.23(2024-09-16); rlang 1.1.6(2025-04-11); rmarkdown 2.30(2025-09-28); RSQLite 2.4.3(2025-08-20); rsvd 1.0.5(2021-04-16); rvest 1.0.5(2025-08-29); S4Arrays 1.9.1(2025-10-24); S4Vectors 0.47.5(2025-10-24); ScaledMatrix 1.17.0(2025-10-24); Seqinfo 0.99.3(2025-10-24); sessioninfo 1.2.3(2025-02-05); SingleCellExperiment 1.31.1(2025-10-24); SparseArray 1.9.1(2025-10-24); sparseMatrixStats 1.21.0(2025-10-24); SpatialExperiment 1.19.1(2025-10-24); stringi 1.8.7(2025-03-27); stringr 1.5.2(2025-09-08); SummarizedExperiment 1.39.2(2025-10-24); tibble 3.3.0(2025-06-08); tidyr 1.3.1(2024-01-24); tidyselect 1.2.1(2024-03-11); timechange 0.3.0(2024-01-18); tzdb 0.5.0(2025-03-15); vctrs 0.6.5(2023-12-01); websocket 1.4.4(2025-04-10); withr 3.0.2(2024-10-28); xfun 0.53(2025-08-19); XML 3.99-0.19(2025-08-22); xml2 1.4.0(2025-08-20); xtable 1.8-4(2019-04-21); XVector 0.49.1(2025-10-24); yaml 2.3.10(2024-07-26); zip 2.3.3(2025-05-13)
[2025-10-24 22:54:12] [INFO] [OmnipathR] CURL: version: 8.5.0; headers: 8.5.0; ssl_version: GnuTLS/3.8.3; libz_version: 1.3; libssh_version: libssh/0.10.6/openssl/zlib; libidn_version: 2.3.7; host: x86_64-pc-linux-gnu; protocols: dict, file, ftp, ftps, gopher, gophers, http, https, imap, imaps, ldap, ldaps, mqtt, pop3, pop3s, rtmp, rtmpe, rtmps, rtmpt, rtmpte, rtmpts, rtsp, scp, sftp, smb, smbs, smtp, smtps, telnet, tftp; ipv6: TRUE; http2: TRUE; idn: TRUE; url_parser: TRUE
[2025-10-24 22:54:12] [TRACE] [OmnipathR] Running on a build server, wiping cache.
[2025-10-24 22:54:12] [TRACE] [OmnipathR] Cache is at `/home/biocbuild/.cache/OmnipathR`.
[2025-10-24 22:54:12] [TRACE] [OmnipathR] Contains 9 files.
[2025-10-24 22:54:12] [TRACE] [OmnipathR] Cache is locked: FALSE.
[2025-10-24 22:54:12] [TRACE] [OmnipathR] Reading JSON from `/home/biocbuild/.cache/OmnipathR/cache.json` (encoding: UTF-8).
[2025-10-24 22:54:12] [TRACE] [OmnipathR] JSON validation successful: TRUE
[2025-10-24 22:54:13] [SUCCESS] [OmnipathR] Removing all cache contents from `/home/biocbuild/.cache/OmnipathR`.
[2025-10-24 22:54:13] [TRACE] [OmnipathR] Pandoc version: `2.7.3`.
[2025-10-24 22:54:13] [TRACE] [OmnipathR] Reading JSON from `/home/biocbuild/bbs-3.22-bioc/R/site-library/OmnipathR/db/db_def.json` (encoding: UTF-8).
[2025-10-24 22:54:13] [TRACE] [OmnipathR] JSON validation successful: TRUE
[2025-10-24 22:54:13] [TRACE] [OmnipathR] Reading JSON from `/home/biocbuild/bbs-3.22-bioc/R/site-library/OmnipathR/internal/magic_bytes.json` (encoding: UTF-8).
[2025-10-24 22:54:13] [TRACE] [OmnipathR] JSON validation successful: TRUE
[2025-10-24 22:54:13] [TRACE] [OmnipathR] Reading JSON from `/home/biocbuild/bbs-3.22-bioc/R/site-library/OmnipathR/internal/urls.json` (encoding: UTF-8).
[2025-10-24 22:54:13] [TRACE] [OmnipathR] JSON validation successful: TRUE
[2025-10-24 22:54:13] [TRACE] [OmnipathR] Reading JSON from `/home/biocbuild/bbs-3.22-bioc/R/site-library/OmnipathR/internal/id_types.json` (encoding: UTF-8).
[2025-10-24 22:54:13] [TRACE] [OmnipathR] JSON validation successful: TRUE
[2025-10-24 22:54:13] [TRACE] [OmnipathR] Cache locked: FALSE
* checking S3 generic/method consistency ... OK
* checking replacement functions ... OK
* checking foreign function calls ... OK
* checking R code for possible problems ... OK
* checking Rd files ... OK
* checking Rd metadata ... OK
* checking Rd cross-references ... WARNING
Missing link(s) in Rd file 'run_gsva.Rd':
‘GSVA::gsva’ ‘GeneSetCollection’
Non-topic package-anchored link(s) in Rd file 'pipe.Rd':
‘[magrittr:pipe]{%>%}’
See section 'Cross-references' in the 'Writing R Extensions' manual.
Found the following Rd file(s) with Rd \link{} targets missing package
anchors:
run_gsva.Rd: GSVA::gsva, GeneSetCollection
Please provide package anchors for all Rd \link{} targets not in the
package itself and the base packages.
* checking for missing documentation entries ... OK
* checking for code/documentation mismatches ... OK
* checking Rd \usage sections ... OK
* checking Rd contents ... OK
* checking for unstated dependencies in examples ... OK
* checking files in ‘vignettes’ ... OK
* checking examples ... OK
Examples with CPU (user + system) or elapsed time > 5s
user system elapsed
get_collectri 30.335 2.866 41.146
run_fgsea 23.741 0.678 24.432
get_dorothea 21.682 1.329 25.200
run_aucell 9.437 1.931 11.394
get_progeny 6.512 0.558 14.476
* checking for unstated dependencies in ‘tests’ ... OK
* checking tests ...
Running ‘testthat.R’
OK
* checking for unstated dependencies in vignettes ... OK
* checking package vignettes ... OK
* checking re-building of vignette outputs ... OK
* checking PDF version of manual ... OK
* DONE
Status: 1 WARNING, 1 NOTE
See
‘/home/biocbuild/bbs-3.22-bioc/meat/decoupleR.Rcheck/00check.log’
for details.
decoupleR.Rcheck/00install.out
############################################################################## ############################################################################## ### ### Running command: ### ### /home/biocbuild/bbs-3.22-bioc/R/bin/R CMD INSTALL decoupleR ### ############################################################################## ############################################################################## * installing to library ‘/home/biocbuild/bbs-3.22-bioc/R/site-library’ * installing *source* package ‘decoupleR’ ... ** this is package ‘decoupleR’ version ‘2.15.0’ ** using staged installation ** R ** inst ** byte-compile and prepare package for lazy loading ** help *** installing help indices *** copying figures ** building package indices ** installing vignettes ** testing if installed package can be loaded from temporary location ** testing if installed package can be loaded from final location ** testing if installed package keeps a record of temporary installation path * DONE (decoupleR)
decoupleR.Rcheck/tests/testthat.Rout
R version 4.5.1 Patched (2025-08-23 r88802) -- "Great Square Root"
Copyright (C) 2025 The R Foundation for Statistical Computing
Platform: x86_64-pc-linux-gnu
R is free software and comes with ABSOLUTELY NO WARRANTY.
You are welcome to redistribute it under certain conditions.
Type 'license()' or 'licence()' for distribution details.
R is a collaborative project with many contributors.
Type 'contributors()' for more information and
'citation()' on how to cite R or R packages in publications.
Type 'demo()' for some demos, 'help()' for on-line help, or
'help.start()' for an HTML browser interface to help.
Type 'q()' to quit R.
> library(testthat)
> library(decoupleR)
>
> test_check("decoupleR")
|
| | 0%
|
|======================================================================| 100%
|
| | 0%
|
|======================================================================| 100%
|
| | 0%
|
|======================================================================| 100%
|
| | 0%
|
|======================================================================| 100%
|
| | 0%
|
|======================================================================| 100%
|
| | 0%
|
|======================================================================| 100%
|
| | 0%
|
|======================================================================| 100%
|
| | 0%
|
|======================================================================| 100%
|
| | 0%
|
|======================================================================| 100%
|
| | 0%
|
|======================================================================| 100%
|
| | 0%
|
|======================================================================| 100%
|
| | 0%
|
|======================================================================| 100%
|
| | 0%
|
|=================================== | 50%
|
|======================================================================| 100%
|
| | 0%
|
|=================================== | 50%
|
|======================================================================| 100%
|
| | 0%
|
|=================================== | 50%
|
|======================================================================| 100%
|
| | 0%
|
|=================================== | 50%
|
|======================================================================| 100%
|
| | 0%
|
|=================================== | 50%
|
|======================================================================| 100%
|
| | 0%
|
|=================================== | 50%
|
|======================================================================| 100%
|
| | 0%
|
|=================================== | 50%
|
|======================================================================| 100%
|
| | 0%
|
|=================================== | 50%
|
|======================================================================| 100%
|
| | 0%
|
|=================================== | 50%
|
|======================================================================| 100%
|
| | 0%
|
|=================================== | 50%
|
|======================================================================| 100%
|
| | 0%
|
|=================================== | 50%
|
|======================================================================| 100%
|
| | 0%
|
|=================================== | 50%
|
|======================================================================| 100%
[2025-10-24 22:57:42] [TRACE] [OmnipathR] Reading JSON from `/home/biocbuild/.cache/OmnipathR/cache.json` (encoding: UTF-8).
[2025-10-24 22:57:42] [TRACE] [OmnipathR] JSON validation successful: TRUE
[2025-10-24 22:57:42] [INFO] [OmnipathR] Initialized cache: `/home/biocbuild/.cache/OmnipathR`.
[2025-10-24 22:57:42] [INFO] [OmnipathR] Package `OmnipathR` packaged: NA
[2025-10-24 22:57:42] [INFO] [OmnipathR] Package `OmnipathR` date/publication: 2025-10-24
[2025-10-24 22:57:42] [INFO] [OmnipathR] Package `OmnipathR` built: R 4.5.1; ; 2025-10-24 19:19:25 UTC; unix
[2025-10-24 22:57:42] [INFO] [OmnipathR] Package `OmnipathR` version: 3.17.7
[2025-10-24 22:57:42] [INFO] [OmnipathR] Package `OmnipathR` repository: Bioconductor 3.22
[2025-10-24 22:57:42] [INFO] [OmnipathR] Session info: [version=R version 4.5.1 Patched (2025-08-23 r88802); os=Ubuntu 24.04.3 LTS; system=x86_64, linux-gnu; ui=X11; language=C; collate=C; ctype=en_US.UTF-8; tz=America/New_York; date=2025-10-24; pandoc=2.7.3 @ /usr/bin/ (via rmarkdown); quarto=1.7.32 @ /usr/local/bin/quarto]
[2025-10-24 22:57:42] [INFO] [OmnipathR] External libraries: [cairo=1.18.0; cairoFT=; pango=1.52.1; png=1.6.43; jpeg=8.0; tiff=LIBTIFF, Version 4.5.1; tcl=8.6.14; curl=8.5.0; zlib=1.3; bzlib=1.0.8, 13-Jul-2019; xz=5.4.5; deflate=1.19; PCRE=10.42 2022-12-11; ICU=74.2; TRE=TRE 0.8.0 R_fixes (BSD); iconv=glibc 2.39; readline=8.2; BLAS=/home/biocbuild/bbs-3.22-bioc/R/lib/libRblas.so; lapack=/usr/lib/x86_64-linux-gnu/lapack/liblapack.so.3.12.0; lapack_version=3.12.0]
[2025-10-24 22:57:42] [INFO] [OmnipathR] Loaded packages: abind 1.4-8(2024-09-12); annotate 1.87.0(2025-10-24); AnnotationDbi 1.71.2(2025-10-24); AUCell 1.31.0(2025-10-24); backports 1.5.0(2024-05-23); beachmat 2.25.5(2025-10-24); Biobase 2.69.1(2025-10-24); BiocGenerics 0.55.4(2025-10-24); BiocParallel 1.43.4(2025-10-24); BiocSingular 1.25.1(2025-10-24); Biostrings 2.77.2(2025-10-24); bit 4.6.0(2025-03-06); bit64 4.6.0-1(2025-01-16); blob 1.2.4(2023-03-17); brio 1.1.5(2024-04-24); broom 1.0.10(2025-09-13); cachem 1.1.0(2024-05-16); cellranger 1.1.0(2016-07-27); checkmate 2.3.3(2025-08-18); class 7.3-23(2025-01-01); cli 3.6.5(2025-04-23); codetools 0.2-20(2024-03-31); cowplot 1.2.0(2025-07-07); crayon 1.5.3(2024-06-20); curl 7.0.0(2025-08-19); data.table 1.17.8(2025-07-10); DBI 1.2.3(2024-06-02); decoupleR 2.15.0(2025-10-24); DelayedArray 0.35.3(2025-10-24); DelayedMatrixStats 1.31.0(2025-10-24); desc 1.4.3(2023-12-10); digest 0.6.37(2024-08-19); dplyr 1.1.4(2023-11-17); e1071 1.7-16(2024-09-16); evaluate 1.0.5(2025-08-27); farver 2.1.2(2024-05-13); fastmap 1.2.0(2024-05-15); fastmatch 1.1-6(2024-12-23); fgsea 1.35.8(2025-10-24); fs 1.6.6(2025-04-12); generics 0.1.4(2025-05-09); GenomicRanges 1.61.6(2025-10-24); ggplot2 4.0.0(2025-09-11); glue 1.8.0(2024-09-30); graph 1.87.0(2025-10-24); GSEABase 1.71.1(2025-10-24); GSVA 2.3.4(2025-10-24); gtable 0.3.6(2024-10-25); h5mread 1.1.1(2025-10-24); HDF5Array 1.37.0(2025-10-24); hms 1.1.4(2025-10-17); htmltools 0.5.8.1(2024-04-04); htmlwidgets 1.6.4(2023-12-06); httr 1.4.7(2023-08-15); httr2 1.2.1(2025-07-22); igraph 2.2.0(2025-10-13); IRanges 2.43.6(2025-10-24); irlba 2.3.5.1(2022-10-03); jsonlite 2.0.0(2025-03-27); KEGGREST 1.49.2(2025-10-24); kernlab 0.9-33(2024-08-13); KernSmooth 2.23-26(2025-01-01); knitr 1.50(2025-03-16); later 1.4.4(2025-08-27); lattice 0.22-7(2025-04-02); lazyeval 0.2.2(2019-03-15); lifecycle 1.0.4(2023-11-07); logger 0.4.1(2025-09-11); lubridate 1.9.4(2024-12-08); magick 2.9.0(2025-09-08); magrittr 2.0.4(2025-09-12); MASS 7.3-65(2025-02-28); Matrix 1.7-4(2025-08-28); MatrixGenerics 1.21.0(2025-10-24); matrixStats 1.5.0(2025-01-07); memoise 2.0.1(2021-11-26); mixtools 2.0.0.1(2025-03-08); nlme 3.1-168(2025-03-31); OmnipathR 3.17.7(2025-10-24); parallelly 1.45.1(2025-07-24); pillar 1.11.1(2025-09-17); pkgconfig 2.0.3(2019-09-22); plotly 4.11.0(2025-06-19); png 0.1-8(2022-11-29); prettyunits 1.2.0(2023-09-24); progress 1.2.3(2023-12-06); proxy 0.4-27(2022-06-09); purrr 1.1.0(2025-07-10); R.methodsS3 1.8.2(2022-06-13); R.oo 1.27.1(2025-05-02); R.utils 2.13.0(2025-02-24); R6 2.6.1(2025-02-15); ranger 0.17.0(2024-11-08); rappdirs 0.3.3(2021-01-31); RColorBrewer 1.1-3(2022-04-03); Rcpp 1.1.0(2025-07-02); readr 2.1.5(2024-01-10); readxl 1.4.5(2025-03-07); rhdf5 2.53.6(2025-10-24); rhdf5filters 1.21.4(2025-10-24); Rhdf5lib 1.31.1(2025-10-24); rjson 0.2.23(2024-09-16); rlang 1.1.6(2025-04-11); rmarkdown 2.30(2025-09-28); rpart 4.1.24(2025-01-07); RSQLite 2.4.3(2025-08-20); rsvd 1.0.5(2021-04-16); rvest 1.0.5(2025-08-29); S4Arrays 1.9.1(2025-10-24); S4Vectors 0.47.5(2025-10-24); S7 0.2.0(2024-11-07); ScaledMatrix 1.17.0(2025-10-24); scales 1.4.0(2025-04-24); segmented 2.1-4(2025-02-28); Seqinfo 0.99.3(2025-10-24); sessioninfo 1.2.3(2025-02-05); SingleCellExperiment 1.31.1(2025-10-24); SparseArray 1.9.1(2025-10-24); sparseMatrixStats 1.21.0(2025-10-24); SpatialExperiment 1.19.1(2025-10-24); stringi 1.8.7(2025-03-27); stringr 1.5.2(2025-09-08); SummarizedExperiment 1.39.2(2025-10-24); survival 3.8-3(2024-12-17); testthat 3.2.3(2025-01-13); tibble 3.3.0(2025-06-08); tidyr 1.3.1(2024-01-24); tidyselect 1.2.1(2024-03-11); timechange 0.3.0(2024-01-18); tzdb 0.5.0(2025-03-15); vctrs 0.6.5(2023-12-01); viper 1.43.0(2025-10-24); viridisLite 0.4.2(2023-05-02); waldo 0.6.2(2025-07-11); withr 3.0.2(2024-10-28); xfun 0.53(2025-08-19); XML 3.99-0.19(2025-08-22); xml2 1.4.0(2025-08-20); xtable 1.8-4(2019-04-21); XVector 0.49.1(2025-10-24); yaml 2.3.10(2024-07-26); zip 2.3.3(2025-05-13)
[2025-10-24 22:57:42] [INFO] [OmnipathR] CURL: version: 8.5.0; headers: 8.5.0; ssl_version: GnuTLS/3.8.3; libz_version: 1.3; libssh_version: libssh/0.10.6/openssl/zlib; libidn_version: 2.3.7; host: x86_64-pc-linux-gnu; protocols: dict, file, ftp, ftps, gopher, gophers, http, https, imap, imaps, ldap, ldaps, mqtt, pop3, pop3s, rtmp, rtmpe, rtmps, rtmpt, rtmpte, rtmpts, rtsp, scp, sftp, smb, smbs, smtp, smtps, telnet, tftp; ipv6: TRUE; http2: TRUE; idn: TRUE; url_parser: TRUE
[2025-10-24 22:57:42] [TRACE] [OmnipathR] Running on a build server, wiping cache.
[2025-10-24 22:57:42] [TRACE] [OmnipathR] Cache is at `/home/biocbuild/.cache/OmnipathR`.
[2025-10-24 22:57:42] [TRACE] [OmnipathR] Contains 9 files.
[2025-10-24 22:57:42] [TRACE] [OmnipathR] Cache is locked: FALSE.
[2025-10-24 22:57:42] [TRACE] [OmnipathR] Reading JSON from `/home/biocbuild/.cache/OmnipathR/cache.json` (encoding: UTF-8).
[2025-10-24 22:57:42] [TRACE] [OmnipathR] JSON validation successful: TRUE
[2025-10-24 22:57:42] [SUCCESS] [OmnipathR] Removing all cache contents from `/home/biocbuild/.cache/OmnipathR`.
[2025-10-24 22:57:42] [TRACE] [OmnipathR] Pandoc version: `2.7.3`.
[2025-10-24 22:57:42] [TRACE] [OmnipathR] Reading JSON from `/home/biocbuild/bbs-3.22-bioc/R/site-library/OmnipathR/db/db_def.json` (encoding: UTF-8).
[2025-10-24 22:57:42] [TRACE] [OmnipathR] JSON validation successful: TRUE
[2025-10-24 22:57:42] [TRACE] [OmnipathR] Reading JSON from `/home/biocbuild/bbs-3.22-bioc/R/site-library/OmnipathR/internal/magic_bytes.json` (encoding: UTF-8).
[2025-10-24 22:57:42] [TRACE] [OmnipathR] JSON validation successful: TRUE
[2025-10-24 22:57:42] [TRACE] [OmnipathR] Reading JSON from `/home/biocbuild/bbs-3.22-bioc/R/site-library/OmnipathR/internal/urls.json` (encoding: UTF-8).
[2025-10-24 22:57:42] [TRACE] [OmnipathR] JSON validation successful: TRUE
[2025-10-24 22:57:42] [TRACE] [OmnipathR] Reading JSON from `/home/biocbuild/bbs-3.22-bioc/R/site-library/OmnipathR/internal/id_types.json` (encoding: UTF-8).
[2025-10-24 22:57:42] [TRACE] [OmnipathR] JSON validation successful: TRUE
[2025-10-24 22:57:42] [TRACE] [OmnipathR] Cache locked: FALSE
[2025-10-24 22:57:42] [TRACE] [OmnipathR] Reading JSON from `https://omnipathdb.org/resources` (encoding: UTF-8).
[2025-10-24 22:57:43] [TRACE] [OmnipathR] JSON validation successful: TRUE
[2025-10-24 22:57:43] [TRACE] [OmnipathR] Reading JSON from `https://omnipathdb.org/resources` (encoding: UTF-8).
[2025-10-24 22:57:44] [TRACE] [OmnipathR] JSON validation successful: TRUE
[2025-10-24 22:57:45] [INFO] [OmnipathR] Loading database `Ensembl and OMA organism names`.
[2025-10-24 22:57:45] [TRACE] [OmnipathR] Reading JSON from `/home/biocbuild/.cache/OmnipathR/cache.json` (encoding: UTF-8).
[2025-10-24 22:57:45] [TRACE] [OmnipathR] JSON validation successful: TRUE
[2025-10-24 22:57:45] [INFO] [OmnipathR] Looking up in cache `https://www.ensembl.org/info/about/species.html`: key=7332486db7400730697234bad76ca0c8e4d00799, no version available.
[2025-10-24 22:57:45] [TRACE] [OmnipathR] Reading JSON from `/home/biocbuild/.cache/OmnipathR/cache.json` (encoding: UTF-8).
[2025-10-24 22:57:45] [TRACE] [OmnipathR] JSON validation successful: TRUE
[2025-10-24 22:57:45] [INFO] [OmnipathR] Created new version for cache record 7332486db7400730697234bad76ca0c8e4d00799: version 1.
[2025-10-24 22:57:45] [TRACE] [OmnipathR] Cache file path: /home/biocbuild/.cache/OmnipathR/7332486db7400730697234bad76ca0c8e4d00799-1.html
[2025-10-24 22:57:45] [INFO] [OmnipathR] Retrieving URL: `https://www.ensembl.org/info/about/species.html`
[2025-10-24 22:57:45] [TRACE] [OmnipathR] Downloading by `httr2` in `download_base`.
[2025-10-24 22:57:45] [TRACE] [OmnipathR] Attempt 1/3: `https://www.ensembl.org/info/about/species.html`
[2025-10-24 22:57:45] [TRACE] [OmnipathR] Preparing httr2 request to URL `https://www.ensembl.org/info/about/species.html`.
[2025-10-24 22:57:45] [TRACE] [OmnipathR] HTTP headers: [User-Agent=Mozilla/5.0 (X11; Linux x86_64; rv:134.0) Gecko/20100101 Firefox/134.0]
[2025-10-24 22:57:45] [TRACE] [OmnipathR] The following curl options are not available: tcp_keepcnt
[2025-10-24 22:57:45] [TRACE] [OmnipathR] Curl options: [connecttimeout=10,timeout=300,debugfunction=<function>,verbose=FALSE,tcp_keepalive=TRUE,tcp_keepintvl=10,tcp_keepidle=10,upkeep_interval_ms=30000,ssl_verifypeer=1,ssl_verifyhost=2]
[2025-10-24 22:57:45] [TRACE] [OmnipathR] HTTP headers: [User-Agent=Mozilla/5.0 (X11; Linux x86_64; rv:134.0) Gecko/20100101 Firefox/134.0]
[2025-10-24 22:57:45] [TRACE] [OmnipathR] Sending HTTP request.
[2025-10-24 22:57:46] [TRACE] [OmnipathR] HTTP 200 (OK)
[2025-10-24 22:57:46] [TRACE] [OmnipathR] HTTP v2 GET: status 200.
[2025-10-24 22:57:46] [TRACE] [OmnipathR] Downloaded 31.2 Kb in 1.001058s from www.ensembl.org (31.2 Kb/s); Redirect: 0.8342s, DNS look up: 0.01502s, Connection: 0.016506s, Pretransfer: 0.716088s, First byte at: 0.973982s
[2025-10-24 22:57:46] [TRACE] [OmnipathR] HTTP headers: HTTP/1.1 302 Found; Date: Sat, 25 Oct 2025 02:57:45 GMT; Content-Type: text/html; charset=iso-8859-1; Content-Length: 288; Connection: keep-alive; Server: Apache; Set-cookie: redirect_mirror=; path=/; expires=Mon, 01-Jan-2001 00:00:01 GMT; Location: //useast.ensembl.org/info/about/species.html?redirectsrc=//www.ensembl.org%2Finfo%2Fabout%2Fspecies.html; X-NGINX-MACHINE: wp-p1m2-33.ebi.ac.uk; HTTP/2 302 ; date: Sat, 25 Oct 2025 02:57:45 GMT; content-type: text/html; charset=iso-8859-1; content-length: 208; server: Apache; set-cookie: redirected_from_url=%2F%2Fwww.ensembl.org%252Finfo%252Fabout%252Fspecies.html; path=/; expires=Thu, 31-Dec-2037 23:59:59 GMT; location: /info/about/species.html; x-nginx-machine: ip-10-25-25-68.us-east-2.compute.internal; HTTP/2 200 ; date: Sat, 25 Oct 2025 02:57:46 GMT; content-type: text/html; charset=utf-8; content-length: 31956; server: Apache; set-cookie: redirect_mirror=; path=/; expires=Mon, 01-Jan-2001 00:00:01 GMT; set-cookie: redirect_mirror=no; path=/; expires=Sun, 26 Oct 2025 02:54:12 GMT; set-cookie: ENSEMBL_WWW_SESSION=9b375e15584512110c1cd815694b55d4033d4542e206a01bcb553d95; path=/; expires=Thu, 31-Dec-2037 23:59:59 GMT; HttpOnly; set-cookie: redirect_mirror=; path=/; expires=Mon, 01-Jan-2001 00:00:01 GMT; set-cookie: redirect_mirror=no; path=/; expires=Sun, 26 Oct 2025 02:54:12 GMT; set-cookie: ENSEMBL_WWW_SESSION=9b375e15584512110c1cd815694b55d4033d4542e206a01bcb553d95; path=/; expires=Thu, 31-Dec-2037 23:59:59 GMT; HttpOnly; vary: Accept-Encoding; content-encoding: gzip; x-frame-options: SAMEORIGIN; content-security-policy: frame-ancestors 'self'; x-nginx-machine: ip-10-25-25-94.us-east-2.compute.internal
[2025-10-24 22:57:46] [TRACE] [OmnipathR] Response headers: [date=Sat, 25 Oct 2025 02:57:46 GMT,content-type=text/html; charset=utf-8,content-length=31956,server=Apache,set-cookie=redirect_mirror=; path=/; expires=Mon, 01-Jan-2001 00:00:01 GMT,set-cookie=redirect_mirror=no; path=/; expires=Sun, 26 Oct 2025 02:54:12 GMT,set-cookie=ENSEMBL_WWW_SESSION=9b375e15584512110c1cd815694b55d4033d4542e206a01bcb553d95; path=/; expires=Thu, 31-Dec-2037 23:59:59 GMT; HttpOnly,set-cookie=redirect_mirror=; path=/; expires=Mon, 01-Jan-2001 00:00:01 GMT,set-cookie=redirect_mirror=no; path=/; expires=Sun, 26 Oct 2025 02:54:12 GMT,set-cookie=ENSEMBL_WWW_SESSION=9b375e15584512110c1cd815694b55d4033d4542e206a01bcb553d95; path=/; expires=Thu, 31-Dec-2037 23:59:59 GMT; HttpOnly,vary=Accept-Encoding,content-encoding=gzip,x-frame-options=SAMEORIGIN,content-security-policy=frame-ancestors 'self',x-nginx-machine=ip-10-25-25-94.us-east-2.compute.internal]
[2025-10-24 22:57:47] [INFO] [OmnipathR] Download ready [key=7332486db7400730697234bad76ca0c8e4d00799, version=1]
[2025-10-24 22:57:47] [TRACE] [OmnipathR] Reading JSON from `/home/biocbuild/.cache/OmnipathR/cache.json` (encoding: UTF-8).
[2025-10-24 22:57:47] [TRACE] [OmnipathR] JSON validation successful: TRUE
[2025-10-24 22:57:47] [INFO] [OmnipathR] Cache item `7332486db7400730697234bad76ca0c8e4d00799` version 1: status changed from `unknown` to `ready`.
[2025-10-24 22:57:47] [TRACE] [OmnipathR] Downloading by `generic_downloader`.
[2025-10-24 22:57:47] [TRACE] [OmnipathR] Looking up in cache: `https://omabrowser.org/All/oma-species.txt`.
[2025-10-24 22:57:47] [INFO] [OmnipathR] Cache record does not exist: `https://omabrowser.org/All/oma-species.txt`
[2025-10-24 22:57:47] [TRACE] [OmnipathR] Could not find in cache, initiating download: `https://omabrowser.org/All/oma-species.txt`.
[2025-10-24 22:57:47] [TRACE] [OmnipathR] Reading JSON from `/home/biocbuild/.cache/OmnipathR/cache.json` (encoding: UTF-8).
[2025-10-24 22:57:47] [TRACE] [OmnipathR] JSON validation successful: TRUE
[2025-10-24 22:57:47] [TRACE] [OmnipathR] Reading JSON from `/home/biocbuild/.cache/OmnipathR/cache.json` (encoding: UTF-8).
[2025-10-24 22:57:47] [TRACE] [OmnipathR] JSON validation successful: TRUE
[2025-10-24 22:57:48] [INFO] [OmnipathR] Cache item `30e690cbb55dfc63b5903ab337f34ffc2f4be397` version 1: status changed from `unknown` to `started`.
[2025-10-24 22:57:48] [TRACE] [OmnipathR] Exporting object to RDS: `/home/biocbuild/.cache/OmnipathR/30e690cbb55dfc63b5903ab337f34ffc2f4be397-1.rds`.
[2025-10-24 22:57:48] [INFO] [OmnipathR] Retrieving URL: `https://omabrowser.org/All/oma-species.txt`
[2025-10-24 22:57:48] [TRACE] [OmnipathR] Attempt 1/3: `https://omabrowser.org/All/oma-species.txt`
[2025-10-24 22:57:48] [TRACE] [OmnipathR] HTTP request by `omnipath_curl`.
[2025-10-24 22:57:48] [TRACE] [OmnipathR] The following curl options are not available: tcp_keepcnt
[2025-10-24 22:57:48] [TRACE] [OmnipathR] Curl options: [connecttimeout=10,timeout=300,debugfunction=<function>,verbose=FALSE,tcp_keepalive=TRUE,tcp_keepintvl=10,tcp_keepidle=10,upkeep_interval_ms=30000,ssl_verifypeer=1,ssl_verifyhost=2]
[2025-10-24 22:57:48] [TRACE] [OmnipathR] HTTP v2 GET: status 200.
[2025-10-24 22:57:48] [TRACE] [OmnipathR] Downloaded 10 Kb in 0.54049s from omabrowser.org (18.4 Kb/s); Redirect: 0s, DNS look up: 0.008543s, Connection: 0.009434s, Pretransfer: 0.382532s, First byte at: 0.539954s
[2025-10-24 22:57:48] [TRACE] [OmnipathR] HTTP headers: HTTP/2 200 ; date: Sat, 25 Oct 2025 02:57:48 GMT; server: nginx; strict-transport-security: max-age=31536000; includeSubDomains; content-type: text/plain; charset=UTF-8; last-modified: Wed, 20 Nov 2024 10:20:02 GMT; etag: W/"673db7d2-6517f"; access-control-allow-origin: *; content-encoding: gzip
[2025-10-24 22:57:50] [TRACE] [OmnipathR] Exported RDS to `/home/biocbuild/.cache/OmnipathR/30e690cbb55dfc63b5903ab337f34ffc2f4be397-1.rds`.
[2025-10-24 22:57:50] [INFO] [OmnipathR] Download ready [key=30e690cbb55dfc63b5903ab337f34ffc2f4be397, version=1]
[2025-10-24 22:57:50] [TRACE] [OmnipathR] Reading JSON from `/home/biocbuild/.cache/OmnipathR/cache.json` (encoding: UTF-8).
[2025-10-24 22:57:50] [TRACE] [OmnipathR] JSON validation successful: TRUE
[2025-10-24 22:57:50] [INFO] [OmnipathR] Cache item `30e690cbb55dfc63b5903ab337f34ffc2f4be397` version 1: status changed from `started` to `ready`.
[2025-10-24 22:57:50] [TRACE] [OmnipathR] Downloading by `generic_downloader`.
[2025-10-24 22:57:50] [TRACE] [OmnipathR] Looking up in cache: `https://ftp.expasy.org/databases/uniprot/current_release/knowledgebase/complete/docs/speclist.txt`.
[2025-10-24 22:57:50] [INFO] [OmnipathR] Cache record does not exist: `https://ftp.expasy.org/databases/uniprot/current_release/knowledgebase/complete/docs/speclist.txt`
[2025-10-24 22:57:50] [TRACE] [OmnipathR] Could not find in cache, initiating download: `https://ftp.expasy.org/databases/uniprot/current_release/knowledgebase/complete/docs/speclist.txt`.
[2025-10-24 22:57:50] [TRACE] [OmnipathR] Reading JSON from `/home/biocbuild/.cache/OmnipathR/cache.json` (encoding: UTF-8).
[2025-10-24 22:57:50] [TRACE] [OmnipathR] JSON validation successful: TRUE
[2025-10-24 22:57:50] [TRACE] [OmnipathR] Reading JSON from `/home/biocbuild/.cache/OmnipathR/cache.json` (encoding: UTF-8).
[2025-10-24 22:57:50] [TRACE] [OmnipathR] JSON validation successful: TRUE
[2025-10-24 22:57:50] [INFO] [OmnipathR] Cache item `56ad6544dc07a2222fa6013d8d83e6e5a35fdf33` version 1: status changed from `unknown` to `started`.
[2025-10-24 22:57:50] [TRACE] [OmnipathR] Exporting object to RDS: `/home/biocbuild/.cache/OmnipathR/56ad6544dc07a2222fa6013d8d83e6e5a35fdf33-1.rds`.
[2025-10-24 22:57:50] [INFO] [OmnipathR] Retrieving URL: `https://ftp.expasy.org/databases/uniprot/current_release/knowledgebase/complete/docs/speclist.txt`
[2025-10-24 22:57:50] [TRACE] [OmnipathR] Attempt 1/3: `https://ftp.expasy.org/databases/uniprot/current_release/knowledgebase/complete/docs/speclist.txt`
[2025-10-24 22:58:18] [TRACE] [OmnipathR] Exported RDS to `/home/biocbuild/.cache/OmnipathR/56ad6544dc07a2222fa6013d8d83e6e5a35fdf33-1.rds`.
[2025-10-24 22:58:18] [INFO] [OmnipathR] Download ready [key=56ad6544dc07a2222fa6013d8d83e6e5a35fdf33, version=1]
[2025-10-24 22:58:18] [TRACE] [OmnipathR] Reading JSON from `/home/biocbuild/.cache/OmnipathR/cache.json` (encoding: UTF-8).
[2025-10-24 22:58:18] [TRACE] [OmnipathR] JSON validation successful: TRUE
[2025-10-24 22:58:18] [INFO] [OmnipathR] Cache item `56ad6544dc07a2222fa6013d8d83e6e5a35fdf33` version 1: status changed from `started` to `ready`.
[2025-10-24 22:58:18] [INFO] [OmnipathR] Loaded database `Ensembl and OMA organism names`.
[2025-10-24 22:58:18] [TRACE] [OmnipathR] Processing args for OmniPath query
[2025-10-24 22:58:18] [TRACE] [OmnipathR] Arguments for OmniPath query: [wide=TRUE,resources=TFcensus,query_type=annotations]
[2025-10-24 22:58:18] [TRACE] [OmnipathR] Organism(s): 9606
[2025-10-24 22:58:18] [TRACE] [OmnipathR] Orthology targets:
[2025-10-24 22:58:18] [TRACE] [OmnipathR] Reading JSON from `https://omnipathdb.org/resources` (encoding: UTF-8).
[2025-10-24 22:58:19] [TRACE] [OmnipathR] JSON validation successful: TRUE
[2025-10-24 22:58:19] [TRACE] [OmnipathR] Looking up in cache: `https://omnipathdb.org/annotations?resources=TFcensus&license=academic`
[2025-10-24 22:58:19] [INFO] [OmnipathR] Cache record does not exist: `https://omnipathdb.org/annotations?resources=TFcensus&license=academic`
[2025-10-24 22:58:19] [TRACE] [OmnipathR] Looking up in cache: `http://no-tls.omnipathdb.org/annotations?resources=TFcensus&license=academic`
[2025-10-24 22:58:19] [INFO] [OmnipathR] Cache record does not exist: `http://no-tls.omnipathdb.org/annotations?resources=TFcensus&license=academic`
[2025-10-24 22:58:19] [TRACE] [OmnipathR] Attempting `https://omnipathdb.org/annotations?resources=TFcensus&license=academic`
[2025-10-24 22:58:19] [INFO] [OmnipathR] Retrieving URL: `https://omnipathdb.org/annotations?resources=TFcensus&license=academic`
[2025-10-24 22:58:19] [TRACE] [OmnipathR] Attempt 1/3: `https://omnipathdb.org/annotations?resources=TFcensus&license=academic`
[2025-10-24 22:58:19] [TRACE] [OmnipathR] HTTP request by `omnipath_curl`.
[2025-10-24 22:58:19] [TRACE] [OmnipathR] The following curl options are not available: tcp_keepcnt
[2025-10-24 22:58:19] [TRACE] [OmnipathR] Curl options: [connecttimeout=10,timeout=300,debugfunction=<function>,verbose=FALSE,tcp_keepalive=TRUE,tcp_keepintvl=10,tcp_keepidle=10,upkeep_interval_ms=30000,ssl_verifypeer=1,ssl_verifyhost=2]
[2025-10-24 22:58:20] [TRACE] [OmnipathR] HTTP v1 GET: status 200.
[2025-10-24 22:58:20] [TRACE] [OmnipathR] Downloaded 15.7 Kb in 0.361585s from omnipathdb.org (43.3 Kb/s); Redirect: 0s, DNS look up: 0.002065s, Connection: 0.002907s, Pretransfer: 0.209829s, First byte at: 0.360614s
[2025-10-24 22:58:20] [TRACE] [OmnipathR] HTTP headers: HTTP/1.1 200 OK; Server: nginx; Date: Sat, 25 Oct 2025 02:58:20 GMT; Content-Type: text/plain; charset=utf-8; Transfer-Encoding: chunked; Connection: keep-alive; Cache-Control: max-age=3600; Access-Control-Allow-Origin: *; Expires: Sat, 25 Oct 2025 03:58:20 GMT; Cache-Control: public; X-Frame-Options: DENY; Content-Encoding: gzip
[2025-10-24 22:58:21] [INFO] [OmnipathR] Successfully retrieved: `https://omnipathdb.org/annotations?resources=TFcensus&license=academic`
[2025-10-24 22:58:21] [TRACE] [OmnipathR] Reading JSON from `/home/biocbuild/.cache/OmnipathR/cache.json` (encoding: UTF-8).
[2025-10-24 22:58:21] [TRACE] [OmnipathR] JSON validation successful: TRUE
[2025-10-24 22:58:21] [TRACE] [OmnipathR] Reading JSON from `/home/biocbuild/.cache/OmnipathR/cache.json` (encoding: UTF-8).
[2025-10-24 22:58:21] [TRACE] [OmnipathR] JSON validation successful: TRUE
[2025-10-24 22:58:21] [INFO] [OmnipathR] Cache item `6f000d9b5edd9832b1c28754d1c3d9449c1c7490` version 1: status changed from `unknown` to `started`.
[2025-10-24 22:58:21] [TRACE] [OmnipathR] Exporting object to RDS: `/home/biocbuild/.cache/OmnipathR/6f000d9b5edd9832b1c28754d1c3d9449c1c7490-1.rds`.
[2025-10-24 22:58:21] [TRACE] [OmnipathR] Exported RDS to `/home/biocbuild/.cache/OmnipathR/6f000d9b5edd9832b1c28754d1c3d9449c1c7490-1.rds`.
[2025-10-24 22:58:21] [INFO] [OmnipathR] Download ready [key=6f000d9b5edd9832b1c28754d1c3d9449c1c7490, version=1]
[2025-10-24 22:58:21] [TRACE] [OmnipathR] Reading JSON from `/home/biocbuild/.cache/OmnipathR/cache.json` (encoding: UTF-8).
[2025-10-24 22:58:21] [TRACE] [OmnipathR] JSON validation successful: TRUE
[2025-10-24 22:58:21] [INFO] [OmnipathR] Cache item `6f000d9b5edd9832b1c28754d1c3d9449c1c7490` version 1: status changed from `started` to `ready`.
[2025-10-24 22:58:21] [SUCCESS] [OmnipathR] Downloaded 3497 annotation records.
[2025-10-24 22:58:21] [TRACE] [OmnipathR] Reading JSON from `https://omnipathdb.org/resources` (encoding: UTF-8).
[2025-10-24 22:58:22] [TRACE] [OmnipathR] JSON validation successful: TRUE
[2025-10-24 22:58:22] [TRACE] [OmnipathR] Processing args for OmniPath query
[2025-10-24 22:58:22] [TRACE] [OmnipathR] Arguments for OmniPath query: [wide=TRUE,resources=PROGENy,query_type=annotations]
[2025-10-24 22:58:22] [TRACE] [OmnipathR] Organism(s): 9606
[2025-10-24 22:58:22] [TRACE] [OmnipathR] Orthology targets:
[2025-10-24 22:58:22] [TRACE] [OmnipathR] Reading JSON from `https://omnipathdb.org/resources` (encoding: UTF-8).
[2025-10-24 22:58:23] [TRACE] [OmnipathR] JSON validation successful: TRUE
[2025-10-24 22:58:23] [TRACE] [OmnipathR] Looking up in cache: `https://omnipathdb.org/annotations?resources=PROGENy&license=academic`
[2025-10-24 22:58:23] [INFO] [OmnipathR] Cache record does not exist: `https://omnipathdb.org/annotations?resources=PROGENy&license=academic`
[2025-10-24 22:58:23] [TRACE] [OmnipathR] Looking up in cache: `http://no-tls.omnipathdb.org/annotations?resources=PROGENy&license=academic`
[2025-10-24 22:58:23] [INFO] [OmnipathR] Cache record does not exist: `http://no-tls.omnipathdb.org/annotations?resources=PROGENy&license=academic`
[2025-10-24 22:58:23] [TRACE] [OmnipathR] Attempting `https://omnipathdb.org/annotations?resources=PROGENy&license=academic`
[2025-10-24 22:58:23] [INFO] [OmnipathR] Retrieving URL: `https://omnipathdb.org/annotations?resources=PROGENy&license=academic`
[2025-10-24 22:58:23] [TRACE] [OmnipathR] Attempt 1/3: `https://omnipathdb.org/annotations?resources=PROGENy&license=academic`
[2025-10-24 22:58:23] [TRACE] [OmnipathR] HTTP request by `omnipath_curl`.
[2025-10-24 22:58:23] [TRACE] [OmnipathR] The following curl options are not available: tcp_keepcnt
[2025-10-24 22:58:23] [TRACE] [OmnipathR] Curl options: [connecttimeout=10,timeout=300,debugfunction=<function>,verbose=FALSE,tcp_keepalive=TRUE,tcp_keepintvl=10,tcp_keepidle=10,upkeep_interval_ms=30000,ssl_verifypeer=1,ssl_verifyhost=2]
[2025-10-24 22:58:23] [TRACE] [OmnipathR] HTTP v1 GET: status 200.
[2025-10-24 22:58:23] [TRACE] [OmnipathR] Downloaded 15.7 Kb in 0.345124s from omnipathdb.org (45.4 Kb/s); Redirect: 0s, DNS look up: 0.00192s, Connection: 0.002625s, Pretransfer: 0.202882s, First byte at: 0.344609s
[2025-10-24 22:58:23] [TRACE] [OmnipathR] HTTP headers: HTTP/1.1 200 OK; Server: nginx; Date: Sat, 25 Oct 2025 02:58:23 GMT; Content-Type: text/plain; charset=utf-8; Transfer-Encoding: chunked; Connection: keep-alive; Cache-Control: max-age=3600; Access-Control-Allow-Origin: *; Expires: Sat, 25 Oct 2025 03:58:23 GMT; Cache-Control: public; X-Frame-Options: DENY; Content-Encoding: gzip
[2025-10-24 22:58:32] [INFO] [OmnipathR] Successfully retrieved: `https://omnipathdb.org/annotations?resources=PROGENy&license=academic`
[2025-10-24 22:58:32] [TRACE] [OmnipathR] Reading JSON from `/home/biocbuild/.cache/OmnipathR/cache.json` (encoding: UTF-8).
[2025-10-24 22:58:32] [TRACE] [OmnipathR] JSON validation successful: TRUE
[2025-10-24 22:58:32] [TRACE] [OmnipathR] Reading JSON from `/home/biocbuild/.cache/OmnipathR/cache.json` (encoding: UTF-8).
[2025-10-24 22:58:32] [TRACE] [OmnipathR] JSON validation successful: TRUE
[2025-10-24 22:58:32] [INFO] [OmnipathR] Cache item `3492392585ba05414edfae46801492076437d7e7` version 1: status changed from `unknown` to `started`.
[2025-10-24 22:58:32] [TRACE] [OmnipathR] Exporting object to RDS: `/home/biocbuild/.cache/OmnipathR/3492392585ba05414edfae46801492076437d7e7-1.rds`.
[2025-10-24 22:58:35] [TRACE] [OmnipathR] Exported RDS to `/home/biocbuild/.cache/OmnipathR/3492392585ba05414edfae46801492076437d7e7-1.rds`.
[2025-10-24 22:58:35] [INFO] [OmnipathR] Download ready [key=3492392585ba05414edfae46801492076437d7e7, version=1]
[2025-10-24 22:58:35] [TRACE] [OmnipathR] Reading JSON from `/home/biocbuild/.cache/OmnipathR/cache.json` (encoding: UTF-8).
[2025-10-24 22:58:35] [TRACE] [OmnipathR] JSON validation successful: TRUE
[2025-10-24 22:58:35] [INFO] [OmnipathR] Cache item `3492392585ba05414edfae46801492076437d7e7` version 1: status changed from `started` to `ready`.
[2025-10-24 22:58:35] [SUCCESS] [OmnipathR] Downloaded 699831 annotation records.
[2025-10-24 22:58:36] [TRACE] [OmnipathR] Reading JSON from `https://omnipathdb.org/resources` (encoding: UTF-8).
[2025-10-24 22:58:37] [TRACE] [OmnipathR] JSON validation successful: TRUE
[2025-10-24 22:58:37] [TRACE] [OmnipathR] Processing args for OmniPath query
[2025-10-24 22:58:37] [TRACE] [OmnipathR] Arguments for OmniPath query: [wide=TRUE,resources=PROGENy,query_type=annotations]
[2025-10-24 22:58:37] [TRACE] [OmnipathR] Organism(s): 9606
[2025-10-24 22:58:37] [TRACE] [OmnipathR] Orthology targets:
[2025-10-24 22:58:37] [TRACE] [OmnipathR] Reading JSON from `https://omnipathdb.org/resources` (encoding: UTF-8).
[2025-10-24 22:58:38] [TRACE] [OmnipathR] JSON validation successful: TRUE
[2025-10-24 22:58:38] [TRACE] [OmnipathR] Looking up in cache: `https://omnipathdb.org/annotations?resources=PROGENy&license=academic`
[2025-10-24 22:58:39] [TRACE] [OmnipathR] Loaded data from RDS `/home/biocbuild/.cache/OmnipathR/3492392585ba05414edfae46801492076437d7e7-1.rds`.
[2025-10-24 22:58:39] [INFO] [OmnipathR] Loaded from cache: `https://omnipathdb.org/annotations?resources=PROGENy&license=academic`
[2025-10-24 22:58:39] [SUCCESS] [OmnipathR] Loaded 699831 annotation records from cache.
[2025-10-24 22:58:42] [INFO] [OmnipathR] Loading database `Orthologous Matrix (OMA) gene pairs`.
[2025-10-24 22:58:42] [TRACE] [OmnipathR] Downloading by `generic_downloader`.
[2025-10-24 22:58:42] [TRACE] [OmnipathR] Looking up in cache: `https://omabrowser.org/All/oma-species.txt`.
[2025-10-24 22:58:42] [TRACE] [OmnipathR] Loaded data from RDS `/home/biocbuild/.cache/OmnipathR/30e690cbb55dfc63b5903ab337f34ffc2f4be397-1.rds`.
[2025-10-24 22:58:42] [TRACE] [OmnipathR] Downloading by `generic_downloader`.
[2025-10-24 22:58:42] [TRACE] [OmnipathR] Looking up in cache: `https://omabrowser.org/All/oma-species.txt`.
[2025-10-24 22:58:42] [TRACE] [OmnipathR] Loaded data from RDS `/home/biocbuild/.cache/OmnipathR/30e690cbb55dfc63b5903ab337f34ffc2f4be397-1.rds`.
[2025-10-24 22:58:42] [TRACE] [OmnipathR] Downloading by `generic_downloader`.
[2025-10-24 22:58:42] [TRACE] [OmnipathR] Looking up in cache: `https://omabrowser.org/api/pairs/HUMAN/MOUSE/?format=tsv&xrefs=UniProtKB%2FSwissProt&per_page=2000000`.
[2025-10-24 22:58:42] [INFO] [OmnipathR] Cache record does not exist: `https://omabrowser.org/api/pairs/HUMAN/MOUSE/?format=tsv&xrefs=UniProtKB%2FSwissProt&per_page=2000000`
[2025-10-24 22:58:42] [TRACE] [OmnipathR] Could not find in cache, initiating download: `https://omabrowser.org/api/pairs/HUMAN/MOUSE/?format=tsv&xrefs=UniProtKB%2FSwissProt&per_page=2000000`.
[2025-10-24 22:58:42] [TRACE] [OmnipathR] Reading JSON from `/home/biocbuild/.cache/OmnipathR/cache.json` (encoding: UTF-8).
[2025-10-24 22:58:42] [TRACE] [OmnipathR] JSON validation successful: TRUE
[2025-10-24 22:58:42] [TRACE] [OmnipathR] Reading JSON from `/home/biocbuild/.cache/OmnipathR/cache.json` (encoding: UTF-8).
[2025-10-24 22:58:42] [TRACE] [OmnipathR] JSON validation successful: TRUE
[2025-10-24 22:58:42] [INFO] [OmnipathR] Cache item `8f45b25c384d814c7de210e7ca40b7e35894e4f1` version 1: status changed from `unknown` to `started`.
[2025-10-24 22:58:42] [TRACE] [OmnipathR] Exporting object to RDS: `/home/biocbuild/.cache/OmnipathR/8f45b25c384d814c7de210e7ca40b7e35894e4f1-1.rds`.
[2025-10-24 22:58:42] [INFO] [OmnipathR] Retrieving URL: `https://omabrowser.org/api/pairs/HUMAN/MOUSE/?format=tsv&xrefs=UniProtKB%2FSwissProt&per_page=2000000`
[2025-10-24 22:58:42] [TRACE] [OmnipathR] Attempt 1/3: `https://omabrowser.org/api/pairs/HUMAN/MOUSE/?format=tsv&xrefs=UniProtKB%2FSwissProt&per_page=2000000`
[2025-10-24 22:58:42] [TRACE] [OmnipathR] HTTP request by `omnipath_curl`.
[2025-10-24 22:58:42] [TRACE] [OmnipathR] The following curl options are not available: tcp_keepcnt
[2025-10-24 22:58:42] [TRACE] [OmnipathR] Curl options: [connecttimeout=10,timeout=300,debugfunction=<function>,verbose=FALSE,tcp_keepalive=TRUE,tcp_keepintvl=10,tcp_keepidle=10,upkeep_interval_ms=30000,ssl_verifypeer=1,ssl_verifyhost=2]
[2025-10-24 22:59:14] [TRACE] [OmnipathR] HTTP v2 GET: status 200.
[2025-10-24 22:59:14] [TRACE] [OmnipathR] Downloaded 11.1 Kb in 31.681358s from omabrowser.org (358 bytes/s); Redirect: 0s, DNS look up: 0.004201s, Connection: 0.00487s, Pretransfer: 0.246087s, First byte at: 31.681183s
[2025-10-24 22:59:14] [TRACE] [OmnipathR] HTTP headers: HTTP/2 200 ; date: Sat, 25 Oct 2025 02:59:14 GMT; server: nginx; strict-transport-security: max-age=31536000; includeSubDomains; content-type: text/tsv; charset=utf-8; content-length: 1187278; x-total-count: 22374; vary: Accept,Origin,Cookie; allow: GET, HEAD, OPTIONS; content-disposition: attachment; filename=OMA-Pairs_HUMAN-MOUSE_2025-10-25_025912.tsv; x-frame-options: SAMEORIGIN; set-cookie: __matomo=8244793c6b91d491; expires=Mon, 25-Oct-2027 02:59:14 UTC; Path=/
[2025-10-24 22:59:17] [TRACE] [OmnipathR] Exported RDS to `/home/biocbuild/.cache/OmnipathR/8f45b25c384d814c7de210e7ca40b7e35894e4f1-1.rds`.
[2025-10-24 22:59:17] [INFO] [OmnipathR] Download ready [key=8f45b25c384d814c7de210e7ca40b7e35894e4f1, version=1]
[2025-10-24 22:59:17] [TRACE] [OmnipathR] Reading JSON from `/home/biocbuild/.cache/OmnipathR/cache.json` (encoding: UTF-8).
[2025-10-24 22:59:17] [TRACE] [OmnipathR] JSON validation successful: TRUE
[2025-10-24 22:59:17] [INFO] [OmnipathR] Cache item `8f45b25c384d814c7de210e7ca40b7e35894e4f1` version 1: status changed from `started` to `ready`.
[2025-10-24 22:59:17] [TRACE] [OmnipathR] ID translation table: from `uniprot_entry` to `uniprot`, using `uniprot`.
[2025-10-24 22:59:17] [TRACE] [OmnipathR] Creating ID mapping table from `id` to `accession`, for organism 9606 (only reviewed: TRUE)
[2025-10-24 22:59:17] [TRACE] [OmnipathR] Loading all UniProt records for organism 9606 (only reviewed: TRUE); fields: id,accession
[2025-10-24 22:59:17] [TRACE] [OmnipathR] Downloading by `generic_downloader`.
[2025-10-24 22:59:17] [TRACE] [OmnipathR] Looking up in cache: `https://rest.uniprot.org/uniprotkb/stream?format=tsv&fields=id,accession&query=organism_id:9606%20AND%20reviewed:true`.
[2025-10-24 22:59:17] [INFO] [OmnipathR] Cache record does not exist: `https://rest.uniprot.org/uniprotkb/stream?format=tsv&fields=id,accession&query=organism_id:9606%20AND%20reviewed:true`
[2025-10-24 22:59:17] [TRACE] [OmnipathR] Could not find in cache, initiating download: `https://rest.uniprot.org/uniprotkb/stream?format=tsv&fields=id,accession&query=organism_id:9606%20AND%20reviewed:true`.
[2025-10-24 22:59:17] [TRACE] [OmnipathR] Reading JSON from `/home/biocbuild/.cache/OmnipathR/cache.json` (encoding: UTF-8).
[2025-10-24 22:59:17] [TRACE] [OmnipathR] JSON validation successful: TRUE
[2025-10-24 22:59:17] [TRACE] [OmnipathR] Reading JSON from `/home/biocbuild/.cache/OmnipathR/cache.json` (encoding: UTF-8).
[2025-10-24 22:59:17] [TRACE] [OmnipathR] JSON validation successful: TRUE
[2025-10-24 22:59:17] [INFO] [OmnipathR] Cache item `6558a1824894a625b8e3f80538cd3aa6e8a44379` version 1: status changed from `unknown` to `started`.
[2025-10-24 22:59:17] [TRACE] [OmnipathR] Exporting object to RDS: `/home/biocbuild/.cache/OmnipathR/6558a1824894a625b8e3f80538cd3aa6e8a44379-1.rds`.
[2025-10-24 22:59:17] [INFO] [OmnipathR] Retrieving URL: `https://rest.uniprot.org/uniprotkb/stream?format=tsv&fields=id,accession&query=organism_id:9606%20AND%20reviewed:true`
[2025-10-24 22:59:17] [TRACE] [OmnipathR] Attempt 1/3: `https://rest.uniprot.org/uniprotkb/stream?format=tsv&fields=id,accession&query=organism_id:9606%20AND%20reviewed:true`
[2025-10-24 22:59:17] [TRACE] [OmnipathR] HTTP request by `omnipath_curl`.
[2025-10-24 22:59:17] [TRACE] [OmnipathR] The following curl options are not available: tcp_keepcnt
[2025-10-24 22:59:17] [TRACE] [OmnipathR] Curl options: [connecttimeout=10,timeout=300,debugfunction=<function>,verbose=FALSE,tcp_keepalive=TRUE,tcp_keepintvl=10,tcp_keepidle=10,upkeep_interval_ms=30000,ssl_verifypeer=1,ssl_verifyhost=2]
[2025-10-24 22:59:18] [TRACE] [OmnipathR] HTTP v2 GET: status 200.
[2025-10-24 22:59:18] [TRACE] [OmnipathR] Downloaded 31 bytes in 0.807809s from rest.uniprot.org (38 bytes/s); Redirect: 0s, DNS look up: 0.003213s, Connection: 0.003927s, Pretransfer: 0.47663s, First byte at: 0.807721s
[2025-10-24 22:59:18] [TRACE] [OmnipathR] HTTP headers: HTTP/2 200 ; vary: accept,accept-encoding,x-uniprot-release,x-api-deployment-date, User-Agent, Accept-Encoding; cache-control: public, max-age=43200; content-type: text/plain;format=tsv; content-encoding: gzip; access-control-allow-credentials: true; access-control-expose-headers: Link, X-Total-Results, X-UniProt-Release, X-UniProt-Release-Date, X-API-Deployment-Date; x-api-deployment-date: 15-October-2025; strict-transport-security: max-age=31536000; includeSubDomains; date: Sat, 25 Oct 2025 02:59:18 GMT; access-control-max-age: 1728000; x-uniprot-release: 2025_04; access-control-allow-origin: *; accept-ranges: bytes; access-control-allow-methods: GET, PUT, POST, DELETE, PATCH, OPTIONS; access-control-allow-headers: DNT,Keep-Alive,User-Agent,X-Requested-With,If-Modified-Since,Cache-Control,Content-Type,Range,Authorization; x-uniprot-release-date: 15-October-2025
[2025-10-24 22:59:29] [TRACE] [OmnipathR] Exported RDS to `/home/biocbuild/.cache/OmnipathR/6558a1824894a625b8e3f80538cd3aa6e8a44379-1.rds`.
[2025-10-24 22:59:29] [INFO] [OmnipathR] Download ready [key=6558a1824894a625b8e3f80538cd3aa6e8a44379, version=1]
[2025-10-24 22:59:29] [TRACE] [OmnipathR] Reading JSON from `/home/biocbuild/.cache/OmnipathR/cache.json` (encoding: UTF-8).
[2025-10-24 22:59:29] [TRACE] [OmnipathR] JSON validation successful: TRUE
[2025-10-24 22:59:29] [INFO] [OmnipathR] Cache item `6558a1824894a625b8e3f80538cd3aa6e8a44379` version 1: status changed from `started` to `ready`.
[2025-10-24 22:59:29] [SUCCESS] [OmnipathR] UniProt (rest.uniprot.org): downloaded 20420 records
[2025-10-24 22:59:29] [TRACE] [OmnipathR] Translating complexes: 0 complexes in data.
[2025-10-24 22:59:29] [TRACE] [OmnipathR] 0 complexes after removing the ones mapping to more than 1 items in target identifier space.
[2025-10-24 22:59:29] [TRACE] [OmnipathR] Translated 0 complexes to 0.
[2025-10-24 22:59:29] [TRACE] [OmnipathR] 13774 rows before translation, 13774 uniprot_entry IDs in column `id_organism_a`.
[2025-10-24 22:59:29] [TRACE] [OmnipathR] 13774 rows after translation; translated 13550 `uniprot_entry` IDs in column `id_organism_a` to 13550 `uniprot` IDs in column `id_organism_a`.
[2025-10-24 22:59:29] [TRACE] [OmnipathR] ID translation table: from `uniprot_entry` to `uniprot`, using `uniprot`.
[2025-10-24 22:59:29] [TRACE] [OmnipathR] Creating ID mapping table from `id` to `accession`, for organism 10090 (only reviewed: TRUE)
[2025-10-24 22:59:29] [TRACE] [OmnipathR] Loading all UniProt records for organism 10090 (only reviewed: TRUE); fields: id,accession
[2025-10-24 22:59:29] [TRACE] [OmnipathR] Downloading by `generic_downloader`.
[2025-10-24 22:59:29] [TRACE] [OmnipathR] Looking up in cache: `https://rest.uniprot.org/uniprotkb/stream?format=tsv&fields=id,accession&query=organism_id:10090%20AND%20reviewed:true`.
[2025-10-24 22:59:29] [INFO] [OmnipathR] Cache record does not exist: `https://rest.uniprot.org/uniprotkb/stream?format=tsv&fields=id,accession&query=organism_id:10090%20AND%20reviewed:true`
[2025-10-24 22:59:29] [TRACE] [OmnipathR] Could not find in cache, initiating download: `https://rest.uniprot.org/uniprotkb/stream?format=tsv&fields=id,accession&query=organism_id:10090%20AND%20reviewed:true`.
[2025-10-24 22:59:29] [TRACE] [OmnipathR] Reading JSON from `/home/biocbuild/.cache/OmnipathR/cache.json` (encoding: UTF-8).
[2025-10-24 22:59:29] [TRACE] [OmnipathR] JSON validation successful: TRUE
[2025-10-24 22:59:29] [TRACE] [OmnipathR] Reading JSON from `/home/biocbuild/.cache/OmnipathR/cache.json` (encoding: UTF-8).
[2025-10-24 22:59:29] [TRACE] [OmnipathR] JSON validation successful: TRUE
[2025-10-24 22:59:29] [INFO] [OmnipathR] Cache item `43ea5f2cdaa9ac7e0e114371af97235cdddd776f` version 1: status changed from `unknown` to `started`.
[2025-10-24 22:59:29] [TRACE] [OmnipathR] Exporting object to RDS: `/home/biocbuild/.cache/OmnipathR/43ea5f2cdaa9ac7e0e114371af97235cdddd776f-1.rds`.
[2025-10-24 22:59:29] [INFO] [OmnipathR] Retrieving URL: `https://rest.uniprot.org/uniprotkb/stream?format=tsv&fields=id,accession&query=organism_id:10090%20AND%20reviewed:true`
[2025-10-24 22:59:29] [TRACE] [OmnipathR] Attempt 1/3: `https://rest.uniprot.org/uniprotkb/stream?format=tsv&fields=id,accession&query=organism_id:10090%20AND%20reviewed:true`
[2025-10-24 22:59:29] [TRACE] [OmnipathR] HTTP request by `omnipath_curl`.
[2025-10-24 22:59:29] [TRACE] [OmnipathR] The following curl options are not available: tcp_keepcnt
[2025-10-24 22:59:29] [TRACE] [OmnipathR] Curl options: [connecttimeout=10,timeout=300,debugfunction=<function>,verbose=FALSE,tcp_keepalive=TRUE,tcp_keepintvl=10,tcp_keepidle=10,upkeep_interval_ms=30000,ssl_verifypeer=1,ssl_verifyhost=2]
[2025-10-24 22:59:30] [TRACE] [OmnipathR] HTTP v2 GET: status 200.
[2025-10-24 22:59:30] [TRACE] [OmnipathR] Downloaded 31 bytes in 0.73428s from rest.uniprot.org (42 bytes/s); Redirect: 0s, DNS look up: 0.002122s, Connection: 0.002962s, Pretransfer: 0.459342s, First byte at: 0.734162s
[2025-10-24 22:59:30] [TRACE] [OmnipathR] HTTP headers: HTTP/2 200 ; vary: accept,accept-encoding,x-uniprot-release,x-api-deployment-date, User-Agent, Accept-Encoding; cache-control: public, max-age=43200; content-type: text/plain;format=tsv; content-encoding: gzip; access-control-allow-credentials: true; access-control-expose-headers: Link, X-Total-Results, X-UniProt-Release, X-UniProt-Release-Date, X-API-Deployment-Date; x-api-deployment-date: 15-October-2025; strict-transport-security: max-age=31536000; includeSubDomains; date: Sat, 25 Oct 2025 02:59:30 GMT; access-control-max-age: 1728000; x-uniprot-release: 2025_04; access-control-allow-origin: *; accept-ranges: bytes; access-control-allow-methods: GET, PUT, POST, DELETE, PATCH, OPTIONS; access-control-allow-headers: DNT,Keep-Alive,User-Agent,X-Requested-With,If-Modified-Since,Cache-Control,Content-Type,Range,Authorization; x-uniprot-release-date: 15-October-2025
[2025-10-24 22:59:36] [TRACE] [OmnipathR] Exported RDS to `/home/biocbuild/.cache/OmnipathR/43ea5f2cdaa9ac7e0e114371af97235cdddd776f-1.rds`.
[2025-10-24 22:59:36] [INFO] [OmnipathR] Download ready [key=43ea5f2cdaa9ac7e0e114371af97235cdddd776f, version=1]
[2025-10-24 22:59:36] [TRACE] [OmnipathR] Reading JSON from `/home/biocbuild/.cache/OmnipathR/cache.json` (encoding: UTF-8).
[2025-10-24 22:59:36] [TRACE] [OmnipathR] JSON validation successful: TRUE
[2025-10-24 22:59:36] [INFO] [OmnipathR] Cache item `43ea5f2cdaa9ac7e0e114371af97235cdddd776f` version 1: status changed from `started` to `ready`.
[2025-10-24 22:59:36] [SUCCESS] [OmnipathR] UniProt (rest.uniprot.org): downloaded 17240 records
[2025-10-24 22:59:37] [TRACE] [OmnipathR] Translating complexes: 0 complexes in data.
[2025-10-24 22:59:37] [TRACE] [OmnipathR] 0 complexes after removing the ones mapping to more than 1 items in target identifier space.
[2025-10-24 22:59:37] [TRACE] [OmnipathR] Translated 0 complexes to 0.
[2025-10-24 22:59:37] [TRACE] [OmnipathR] 13774 rows before translation, 13773 uniprot_entry IDs in column `id_organism_b`.
[2025-10-24 22:59:37] [TRACE] [OmnipathR] 13774 rows after translation; translated 13253 `uniprot_entry` IDs in column `id_organism_b` to 13253 `uniprot` IDs in column `id_organism_b`.
[2025-10-24 22:59:37] [INFO] [OmnipathR] Loaded database `Orthologous Matrix (OMA) gene pairs`.
[2025-10-24 22:59:37] [TRACE] [OmnipathR] ID translation table: from `uniprot` to `genesymbol`, using `uniprot`.
[2025-10-24 22:59:37] [TRACE] [OmnipathR] Creating ID mapping table from `accession` to `gene_primary`, for organism 10090 (only reviewed: TRUE)
[2025-10-24 22:59:37] [TRACE] [OmnipathR] Loading all UniProt records for organism 10090 (only reviewed: TRUE); fields: accession,gene_primary
[2025-10-24 22:59:37] [TRACE] [OmnipathR] Downloading by `generic_downloader`.
[2025-10-24 22:59:37] [TRACE] [OmnipathR] Looking up in cache: `https://rest.uniprot.org/uniprotkb/stream?format=tsv&fields=accession,gene_primary&query=organism_id:10090%20AND%20reviewed:true`.
[2025-10-24 22:59:37] [INFO] [OmnipathR] Cache record does not exist: `https://rest.uniprot.org/uniprotkb/stream?format=tsv&fields=accession,gene_primary&query=organism_id:10090%20AND%20reviewed:true`
[2025-10-24 22:59:37] [TRACE] [OmnipathR] Could not find in cache, initiating download: `https://rest.uniprot.org/uniprotkb/stream?format=tsv&fields=accession,gene_primary&query=organism_id:10090%20AND%20reviewed:true`.
[2025-10-24 22:59:37] [TRACE] [OmnipathR] Reading JSON from `/home/biocbuild/.cache/OmnipathR/cache.json` (encoding: UTF-8).
[2025-10-24 22:59:37] [TRACE] [OmnipathR] JSON validation successful: TRUE
[2025-10-24 22:59:37] [TRACE] [OmnipathR] Reading JSON from `/home/biocbuild/.cache/OmnipathR/cache.json` (encoding: UTF-8).
[2025-10-24 22:59:37] [TRACE] [OmnipathR] JSON validation successful: TRUE
[2025-10-24 22:59:37] [INFO] [OmnipathR] Cache item `3ec84ba713c02573704adb50f1a94dab684df34b` version 1: status changed from `unknown` to `started`.
[2025-10-24 22:59:37] [TRACE] [OmnipathR] Exporting object to RDS: `/home/biocbuild/.cache/OmnipathR/3ec84ba713c02573704adb50f1a94dab684df34b-1.rds`.
[2025-10-24 22:59:37] [INFO] [OmnipathR] Retrieving URL: `https://rest.uniprot.org/uniprotkb/stream?format=tsv&fields=accession,gene_primary&query=organism_id:10090%20AND%20reviewed:true`
[2025-10-24 22:59:37] [TRACE] [OmnipathR] Attempt 1/3: `https://rest.uniprot.org/uniprotkb/stream?format=tsv&fields=accession,gene_primary&query=organism_id:10090%20AND%20reviewed:true`
[2025-10-24 22:59:37] [TRACE] [OmnipathR] HTTP request by `omnipath_curl`.
[2025-10-24 22:59:37] [TRACE] [OmnipathR] The following curl options are not available: tcp_keepcnt
[2025-10-24 22:59:37] [TRACE] [OmnipathR] Curl options: [connecttimeout=10,timeout=300,debugfunction=<function>,verbose=FALSE,tcp_keepalive=TRUE,tcp_keepintvl=10,tcp_keepidle=10,upkeep_interval_ms=30000,ssl_verifypeer=1,ssl_verifyhost=2]
[2025-10-24 22:59:38] [TRACE] [OmnipathR] HTTP v2 GET: status 200.
[2025-10-24 22:59:38] [TRACE] [OmnipathR] Downloaded 43 bytes in 0.731943s from rest.uniprot.org (58 bytes/s); Redirect: 0s, DNS look up: 0.003978s, Connection: 0.004691s, Pretransfer: 0.462114s, First byte at: 0.731813s
[2025-10-24 22:59:38] [TRACE] [OmnipathR] HTTP headers: HTTP/2 200 ; vary: accept,accept-encoding,x-uniprot-release,x-api-deployment-date, User-Agent, Accept-Encoding; cache-control: public, max-age=43200; content-type: text/plain;format=tsv; content-encoding: gzip; access-control-allow-credentials: true; access-control-expose-headers: Link, X-Total-Results, X-UniProt-Release, X-UniProt-Release-Date, X-API-Deployment-Date; x-api-deployment-date: 15-October-2025; strict-transport-security: max-age=31536000; includeSubDomains; date: Sat, 25 Oct 2025 02:59:38 GMT; access-control-max-age: 1728000; x-uniprot-release: 2025_04; access-control-allow-origin: *; accept-ranges: bytes; access-control-allow-methods: GET, PUT, POST, DELETE, PATCH, OPTIONS; access-control-allow-headers: DNT,Keep-Alive,User-Agent,X-Requested-With,If-Modified-Since,Cache-Control,Content-Type,Range,Authorization; x-uniprot-release-date: 15-October-2025
[2025-10-24 22:59:44] [TRACE] [OmnipathR] Exported RDS to `/home/biocbuild/.cache/OmnipathR/3ec84ba713c02573704adb50f1a94dab684df34b-1.rds`.
[2025-10-24 22:59:44] [INFO] [OmnipathR] Download ready [key=3ec84ba713c02573704adb50f1a94dab684df34b, version=1]
[2025-10-24 22:59:44] [TRACE] [OmnipathR] Reading JSON from `/home/biocbuild/.cache/OmnipathR/cache.json` (encoding: UTF-8).
[2025-10-24 22:59:44] [TRACE] [OmnipathR] JSON validation successful: TRUE
[2025-10-24 22:59:44] [INFO] [OmnipathR] Cache item `3ec84ba713c02573704adb50f1a94dab684df34b` version 1: status changed from `started` to `ready`.
[2025-10-24 22:59:44] [SUCCESS] [OmnipathR] UniProt (rest.uniprot.org): downloaded 17240 records
[2025-10-24 22:59:45] [TRACE] [OmnipathR] Translating complexes: 0 complexes in data.
[2025-10-24 22:59:45] [TRACE] [OmnipathR] 0 complexes after removing the ones mapping to more than 1 items in target identifier space.
[2025-10-24 22:59:45] [TRACE] [OmnipathR] Translated 0 complexes to 0.
[2025-10-24 22:59:45] [TRACE] [OmnipathR] 163908 rows before translation, 12855 uniprot IDs in column `uniprot`.
[2025-10-24 22:59:45] [TRACE] [OmnipathR] 163908 rows after translation; translated 12855 `uniprot` IDs in column `uniprot` to 12769 `genesymbol` IDs in column `genesymbol`.
[2025-10-24 22:59:45] [TRACE] [OmnipathR] Processing args for OmniPath query
[2025-10-24 22:59:45] [TRACE] [OmnipathR] Arguments for OmniPath query: [dorothea_levels=[A,B,C,D],genesymbols=TRUE,organisms=9606,query_type=interactions,datasets=dorothea]
[2025-10-24 22:59:45] [TRACE] [OmnipathR] Organism(s): 9606
[2025-10-24 22:59:45] [TRACE] [OmnipathR] Orthology targets:
[2025-10-24 22:59:45] [TRACE] [OmnipathR] Looking up in cache: `https://omnipathdb.org/interactions?genesymbols=yes&datasets=dorothea&organisms=9606&dorothea_levels=A,B,C,D&fields=sources,references,curation_effort,dorothea_level&license=academic`
[2025-10-24 22:59:45] [INFO] [OmnipathR] Cache record does not exist: `https://omnipathdb.org/interactions?genesymbols=yes&datasets=dorothea&organisms=9606&dorothea_levels=A,B,C,D&fields=sources,references,curation_effort,dorothea_level&license=academic`
[2025-10-24 22:59:45] [TRACE] [OmnipathR] Looking up in cache: `http://no-tls.omnipathdb.org/interactions?genesymbols=yes&datasets=dorothea&organisms=9606&dorothea_levels=A,B,C,D&fields=sources,references,curation_effort,dorothea_level&license=academic`
[2025-10-24 22:59:45] [INFO] [OmnipathR] Cache record does not exist: `http://no-tls.omnipathdb.org/interactions?genesymbols=yes&datasets=dorothea&organisms=9606&dorothea_levels=A,B,C,D&fields=sources,references,curation_effort,dorothea_level&license=academic`
[2025-10-24 22:59:45] [TRACE] [OmnipathR] Attempting `https://omnipathdb.org/interactions?genesymbols=yes&datasets=dorothea&organisms=9606&dorothea_levels=A,B,C,D&fields=sources,references,curation_effort,dorothea_level&license=academic`
[2025-10-24 22:59:45] [INFO] [OmnipathR] Retrieving URL: `https://omnipathdb.org/interactions?genesymbols=yes&datasets=dorothea&organisms=9606&dorothea_levels=A,B,C,D&fields=sources,references,curation_effort,dorothea_level&license=academic`
[2025-10-24 22:59:45] [TRACE] [OmnipathR] Attempt 1/3: `https://omnipathdb.org/interactions?genesymbols=yes&datasets=dorothea&organisms=9606&dorothea_levels=A,B,C,D&fields=sources,references,curation_effort,dorothea_level&license=academic`
[2025-10-24 22:59:45] [TRACE] [OmnipathR] HTTP request by `omnipath_curl`.
[2025-10-24 22:59:45] [TRACE] [OmnipathR] The following curl options are not available: tcp_keepcnt
[2025-10-24 22:59:45] [TRACE] [OmnipathR] Curl options: [connecttimeout=10,timeout=300,debugfunction=<function>,verbose=FALSE,tcp_keepalive=TRUE,tcp_keepintvl=10,tcp_keepidle=10,upkeep_interval_ms=30000,ssl_verifypeer=1,ssl_verifyhost=2]
[2025-10-24 22:59:46] [TRACE] [OmnipathR] HTTP v1 GET: status 200.
[2025-10-24 22:59:46] [TRACE] [OmnipathR] Downloaded 15.7 Kb in 0.492072s from omnipathdb.org (31.8 Kb/s); Redirect: 0s, DNS look up: 0.009025s, Connection: 0.010049s, Pretransfer: 0.349171s, First byte at: 0.491222s
[2025-10-24 22:59:46] [TRACE] [OmnipathR] HTTP headers: HTTP/1.1 200 OK; Server: nginx; Date: Sat, 25 Oct 2025 02:59:45 GMT; Content-Type: text/plain; charset=utf-8; Transfer-Encoding: chunked; Connection: keep-alive; Cache-Control: max-age=3600; Access-Control-Allow-Origin: *; Expires: Sat, 25 Oct 2025 03:59:45 GMT; Cache-Control: public; X-Frame-Options: DENY; Content-Encoding: gzip
[2025-10-24 22:59:50] [INFO] [OmnipathR] Successfully retrieved: `https://omnipathdb.org/interactions?genesymbols=yes&datasets=dorothea&organisms=9606&dorothea_levels=A,B,C,D&fields=sources,references,curation_effort,dorothea_level&license=academic`
[2025-10-24 22:59:50] [TRACE] [OmnipathR] Reading JSON from `/home/biocbuild/.cache/OmnipathR/cache.json` (encoding: UTF-8).
[2025-10-24 22:59:50] [TRACE] [OmnipathR] JSON validation successful: TRUE
[2025-10-24 22:59:50] [TRACE] [OmnipathR] Reading JSON from `/home/biocbuild/.cache/OmnipathR/cache.json` (encoding: UTF-8).
[2025-10-24 22:59:50] [TRACE] [OmnipathR] JSON validation successful: TRUE
[2025-10-24 22:59:50] [INFO] [OmnipathR] Cache item `46d37339bbc3f9a05bb89ccb79278cf1233f5cdf` version 1: status changed from `unknown` to `started`.
[2025-10-24 22:59:50] [TRACE] [OmnipathR] Exporting object to RDS: `/home/biocbuild/.cache/OmnipathR/46d37339bbc3f9a05bb89ccb79278cf1233f5cdf-1.rds`.
[2025-10-24 22:59:52] [TRACE] [OmnipathR] Exported RDS to `/home/biocbuild/.cache/OmnipathR/46d37339bbc3f9a05bb89ccb79278cf1233f5cdf-1.rds`.
[2025-10-24 22:59:52] [INFO] [OmnipathR] Download ready [key=46d37339bbc3f9a05bb89ccb79278cf1233f5cdf, version=1]
[2025-10-24 22:59:52] [TRACE] [OmnipathR] Reading JSON from `/home/biocbuild/.cache/OmnipathR/cache.json` (encoding: UTF-8).
[2025-10-24 22:59:52] [TRACE] [OmnipathR] JSON validation successful: TRUE
[2025-10-24 22:59:52] [INFO] [OmnipathR] Cache item `46d37339bbc3f9a05bb89ccb79278cf1233f5cdf` version 1: status changed from `started` to `ready`.
[2025-10-24 23:00:00] [SUCCESS] [OmnipathR] Downloaded 278677 interactions.
[2025-10-24 23:00:10] [TRACE] [OmnipathR] Processing args for OmniPath query
[2025-10-24 23:00:10] [TRACE] [OmnipathR] Arguments for OmniPath query: [dorothea_levels=[A,B,C,D],genesymbols=TRUE,organisms=10090,query_type=interactions,datasets=dorothea]
[2025-10-24 23:00:10] [TRACE] [OmnipathR] Organism(s): 10090
[2025-10-24 23:00:10] [TRACE] [OmnipathR] Orthology targets:
[2025-10-24 23:00:10] [TRACE] [OmnipathR] Looking up in cache: `https://omnipathdb.org/interactions?genesymbols=yes&datasets=dorothea&organisms=10090&dorothea_levels=A,B,C,D&fields=sources,references,curation_effort,dorothea_level&license=academic`
[2025-10-24 23:00:10] [INFO] [OmnipathR] Cache record does not exist: `https://omnipathdb.org/interactions?genesymbols=yes&datasets=dorothea&organisms=10090&dorothea_levels=A,B,C,D&fields=sources,references,curation_effort,dorothea_level&license=academic`
[2025-10-24 23:00:10] [TRACE] [OmnipathR] Looking up in cache: `http://no-tls.omnipathdb.org/interactions?genesymbols=yes&datasets=dorothea&organisms=10090&dorothea_levels=A,B,C,D&fields=sources,references,curation_effort,dorothea_level&license=academic`
[2025-10-24 23:00:10] [INFO] [OmnipathR] Cache record does not exist: `http://no-tls.omnipathdb.org/interactions?genesymbols=yes&datasets=dorothea&organisms=10090&dorothea_levels=A,B,C,D&fields=sources,references,curation_effort,dorothea_level&license=academic`
[2025-10-24 23:00:10] [TRACE] [OmnipathR] Attempting `https://omnipathdb.org/interactions?genesymbols=yes&datasets=dorothea&organisms=10090&dorothea_levels=A,B,C,D&fields=sources,references,curation_effort,dorothea_level&license=academic`
[2025-10-24 23:00:10] [INFO] [OmnipathR] Retrieving URL: `https://omnipathdb.org/interactions?genesymbols=yes&datasets=dorothea&organisms=10090&dorothea_levels=A,B,C,D&fields=sources,references,curation_effort,dorothea_level&license=academic`
[2025-10-24 23:00:10] [TRACE] [OmnipathR] Attempt 1/3: `https://omnipathdb.org/interactions?genesymbols=yes&datasets=dorothea&organisms=10090&dorothea_levels=A,B,C,D&fields=sources,references,curation_effort,dorothea_level&license=academic`
[2025-10-24 23:00:10] [TRACE] [OmnipathR] HTTP request by `omnipath_curl`.
[2025-10-24 23:00:10] [TRACE] [OmnipathR] The following curl options are not available: tcp_keepcnt
[2025-10-24 23:00:10] [TRACE] [OmnipathR] Curl options: [connecttimeout=10,timeout=300,debugfunction=<function>,verbose=FALSE,tcp_keepalive=TRUE,tcp_keepintvl=10,tcp_keepidle=10,upkeep_interval_ms=30000,ssl_verifypeer=1,ssl_verifyhost=2]
[2025-10-24 23:00:11] [TRACE] [OmnipathR] HTTP v1 GET: status 200.
[2025-10-24 23:00:11] [TRACE] [OmnipathR] Downloaded 15.7 Kb in 0.514598s from omnipathdb.org (30.4 Kb/s); Redirect: 0s, DNS look up: 0.001933s, Connection: 0.00251s, Pretransfer: 0.358026s, First byte at: 0.508194s
[2025-10-24 23:00:11] [TRACE] [OmnipathR] HTTP headers: HTTP/1.1 200 OK; Server: nginx; Date: Sat, 25 Oct 2025 03:00:10 GMT; Content-Type: text/plain; charset=utf-8; Transfer-Encoding: chunked; Connection: keep-alive; Cache-Control: max-age=3600; Access-Control-Allow-Origin: *; Expires: Sat, 25 Oct 2025 04:00:10 GMT; Cache-Control: public; X-Frame-Options: DENY; Content-Encoding: gzip
[2025-10-24 23:00:16] [INFO] [OmnipathR] Successfully retrieved: `https://omnipathdb.org/interactions?genesymbols=yes&datasets=dorothea&organisms=10090&dorothea_levels=A,B,C,D&fields=sources,references,curation_effort,dorothea_level&license=academic`
[2025-10-24 23:00:16] [TRACE] [OmnipathR] Reading JSON from `/home/biocbuild/.cache/OmnipathR/cache.json` (encoding: UTF-8).
[2025-10-24 23:00:16] [TRACE] [OmnipathR] JSON validation successful: TRUE
[2025-10-24 23:00:16] [TRACE] [OmnipathR] Reading JSON from `/home/biocbuild/.cache/OmnipathR/cache.json` (encoding: UTF-8).
[2025-10-24 23:00:16] [TRACE] [OmnipathR] JSON validation successful: TRUE
[2025-10-24 23:00:16] [INFO] [OmnipathR] Cache item `ff347dedf78ef5e38c9c6d8eed291fa901aa3791` version 1: status changed from `unknown` to `started`.
[2025-10-24 23:00:16] [TRACE] [OmnipathR] Exporting object to RDS: `/home/biocbuild/.cache/OmnipathR/ff347dedf78ef5e38c9c6d8eed291fa901aa3791-1.rds`.
[2025-10-24 23:00:17] [TRACE] [OmnipathR] Exported RDS to `/home/biocbuild/.cache/OmnipathR/ff347dedf78ef5e38c9c6d8eed291fa901aa3791-1.rds`.
[2025-10-24 23:00:17] [INFO] [OmnipathR] Download ready [key=ff347dedf78ef5e38c9c6d8eed291fa901aa3791, version=1]
[2025-10-24 23:00:17] [TRACE] [OmnipathR] Reading JSON from `/home/biocbuild/.cache/OmnipathR/cache.json` (encoding: UTF-8).
[2025-10-24 23:00:17] [TRACE] [OmnipathR] JSON validation successful: TRUE
[2025-10-24 23:00:17] [INFO] [OmnipathR] Cache item `ff347dedf78ef5e38c9c6d8eed291fa901aa3791` version 1: status changed from `started` to `ready`.
[2025-10-24 23:00:25] [SUCCESS] [OmnipathR] Downloaded 249440 interactions.
[2025-10-24 23:00:34] [TRACE] [OmnipathR] Processing args for OmniPath query
[2025-10-24 23:00:34] [TRACE] [OmnipathR] Arguments for OmniPath query: [loops=TRUE,organisms=9606,genesymbols=TRUE,query_type=interactions,datasets=collectri]
[2025-10-24 23:00:34] [TRACE] [OmnipathR] Organism(s): 9606
[2025-10-24 23:00:34] [TRACE] [OmnipathR] Orthology targets:
[2025-10-24 23:00:34] [TRACE] [OmnipathR] Looking up in cache: `https://omnipathdb.org/interactions?genesymbols=yes&datasets=collectri&organisms=9606&fields=sources,references,curation_effort&loops=yes&license=academic`
[2025-10-24 23:00:34] [INFO] [OmnipathR] Cache record does not exist: `https://omnipathdb.org/interactions?genesymbols=yes&datasets=collectri&organisms=9606&fields=sources,references,curation_effort&loops=yes&license=academic`
[2025-10-24 23:00:34] [TRACE] [OmnipathR] Looking up in cache: `http://no-tls.omnipathdb.org/interactions?genesymbols=yes&datasets=collectri&organisms=9606&fields=sources,references,curation_effort&loops=yes&license=academic`
[2025-10-24 23:00:34] [INFO] [OmnipathR] Cache record does not exist: `http://no-tls.omnipathdb.org/interactions?genesymbols=yes&datasets=collectri&organisms=9606&fields=sources,references,curation_effort&loops=yes&license=academic`
[2025-10-24 23:00:34] [TRACE] [OmnipathR] Attempting `https://omnipathdb.org/interactions?genesymbols=yes&datasets=collectri&organisms=9606&fields=sources,references,curation_effort&loops=yes&license=academic`
[2025-10-24 23:00:34] [INFO] [OmnipathR] Retrieving URL: `https://omnipathdb.org/interactions?genesymbols=yes&datasets=collectri&organisms=9606&fields=sources,references,curation_effort&loops=yes&license=academic`
[2025-10-24 23:00:34] [TRACE] [OmnipathR] Attempt 1/3: `https://omnipathdb.org/interactions?genesymbols=yes&datasets=collectri&organisms=9606&fields=sources,references,curation_effort&loops=yes&license=academic`
[2025-10-24 23:00:34] [TRACE] [OmnipathR] HTTP request by `omnipath_curl`.
[2025-10-24 23:00:34] [TRACE] [OmnipathR] The following curl options are not available: tcp_keepcnt
[2025-10-24 23:00:34] [TRACE] [OmnipathR] Curl options: [connecttimeout=10,timeout=300,debugfunction=<function>,verbose=FALSE,tcp_keepalive=TRUE,tcp_keepintvl=10,tcp_keepidle=10,upkeep_interval_ms=30000,ssl_verifypeer=1,ssl_verifyhost=2]
[2025-10-24 23:00:34] [TRACE] [OmnipathR] HTTP v1 GET: status 200.
[2025-10-24 23:00:34] [TRACE] [OmnipathR] Downloaded 15.7 Kb in 0.368818s from omnipathdb.org (42.5 Kb/s); Redirect: 0s, DNS look up: 0.005281s, Connection: 0.006088s, Pretransfer: 0.216763s, First byte at: 0.368175s
[2025-10-24 23:00:34] [TRACE] [OmnipathR] HTTP headers: HTTP/1.1 200 OK; Server: nginx; Date: Sat, 25 Oct 2025 03:00:34 GMT; Content-Type: text/plain; charset=utf-8; Transfer-Encoding: chunked; Connection: keep-alive; Cache-Control: max-age=3600; Access-Control-Allow-Origin: *; Expires: Sat, 25 Oct 2025 04:00:34 GMT; Cache-Control: public; X-Frame-Options: DENY; Content-Encoding: gzip
[2025-10-24 23:00:38] [INFO] [OmnipathR] Successfully retrieved: `https://omnipathdb.org/interactions?genesymbols=yes&datasets=collectri&organisms=9606&fields=sources,references,curation_effort&loops=yes&license=academic`
[2025-10-24 23:00:38] [TRACE] [OmnipathR] Reading JSON from `/home/biocbuild/.cache/OmnipathR/cache.json` (encoding: UTF-8).
[2025-10-24 23:00:38] [TRACE] [OmnipathR] JSON validation successful: TRUE
[2025-10-24 23:00:38] [TRACE] [OmnipathR] Reading JSON from `/home/biocbuild/.cache/OmnipathR/cache.json` (encoding: UTF-8).
[2025-10-24 23:00:38] [TRACE] [OmnipathR] JSON validation successful: TRUE
[2025-10-24 23:00:38] [INFO] [OmnipathR] Cache item `b10176737ba43d460b13709623189f3911123779` version 1: status changed from `unknown` to `started`.
[2025-10-24 23:00:38] [TRACE] [OmnipathR] Exporting object to RDS: `/home/biocbuild/.cache/OmnipathR/b10176737ba43d460b13709623189f3911123779-1.rds`.
[2025-10-24 23:00:38] [TRACE] [OmnipathR] Exported RDS to `/home/biocbuild/.cache/OmnipathR/b10176737ba43d460b13709623189f3911123779-1.rds`.
[2025-10-24 23:00:38] [INFO] [OmnipathR] Download ready [key=b10176737ba43d460b13709623189f3911123779, version=1]
[2025-10-24 23:00:38] [TRACE] [OmnipathR] Reading JSON from `/home/biocbuild/.cache/OmnipathR/cache.json` (encoding: UTF-8).
[2025-10-24 23:00:38] [TRACE] [OmnipathR] JSON validation successful: TRUE
[2025-10-24 23:00:38] [INFO] [OmnipathR] Cache item `b10176737ba43d460b13709623189f3911123779` version 1: status changed from `started` to `ready`.
[2025-10-24 23:00:41] [SUCCESS] [OmnipathR] Downloaded 64979 interactions.
[2025-10-24 23:00:41] [TRACE] [OmnipathR] Processing args for OmniPath query
[2025-10-24 23:00:41] [TRACE] [OmnipathR] Arguments for OmniPath query: [genesymbols=TRUE,resources=CollecTRI,strict_evidences=TRUE,query_type=interactions,datasets=tf_mirna]
[2025-10-24 23:00:41] [TRACE] [OmnipathR] Organism(s): 9606
[2025-10-24 23:00:41] [TRACE] [OmnipathR] Orthology targets:
[2025-10-24 23:00:41] [TRACE] [OmnipathR] Reading JSON from `https://omnipathdb.org/resources` (encoding: UTF-8).
[2025-10-24 23:00:41] [TRACE] [OmnipathR] JSON validation successful: TRUE
[2025-10-24 23:00:42] [TRACE] [OmnipathR] Looking up in cache: `https://omnipathdb.org/interactions?genesymbols=yes&resources=CollecTRI&datasets=tf_mirna&organisms=9606&fields=evidences,sources,references,curation_effort&license=academic`
[2025-10-24 23:00:42] [INFO] [OmnipathR] Cache record does not exist: `https://omnipathdb.org/interactions?genesymbols=yes&resources=CollecTRI&datasets=tf_mirna&organisms=9606&fields=evidences,sources,references,curation_effort&license=academic`
[2025-10-24 23:00:42] [TRACE] [OmnipathR] Looking up in cache: `http://no-tls.omnipathdb.org/interactions?genesymbols=yes&resources=CollecTRI&datasets=tf_mirna&organisms=9606&fields=evidences,sources,references,curation_effort&license=academic`
[2025-10-24 23:00:42] [INFO] [OmnipathR] Cache record does not exist: `http://no-tls.omnipathdb.org/interactions?genesymbols=yes&resources=CollecTRI&datasets=tf_mirna&organisms=9606&fields=evidences,sources,references,curation_effort&license=academic`
[2025-10-24 23:00:42] [TRACE] [OmnipathR] Attempting `https://omnipathdb.org/interactions?genesymbols=yes&resources=CollecTRI&datasets=tf_mirna&organisms=9606&fields=evidences,sources,references,curation_effort&license=academic`
[2025-10-24 23:00:42] [INFO] [OmnipathR] Retrieving URL: `https://omnipathdb.org/interactions?genesymbols=yes&resources=CollecTRI&datasets=tf_mirna&organisms=9606&fields=evidences,sources,references,curation_effort&license=academic`
[2025-10-24 23:00:42] [TRACE] [OmnipathR] Attempt 1/3: `https://omnipathdb.org/interactions?genesymbols=yes&resources=CollecTRI&datasets=tf_mirna&organisms=9606&fields=evidences,sources,references,curation_effort&license=academic`
[2025-10-24 23:00:42] [TRACE] [OmnipathR] HTTP request by `omnipath_curl`.
[2025-10-24 23:00:42] [TRACE] [OmnipathR] The following curl options are not available: tcp_keepcnt
[2025-10-24 23:00:42] [TRACE] [OmnipathR] Curl options: [connecttimeout=10,timeout=300,debugfunction=<function>,verbose=FALSE,tcp_keepalive=TRUE,tcp_keepintvl=10,tcp_keepidle=10,upkeep_interval_ms=30000,ssl_verifypeer=1,ssl_verifyhost=2]
[2025-10-24 23:00:42] [TRACE] [OmnipathR] HTTP v1 GET: status 200.
[2025-10-24 23:00:42] [TRACE] [OmnipathR] Downloaded 9 Kb in 0.281073s from omnipathdb.org (32.2 Kb/s); Redirect: 0s, DNS look up: 0.002196s, Connection: 0.00281s, Pretransfer: 0.205106s, First byte at: 0.280711s
[2025-10-24 23:00:42] [TRACE] [OmnipathR] HTTP headers: HTTP/1.1 200 OK; Server: nginx; Date: Sat, 25 Oct 2025 03:00:42 GMT; Content-Type: text/plain; charset=utf-8; Transfer-Encoding: chunked; Connection: keep-alive; Cache-Control: max-age=3600; Access-Control-Allow-Origin: *; Expires: Sat, 25 Oct 2025 04:00:42 GMT; Cache-Control: public; X-Frame-Options: DENY; Content-Encoding: gzip
[2025-10-24 23:00:43] [INFO] [OmnipathR] Successfully retrieved: `https://omnipathdb.org/interactions?genesymbols=yes&resources=CollecTRI&datasets=tf_mirna&organisms=9606&fields=evidences,sources,references,curation_effort&license=academic`
[2025-10-24 23:00:43] [TRACE] [OmnipathR] Reading JSON from `/home/biocbuild/.cache/OmnipathR/cache.json` (encoding: UTF-8).
[2025-10-24 23:00:43] [TRACE] [OmnipathR] JSON validation successful: TRUE
[2025-10-24 23:00:43] [TRACE] [OmnipathR] Reading JSON from `/home/biocbuild/.cache/OmnipathR/cache.json` (encoding: UTF-8).
[2025-10-24 23:00:43] [TRACE] [OmnipathR] JSON validation successful: TRUE
[2025-10-24 23:00:43] [INFO] [OmnipathR] Cache item `f7d34500401ba98803b7d2b26c48f64cee1eea1b` version 1: status changed from `unknown` to `started`.
[2025-10-24 23:00:43] [TRACE] [OmnipathR] Exporting object to RDS: `/home/biocbuild/.cache/OmnipathR/f7d34500401ba98803b7d2b26c48f64cee1eea1b-1.rds`.
[2025-10-24 23:00:43] [TRACE] [OmnipathR] Exported RDS to `/home/biocbuild/.cache/OmnipathR/f7d34500401ba98803b7d2b26c48f64cee1eea1b-1.rds`.
[2025-10-24 23:00:43] [INFO] [OmnipathR] Download ready [key=f7d34500401ba98803b7d2b26c48f64cee1eea1b, version=1]
[2025-10-24 23:00:43] [TRACE] [OmnipathR] Reading JSON from `/home/biocbuild/.cache/OmnipathR/cache.json` (encoding: UTF-8).
[2025-10-24 23:00:43] [TRACE] [OmnipathR] JSON validation successful: TRUE
[2025-10-24 23:00:44] [INFO] [OmnipathR] Cache item `f7d34500401ba98803b7d2b26c48f64cee1eea1b` version 1: status changed from `started` to `ready`.
[2025-10-24 23:00:44] [TRACE] [OmnipathR] Converting JSON column `evidences` to list.
[2025-10-24 23:00:44] [TRACE] [OmnipathR] Restricting interaction records to datasets: tf_mirna; and resources: CollecTRI
[2025-10-24 23:00:44] [TRACE] [OmnipathR] Filtering evidence columns: positive, negative, directed, undirected; to datasets: tf_mirna; and resources: CollecTRI; excluding resources: none
[2025-10-24 23:00:44] [SUCCESS] [OmnipathR] Downloaded 207 interactions.
[2025-10-24 23:00:44] [TRACE] [OmnipathR] Processing args for OmniPath query
[2025-10-24 23:00:44] [TRACE] [OmnipathR] Arguments for OmniPath query: [loops=TRUE,organisms=9606,genesymbols=TRUE,query_type=interactions,datasets=collectri]
[2025-10-24 23:00:44] [TRACE] [OmnipathR] Organism(s): 9606
[2025-10-24 23:00:44] [TRACE] [OmnipathR] Orthology targets:
[2025-10-24 23:00:44] [TRACE] [OmnipathR] Looking up in cache: `https://omnipathdb.org/interactions?genesymbols=yes&datasets=collectri&organisms=9606&fields=sources,references,curation_effort&loops=yes&license=academic`
[2025-10-24 23:00:44] [TRACE] [OmnipathR] Loaded data from RDS `/home/biocbuild/.cache/OmnipathR/b10176737ba43d460b13709623189f3911123779-1.rds`.
[2025-10-24 23:00:44] [INFO] [OmnipathR] Loaded from cache: `https://omnipathdb.org/interactions?genesymbols=yes&datasets=collectri&organisms=9606&fields=sources,references,curation_effort&loops=yes&license=academic`
[2025-10-24 23:00:47] [SUCCESS] [OmnipathR] Loaded 64979 interactions from cache.
[2025-10-24 23:00:47] [TRACE] [OmnipathR] Processing args for OmniPath query
[2025-10-24 23:00:47] [TRACE] [OmnipathR] Arguments for OmniPath query: [genesymbols=TRUE,resources=CollecTRI,strict_evidences=TRUE,query_type=interactions,datasets=tf_mirna]
[2025-10-24 23:00:47] [TRACE] [OmnipathR] Organism(s): 9606
[2025-10-24 23:00:47] [TRACE] [OmnipathR] Orthology targets:
[2025-10-24 23:00:47] [TRACE] [OmnipathR] Reading JSON from `https://omnipathdb.org/resources` (encoding: UTF-8).
[2025-10-24 23:00:48] [TRACE] [OmnipathR] JSON validation successful: TRUE
[2025-10-24 23:00:48] [TRACE] [OmnipathR] Looking up in cache: `https://omnipathdb.org/interactions?genesymbols=yes&resources=CollecTRI&datasets=tf_mirna&organisms=9606&fields=evidences,sources,references,curation_effort&license=academic`
[2025-10-24 23:00:48] [TRACE] [OmnipathR] Loaded data from RDS `/home/biocbuild/.cache/OmnipathR/f7d34500401ba98803b7d2b26c48f64cee1eea1b-1.rds`.
[2025-10-24 23:00:48] [INFO] [OmnipathR] Loaded from cache: `https://omnipathdb.org/interactions?genesymbols=yes&resources=CollecTRI&datasets=tf_mirna&organisms=9606&fields=evidences,sources,references,curation_effort&license=academic`
[2025-10-24 23:00:48] [TRACE] [OmnipathR] Converting JSON column `evidences` to list.
[2025-10-24 23:00:48] [TRACE] [OmnipathR] Restricting interaction records to datasets: tf_mirna; and resources: CollecTRI
[2025-10-24 23:00:48] [TRACE] [OmnipathR] Filtering evidence columns: positive, negative, directed, undirected; to datasets: tf_mirna; and resources: CollecTRI; excluding resources: none
[2025-10-24 23:00:48] [SUCCESS] [OmnipathR] Loaded 207 interactions from cache.
|
| | 0%
|
|======================================================================| 100%
|
| | 0%
|
|======================================================================| 100%
|
| | 0%
|
|======================================================================| 100%
|
| | 0%
|
|======================================================================| 100%
|
| | 0%
|
|======================================================================| 100%
|
| | 0%
|
|======================================================================| 100%
|
| | 0%
|
|======================================================================| 100%
|
| | 0%
|
|======================================================================| 100%
|
| | 0%
|
|======================================================================| 100%
|
| | 0%
|
|======================================================================| 100%
|
| | 0%
|
|======================================================================| 100%
|
| | 0%
|
|======================================================================| 100%
|
| | 0%
|
|=================================== | 50%
|
|======================================================================| 100%
|
| | 0%
|
|=================================== | 50%
|
|======================================================================| 100%
|
| | 0%
|
|=================================== | 50%
|
|======================================================================| 100%
|
| | 0%
|
|=================================== | 50%
|
|======================================================================| 100%
|
| | 0%
|
|=================================== | 50%
|
|======================================================================| 100%
|
| | 0%
|
|=================================== | 50%
|
|======================================================================| 100%
|
| | 0%
|
|=================================== | 50%
|
|======================================================================| 100%
|
| | 0%
|
|=================================== | 50%
|
|======================================================================| 100%
|
| | 0%
|
|=================================== | 50%
|
|======================================================================| 100%
|
| | 0%
|
|=================================== | 50%
|
|======================================================================| 100%
|
| | 0%
|
|=================================== | 50%
|
|======================================================================| 100%
|
| | 0%
|
|=================================== | 50%
|
|======================================================================| 100%
Attaching package: 'dplyr'
The following object is masked from 'package:testthat':
matches
The following objects are masked from 'package:stats':
filter, lag
The following objects are masked from 'package:base':
intersect, setdiff, setequal, union
[ FAIL 0 | WARN 18 | SKIP 0 | PASS 35 ]
[ FAIL 0 | WARN 18 | SKIP 0 | PASS 35 ]
>
> proc.time()
user system elapsed
176.878 21.575 275.923
decoupleR.Rcheck/decoupleR-Ex.timings
| name | user | system | elapsed | |
| check_corr | 0.073 | 0.017 | 0.089 | |
| convert_f_defaults | 0.052 | 0.023 | 0.074 | |
| decouple | 0.000 | 0.000 | 0.001 | |
| dot-fit_preprocessing | 0.022 | 0.001 | 0.024 | |
| extract_sets | 0.022 | 0.000 | 0.023 | |
| filt_minsize | 0.039 | 0.001 | 0.041 | |
| get_collectri | 30.335 | 2.866 | 41.146 | |
| get_dorothea | 21.682 | 1.329 | 25.200 | |
| get_profile_of | 0 | 0 | 0 | |
| get_progeny | 6.512 | 0.558 | 14.476 | |
| get_resource | 1.353 | 0.065 | 3.208 | |
| get_toy_data | 0.002 | 0.000 | 0.002 | |
| intersect_regulons | 0.025 | 0.002 | 0.026 | |
| pipe | 0 | 0 | 0 | |
| pivot_wider_profile | 0 | 0 | 0 | |
| randomize_matrix | 0 | 0 | 0 | |
| rename_net | 0.037 | 0.001 | 0.039 | |
| run_aucell | 9.437 | 1.931 | 11.394 | |
| run_consensus | 1.918 | 0.384 | 2.302 | |
| run_fgsea | 23.741 | 0.678 | 24.432 | |
| run_gsva | 1.690 | 0.396 | 2.095 | |
| run_mdt | 0.139 | 0.017 | 0.153 | |
| run_mlm | 0.089 | 0.004 | 0.093 | |
| run_ora | 0.540 | 0.025 | 0.565 | |
| run_udt | 0.263 | 0.022 | 0.285 | |
| run_ulm | 0.067 | 0.012 | 0.078 | |
| run_viper | 0.740 | 0.180 | 0.924 | |
| run_wmean | 0.683 | 0.037 | 0.720 | |
| run_wsum | 0.704 | 0.061 | 0.767 | |
| show_methods | 0.047 | 0.007 | 0.054 | |
| show_resources | 0.122 | 0.024 | 0.812 | |
| tidyeval | 0.000 | 0.000 | 0.001 | |