| Back to Multiple platform build/check report for BioC 3.22: simplified long | 
 | 
This page was generated on 2025-10-25 12:03 -0400 (Sat, 25 Oct 2025).
| Hostname | OS | Arch (*) | R version | Installed pkgs | 
|---|---|---|---|---|
| nebbiolo2 | Linux (Ubuntu 24.04.3 LTS) | x86_64 | 4.5.1 Patched (2025-08-23 r88802) -- "Great Square Root" | 4901 | 
| lconway | macOS 12.7.6 Monterey | x86_64 | 4.5.1 Patched (2025-09-10 r88807) -- "Great Square Root" | 4691 | 
| kjohnson3 | macOS 13.7.7 Ventura | arm64 | 4.5.1 Patched (2025-09-10 r88807) -- "Great Square Root" | 4637 | 
| taishan | Linux (openEuler 24.03 LTS) | aarch64 | 4.5.0 (2025-04-11) -- "How About a Twenty-Six" | 4658 | 
| Click on any hostname to see more info about the system (e.g. compilers) (*) as reported by 'uname -p', except on Windows and Mac OS X | ||||
| Package 353/2361 | Hostname | OS / Arch | INSTALL | BUILD | CHECK | BUILD BIN | ||||||||
| chipseq 1.59.0  (landing page) Bioconductor Package Maintainer 
 | nebbiolo2 | Linux (Ubuntu 24.04.3 LTS) / x86_64 | OK | OK | WARNINGS |  | ||||||||
| lconway | macOS 12.7.6 Monterey / x86_64 | OK | OK | WARNINGS | OK |  | ||||||||
| kjohnson3 | macOS 13.7.7 Ventura / arm64 | OK | OK | WARNINGS | OK |  | ||||||||
| taishan | Linux (openEuler 24.03 LTS) / aarch64 | OK | NA | NA | ||||||||||
| To the developers/maintainers of the chipseq package: - Allow up to 24 hours (and sometimes 48 hours) for your latest push to git@git.bioconductor.org:packages/chipseq.git to reflect on this report. See Troubleshooting Build Report for more information. - Use the following Renviron settings to reproduce errors and warnings. - If 'R CMD check' started to fail recently on the Linux builder(s) over a missing dependency, add the missing dependency to 'Suggests:' in your DESCRIPTION file. See Renviron.bioc for more information. | 
| Package: chipseq | 
| Version: 1.59.0 | 
| Command: /home/biocbuild/bbs-3.22-bioc/R/bin/R CMD check --install=check:chipseq.install-out.txt --library=/home/biocbuild/bbs-3.22-bioc/R/site-library --timings chipseq_1.59.0.tar.gz | 
| StartedAt: 2025-10-24 22:08:47 -0400 (Fri, 24 Oct 2025) | 
| EndedAt: 2025-10-24 22:15:06 -0400 (Fri, 24 Oct 2025) | 
| EllapsedTime: 379.4 seconds | 
| RetCode: 0 | 
| Status: WARNINGS | 
| CheckDir: chipseq.Rcheck | 
| Warnings: 2 | 
##############################################################################
##############################################################################
###
### Running command:
###
###   /home/biocbuild/bbs-3.22-bioc/R/bin/R CMD check --install=check:chipseq.install-out.txt --library=/home/biocbuild/bbs-3.22-bioc/R/site-library --timings chipseq_1.59.0.tar.gz
###
##############################################################################
##############################################################################
* using log directory ‘/home/biocbuild/bbs-3.22-bioc/meat/chipseq.Rcheck’
* using R version 4.5.1 Patched (2025-08-23 r88802)
* using platform: x86_64-pc-linux-gnu
* R was compiled by
    gcc (Ubuntu 13.3.0-6ubuntu2~24.04) 13.3.0
    GNU Fortran (Ubuntu 13.3.0-6ubuntu2~24.04) 13.3.0
* running under: Ubuntu 24.04.3 LTS
* using session charset: UTF-8
* checking for file ‘chipseq/DESCRIPTION’ ... OK
* this is package ‘chipseq’ version ‘1.59.0’
* checking package namespace information ... OK
* checking package dependencies ... OK
* checking if this is a source package ... OK
* checking if there is a namespace ... OK
* checking for hidden files and directories ... OK
* checking for portable file names ... OK
* checking for sufficient/correct file permissions ... OK
* checking whether package ‘chipseq’ can be installed ... OK
* used C compiler: ‘gcc (Ubuntu 13.3.0-6ubuntu2~24.04) 13.3.0’
* checking installed package size ... OK
* checking package directory ... OK
* checking ‘build’ directory ... OK
* checking DESCRIPTION meta-information ... NOTE
Packages listed in more than one of Depends, Imports, Suggests, Enhances:
  ‘methods’ ‘BiocGenerics’ ‘IRanges’ ‘GenomicRanges’ ‘ShortRead’
A package should be listed in only one of these fields.
* checking top-level files ... OK
* checking for left-over files ... OK
* checking index information ... OK
* checking package subdirectories ... OK
* checking code files for non-ASCII characters ... OK
* checking R files for syntax errors ... OK
* checking whether the package can be loaded ... OK
* checking whether the package can be loaded with stated dependencies ... OK
* checking whether the package can be unloaded cleanly ... OK
* checking whether the namespace can be loaded with stated dependencies ... OK
* checking whether the namespace can be unloaded cleanly ... OK
* checking loading without being on the library search path ... OK
* checking dependencies in R code ... OK
* checking S3 generic/method consistency ... OK
* checking replacement functions ... OK
* checking foreign function calls ... OK
* checking R code for possible problems ... NOTE
.genomicContext: no visible global function definition for
  ‘transcripts’
.genomicContext: no visible global function definition for ‘cdsBy’
.genomicContext: no visible global function definition for
  ‘threeUTRsByTranscript’
.genomicContext: no visible global function definition for
  ‘fiveUTRsByTranscript’
.genomicContext: no visible global function definition for
  ‘intronsByTranscript’
.nearestTss: no visible global function definition for ‘transcripts’
.nearestTss: no visible global function definition for ‘seqlevels<-’
.nearestTss: no visible global function definition for ‘seqlevels’
applyPosByChrAndStrand: no visible global function definition for
  ‘seqnames’
correlation.estimate: no visible binding for global variable ‘mu’
correlation.estimate: no visible binding for global variable ‘corr’
correlationProfile : <anonymous>: no visible global function definition
  for ‘subseq’
coverage.estimate: no visible binding for global variable ‘mu’
coverage.estimate: no visible binding for global variable ‘covered’
islandDepthPlot: no visible binding for global variable ‘depth’
islandDepthPlot : <anonymous>: no visible global function definition
  for ‘panel.lines’
islandDepthPlot : <anonymous>: no visible global function definition
  for ‘panel.xyplot’
laneSubsample: no visible global function definition for ‘seqnames’
laneSubsample: no visible global function definition for ‘GRangesList’
subsetSummary: no visible global function definition for ‘seqlengths’
subsetSummary: no visible global function definition for ‘GRanges’
subsetSummary: no visible global function definition for ‘seqnames’
subsetSummary: no visible global function definition for ‘seqlengths<-’
diffPeakSummary,RleViewsList-RleViewsList: no visible global function
  definition for ‘GRanges’
estimate.mean.fraglen,GRanges: no visible global function definition
  for ‘seqnames’
peakSummary,RleViewsList: no visible global function definition for
  ‘GRanges’
Undefined global functions or variables:
  GRanges GRangesList cdsBy corr covered depth fiveUTRsByTranscript
  intronsByTranscript mu panel.lines panel.xyplot seqlengths
  seqlengths<- seqlevels seqlevels<- seqnames subseq
  threeUTRsByTranscript transcripts
* checking Rd files ... OK
* checking Rd metadata ... OK
* checking Rd cross-references ... OK
* checking for missing documentation entries ... WARNING
Undocumented S4 methods:
  generic 'densityCorr' and siglist 'GenomicRanges'
  generic 'densityCorr' and siglist 'list'
All user-level objects in a package (including S4 classes and methods)
should have documentation entries.
See chapter ‘Writing R documentation files’ in the ‘Writing R
Extensions’ manual.
* checking for code/documentation mismatches ... WARNING
Codoc mismatches from Rd file 'estimate.mean.fraglen.Rd':
densityCorr
  Code: function(x, ...)
  Docs: function(x, shift = seq(0, 500, 5), center = FALSE, width =
                 seqLen * 2L, seqLen = 100L, maxDist = 500L, ...)
  Argument names in docs not in code:
    shift center width seqLen maxDist
  Mismatches in argument names:
    Position: 2 Code: ... Docs: shift
* checking Rd \usage sections ... OK
* checking Rd contents ... OK
* checking for unstated dependencies in examples ... OK
* checking contents of ‘data’ directory ... OK
* checking data for non-ASCII characters ... OK
* checking data for ASCII and uncompressed saves ... OK
* checking line endings in C/C++/Fortran sources/headers ... OK
* checking compiled code ... NOTE
Note: information on .o files is not available
* checking files in ‘vignettes’ ... OK
* checking examples ... OK
Examples with CPU (user + system) or elapsed time > 5s
                 user system elapsed
diffPeakSummary 5.557  0.072   5.629
* checking for unstated dependencies in vignettes ... OK
* checking package vignettes ... OK
* checking re-building of vignette outputs ... OK
* checking PDF version of manual ... OK
* DONE
Status: 2 WARNINGs, 3 NOTEs
See
  ‘/home/biocbuild/bbs-3.22-bioc/meat/chipseq.Rcheck/00check.log’
for details.
chipseq.Rcheck/00install.out
############################################################################## ############################################################################## ### ### Running command: ### ### /home/biocbuild/bbs-3.22-bioc/R/bin/R CMD INSTALL chipseq ### ############################################################################## ############################################################################## * installing to library ‘/home/biocbuild/bbs-3.22-bioc/R/site-library’ * installing *source* package ‘chipseq’ ... ** this is package ‘chipseq’ version ‘1.59.0’ ** using staged installation ** libs using C compiler: ‘gcc (Ubuntu 13.3.0-6ubuntu2~24.04) 13.3.0’ gcc -std=gnu2x -I"/home/biocbuild/bbs-3.22-bioc/R/include" -DNDEBUG -I/usr/local/include -fpic -g -O2 -Wall -Werror=format-security -c rlesumprod.c -o rlesumprod.o gcc -std=gnu2x -shared -L/home/biocbuild/bbs-3.22-bioc/R/lib -L/usr/local/lib -o chipseq.so rlesumprod.o -L/home/biocbuild/bbs-3.22-bioc/R/lib -lR installing to /home/biocbuild/bbs-3.22-bioc/R/site-library/00LOCK-chipseq/00new/chipseq/libs ** R ** data ** inst ** byte-compile and prepare package for lazy loading ** help *** installing help indices ** building package indices ** installing vignettes ** testing if installed package can be loaded from temporary location ** checking absolute paths in shared objects and dynamic libraries ** testing if installed package can be loaded from final location ** testing if installed package keeps a record of temporary installation path * DONE (chipseq)
chipseq.Rcheck/chipseq-Ex.timings
| name | user | system | elapsed | |
| chipseqFilter | 0.246 | 0.038 | 0.287 | |
| coverageplot | 0.100 | 0.006 | 0.106 | |
| cstest | 0.211 | 0.005 | 0.216 | |
| diffPeakSummary | 5.557 | 0.072 | 5.629 | |
| estimate.mean.fraglen | 2.449 | 0.028 | 2.476 | |
| islandDepthPlot | 0.750 | 0.003 | 0.753 | |
| laneSubsample | 0.409 | 0.008 | 0.417 | |
| peakCutoff | 0.729 | 0.013 | 0.742 | |