Back to Multiple platform build/check report for BioC 3.22:   simplified   long
A[B]CDEFGHIJKLMNOPQRSTUVWXYZ

This page was generated on 2025-11-20 12:05 -0500 (Thu, 20 Nov 2025).

HostnameOSArch (*)R versionInstalled pkgs
nebbiolo2Linux (Ubuntu 24.04.3 LTS)x86_644.5.2 (2025-10-31) -- "[Not] Part in a Rumble" 4615
merida1macOS 12.7.6 Montereyx86_644.5.2 Patched (2025-11-05 r88990) -- "[Not] Part in a Rumble" 4610
kjohnson1macOS 13.7.5 Venturaarm644.5.2 Patched (2025-11-04 r88984) -- "[Not] Part in a Rumble" 4598
taishanLinux (openEuler 24.03 LTS)aarch644.5.0 (2025-04-11) -- "How About a Twenty-Six" 4668
Click on any hostname to see more info about the system (e.g. compilers)      (*) as reported by 'uname -p', except on Windows and Mac OS X

Package 210/2361HostnameOS / ArchINSTALLBUILDCHECKBUILD BIN
biodbChebi 1.16.0  (landing page)
Pierrick Roger
Snapshot Date: 2025-11-17 13:45 -0500 (Mon, 17 Nov 2025)
git_url: https://git.bioconductor.org/packages/biodbChebi
git_branch: RELEASE_3_22
git_last_commit: 28c1b2d
git_last_commit_date: 2025-10-29 11:12:25 -0500 (Wed, 29 Oct 2025)
nebbiolo2Linux (Ubuntu 24.04.3 LTS) / x86_64  OK    ERROR  skipped
merida1macOS 12.7.6 Monterey / x86_64  OK    ERROR  skippedskipped
kjohnson1macOS 13.7.5 Ventura / arm64  OK    ERROR  skippedskipped
taishanLinux (openEuler 24.03 LTS) / aarch64  OK    ERROR  skipped


BUILD results for biodbChebi on kjohnson1

To the developers/maintainers of the biodbChebi package:
- Allow up to 24 hours (and sometimes 48 hours) for your latest push to git@git.bioconductor.org:packages/biodbChebi.git to reflect on this report. See Troubleshooting Build Report for more information.
- Use the following Renviron settings to reproduce errors and warnings.
- If 'R CMD check' started to fail recently on the Linux builder(s) over a missing dependency, add the missing dependency to 'Suggests:' in your DESCRIPTION file. See Renviron.bioc for more information.

raw results


Summary

Package: biodbChebi
Version: 1.16.0
Command: /Library/Frameworks/R.framework/Resources/bin/R CMD build --keep-empty-dirs --no-resave-data biodbChebi
StartedAt: 2025-11-17 19:25:24 -0500 (Mon, 17 Nov 2025)
EndedAt: 2025-11-17 19:25:37 -0500 (Mon, 17 Nov 2025)
EllapsedTime: 13.1 seconds
RetCode: 1
Status:   ERROR  
PackageFile: None
PackageFileSize: NA

Command output

##############################################################################
##############################################################################
###
### Running command:
###
###   /Library/Frameworks/R.framework/Resources/bin/R CMD build --keep-empty-dirs --no-resave-data biodbChebi
###
##############################################################################
##############################################################################


* checking for file ‘biodbChebi/DESCRIPTION’ ... OK
* preparing ‘biodbChebi’:
* checking DESCRIPTION meta-information ... OK
* installing the package to build vignettes
* creating vignettes ... ERROR
--- re-building ‘biodbChebi.Rmd’ using rmarkdown
INFO  [19:25:27.923] Loading definitions from package biodb version 1.18.0.
INFO  [19:25:28.631] Loading definitions from package biodbChebi version 1.16.0.
INFO  [19:25:28.641] Loading definitions from package biodbHmdb version 1.16.0.
INFO  [19:25:28.654] Loading definitions from package biodbNcbi version 1.14.0.
INFO  [19:25:28.663] Loading definitions from package biodbNci version 1.14.0.
INFO  [19:25:28.667] Loading definitions from package biodbUniprot version 1.16.0.
INFO  [19:25:28.743] Create cache folder "/Users/biocbuild/Library/Caches/org.R-project.R/R/biodb/chebi-0c5076ac2a43d16dbce503a44b09f649".
INFO  [19:25:28.744] Load 3 contents, from /Users/biocbuild/Library/Caches/org.R-project.R/R/biodb/chebi-0c5076ac2a43d16dbce503a44b09f649.
INFO  [19:25:28.751] Load 1 contents, from /Users/biocbuild/Library/Caches/org.R-project.R/R/sched.
INFO  [19:25:28.895] Error when retrieving URL content HTTP error 404 (""). When contacting URL "https://www.ebi.ac.uk/webservices/chebi/2.0/test/getCompleteEntity?chebiId=2528". Retrying connection to server...
INFO  [19:25:29.022] Error when retrieving URL content HTTP error 404 (""). When contacting URL "https://www.ebi.ac.uk/webservices/chebi/2.0/test/getCompleteEntity?chebiId=2528". Retrying connection to server...
INFO  [19:25:29.150] Error when retrieving URL content HTTP error 404 (""). When contacting URL "https://www.ebi.ac.uk/webservices/chebi/2.0/test/getCompleteEntity?chebiId=2528". Retrying connection to server...
INFO  [19:25:29.884] Error when retrieving URL content HTTP error 404 (""). When contacting URL "https://www.ebi.ac.uk/webservices/chebi/2.0/test/getCompleteEntity?chebiId=2528". Retrying connection to server...
INFO  [19:25:30.026] Error when retrieving URL content HTTP error 404 (""). When contacting URL "https://www.ebi.ac.uk/webservices/chebi/2.0/test/getCompleteEntity?chebiId=2528". Retrying connection to server...
INFO  [19:25:30.157] Error when retrieving URL content HTTP error 404 (""). When contacting URL "https://www.ebi.ac.uk/webservices/chebi/2.0/test/getCompleteEntity?chebiId=2528". Retrying connection to server...
INFO  [19:25:30.279] Error when retrieving URL content HTTP error 404 (""). When contacting URL "https://www.ebi.ac.uk/webservices/chebi/2.0/test/getCompleteEntity?chebiId=2528". Retrying connection to server...
INFO  [19:25:31.019] Error when retrieving URL content HTTP error 404 (""). When contacting URL "https://www.ebi.ac.uk/webservices/chebi/2.0/test/getCompleteEntity?chebiId=2528". Retrying connection to server...
INFO  [19:25:31.154] Error when retrieving URL content HTTP error 404 (""). When contacting URL "https://www.ebi.ac.uk/webservices/chebi/2.0/test/getCompleteEntity?chebiId=2528". Retrying connection to server...
INFO  [19:25:31.277] Error when retrieving URL content HTTP error 404 (""). When contacting URL "https://www.ebi.ac.uk/webservices/chebi/2.0/test/getCompleteEntity?chebiId=2528". Retrying connection to server...
INFO  [19:25:31.292] Load 1 contents, from /Users/biocbuild/Library/Caches/org.R-project.R/R/sched.
INFO  [19:25:31.420] Error when retrieving URL content HTTP error 404 (""). When contacting URL "https://www.ebi.ac.uk/webservices/chebi/2.0/test/getCompleteEntity?chebiId=17053". Retrying connection to server...
INFO  [19:25:32.151] Error when retrieving URL content HTTP error 404 (""). When contacting URL "https://www.ebi.ac.uk/webservices/chebi/2.0/test/getCompleteEntity?chebiId=17053". Retrying connection to server...
INFO  [19:25:32.276] Error when retrieving URL content HTTP error 404 (""). When contacting URL "https://www.ebi.ac.uk/webservices/chebi/2.0/test/getCompleteEntity?chebiId=17053". Retrying connection to server...
INFO  [19:25:32.545] Error when retrieving URL content HTTP error 404 (""). When contacting URL "https://www.ebi.ac.uk/webservices/chebi/2.0/test/getCompleteEntity?chebiId=17053". Retrying connection to server...
INFO  [19:25:32.673] Error when retrieving URL content HTTP error 404 (""). When contacting URL "https://www.ebi.ac.uk/webservices/chebi/2.0/test/getCompleteEntity?chebiId=17053". Retrying connection to server...
INFO  [19:25:33.280] Error when retrieving URL content HTTP error 404 (""). When contacting URL "https://www.ebi.ac.uk/webservices/chebi/2.0/test/getCompleteEntity?chebiId=17053". Retrying connection to server...
INFO  [19:25:33.410] Error when retrieving URL content HTTP error 404 (""). When contacting URL "https://www.ebi.ac.uk/webservices/chebi/2.0/test/getCompleteEntity?chebiId=17053". Retrying connection to server...
INFO  [19:25:33.678] Error when retrieving URL content HTTP error 404 (""). When contacting URL "https://www.ebi.ac.uk/webservices/chebi/2.0/test/getCompleteEntity?chebiId=17053". Retrying connection to server...
INFO  [19:25:33.797] Error when retrieving URL content HTTP error 404 (""). When contacting URL "https://www.ebi.ac.uk/webservices/chebi/2.0/test/getCompleteEntity?chebiId=17053". Retrying connection to server...
INFO  [19:25:34.428] Error when retrieving URL content HTTP error 404 (""). When contacting URL "https://www.ebi.ac.uk/webservices/chebi/2.0/test/getCompleteEntity?chebiId=17053". Retrying connection to server...
INFO  [19:25:34.429] Load 1 contents, from /Users/biocbuild/Library/Caches/org.R-project.R/R/sched.
INFO  [19:25:34.559] Error when retrieving URL content HTTP error 404 (""). When contacting URL "https://www.ebi.ac.uk/webservices/chebi/2.0/test/getCompleteEntity?chebiId=15440". Retrying connection to server...
INFO  [19:25:34.807] Error when retrieving URL content HTTP error 404 (""). When contacting URL "https://www.ebi.ac.uk/webservices/chebi/2.0/test/getCompleteEntity?chebiId=15440". Retrying connection to server...
INFO  [19:25:34.931] Error when retrieving URL content HTTP error 404 (""). When contacting URL "https://www.ebi.ac.uk/webservices/chebi/2.0/test/getCompleteEntity?chebiId=15440". Retrying connection to server...
INFO  [19:25:35.566] Error when retrieving URL content HTTP error 404 (""). When contacting URL "https://www.ebi.ac.uk/webservices/chebi/2.0/test/getCompleteEntity?chebiId=15440". Retrying connection to server...
INFO  [19:25:35.692] Error when retrieving URL content HTTP error 404 (""). When contacting URL "https://www.ebi.ac.uk/webservices/chebi/2.0/test/getCompleteEntity?chebiId=15440". Retrying connection to server...
INFO  [19:25:35.942] Error when retrieving URL content HTTP error 404 (""). When contacting URL "https://www.ebi.ac.uk/webservices/chebi/2.0/test/getCompleteEntity?chebiId=15440". Retrying connection to server...
INFO  [19:25:36.060] Error when retrieving URL content HTTP error 404 (""). When contacting URL "https://www.ebi.ac.uk/webservices/chebi/2.0/test/getCompleteEntity?chebiId=15440". Retrying connection to server...
INFO  [19:25:36.697] Error when retrieving URL content HTTP error 404 (""). When contacting URL "https://www.ebi.ac.uk/webservices/chebi/2.0/test/getCompleteEntity?chebiId=15440". Retrying connection to server...
INFO  [19:25:36.816] Error when retrieving URL content HTTP error 404 (""). When contacting URL "https://www.ebi.ac.uk/webservices/chebi/2.0/test/getCompleteEntity?chebiId=15440". Retrying connection to server...
INFO  [19:25:37.071] Error when retrieving URL content HTTP error 404 (""). When contacting URL "https://www.ebi.ac.uk/webservices/chebi/2.0/test/getCompleteEntity?chebiId=15440". Retrying connection to server...
INFO  [19:25:37.072] Save 3 contents to /Users/biocbuild/Library/Caches/org.R-project.R/R/biodb/chebi-0c5076ac2a43d16dbce503a44b09f649.

Quitting from biodbChebi.Rmd:72-74 [unnamed-chunk-5]
~~~~~~~~~~~~~~~~~~~~~~~~~~~~~~~~~~~~~~~~~~~~~~~~~~~~~~~~~~~~~~~~~~~~~~~~~~~~~~~~
<error/rlang_error>
Error:
! attempt to apply non-function
~~~~~~~~~~~~~~~~~~~~~~~~~~~~~~~~~~~~~~~~~~~~~~~~~~~~~~~~~~~~~~~~~~~~~~~~~~~~~~~~

Error: processing vignette 'biodbChebi.Rmd' failed with diagnostics:
attempt to apply non-function
--- failed re-building ‘biodbChebi.Rmd’

SUMMARY: processing the following file failed:
  ‘biodbChebi.Rmd’

Error: Vignette re-building failed.
Execution halted