Back to Multiple platform build/check report for BioC 3.22:   simplified   long
ABCDEFGHIJKLMNOPQRS[T]UVWXYZ

This page was generated on 2025-11-20 12:05 -0500 (Thu, 20 Nov 2025).

HostnameOSArch (*)R versionInstalled pkgs
nebbiolo2Linux (Ubuntu 24.04.3 LTS)x86_644.5.2 (2025-10-31) -- "[Not] Part in a Rumble" 4615
merida1macOS 12.7.6 Montereyx86_644.5.2 Patched (2025-11-05 r88990) -- "[Not] Part in a Rumble" 4610
kjohnson1macOS 13.7.5 Venturaarm644.5.2 Patched (2025-11-04 r88984) -- "[Not] Part in a Rumble" 4598
taishanLinux (openEuler 24.03 LTS)aarch644.5.0 (2025-04-11) -- "How About a Twenty-Six" 4668
Click on any hostname to see more info about the system (e.g. compilers)      (*) as reported by 'uname -p', except on Windows and Mac OS X

Package 2191/2361HostnameOS / ArchINSTALLBUILDCHECKBUILD BIN
TCGAutils 1.30.0  (landing page)
Marcel Ramos
Snapshot Date: 2025-11-17 13:45 -0500 (Mon, 17 Nov 2025)
git_url: https://git.bioconductor.org/packages/TCGAutils
git_branch: RELEASE_3_22
git_last_commit: 4195bdf
git_last_commit_date: 2025-10-29 10:45:09 -0500 (Wed, 29 Oct 2025)
nebbiolo2Linux (Ubuntu 24.04.3 LTS) / x86_64  OK    OK    ERROR  
merida1macOS 12.7.6 Monterey / x86_64  OK    OK    ERROR    OK  
kjohnson1macOS 13.7.5 Ventura / arm64  OK    OK    ERROR    OK  
taishanLinux (openEuler 24.03 LTS) / aarch64  OK    ERROR  skipped


CHECK results for TCGAutils on merida1

To the developers/maintainers of the TCGAutils package:
- Allow up to 24 hours (and sometimes 48 hours) for your latest push to git@git.bioconductor.org:packages/TCGAutils.git to reflect on this report. See Troubleshooting Build Report for more information.
- Use the following Renviron settings to reproduce errors and warnings.
- If 'R CMD check' started to fail recently on the Linux builder(s) over a missing dependency, add the missing dependency to 'Suggests:' in your DESCRIPTION file. See Renviron.bioc for more information.

raw results


Summary

Package: TCGAutils
Version: 1.30.0
Command: /Library/Frameworks/R.framework/Resources/bin/R CMD check --install=check:TCGAutils.install-out.txt --library=/Library/Frameworks/R.framework/Resources/library --no-vignettes --timings TCGAutils_1.30.0.tar.gz
StartedAt: 2025-11-18 15:48:55 -0500 (Tue, 18 Nov 2025)
EndedAt: 2025-11-18 15:59:13 -0500 (Tue, 18 Nov 2025)
EllapsedTime: 617.9 seconds
RetCode: 1
Status:   ERROR  
CheckDir: TCGAutils.Rcheck
Warnings: NA

Command output

##############################################################################
##############################################################################
###
### Running command:
###
###   /Library/Frameworks/R.framework/Resources/bin/R CMD check --install=check:TCGAutils.install-out.txt --library=/Library/Frameworks/R.framework/Resources/library --no-vignettes --timings TCGAutils_1.30.0.tar.gz
###
##############################################################################
##############################################################################


* using log directory ‘/Users/biocbuild/bbs-3.22-bioc/meat/TCGAutils.Rcheck’
* using R version 4.5.2 Patched (2025-11-05 r88990)
* using platform: x86_64-apple-darwin20
* R was compiled by
    Apple clang version 14.0.0 (clang-1400.0.29.202)
    GNU Fortran (GCC) 14.2.0
* running under: macOS Monterey 12.7.6
* using session charset: UTF-8
* using option ‘--no-vignettes’
* checking for file ‘TCGAutils/DESCRIPTION’ ... OK
* this is package ‘TCGAutils’ version ‘1.30.0’
* package encoding: UTF-8
* checking package namespace information ... OK
* checking package dependencies ... OK
* checking if this is a source package ... OK
* checking if there is a namespace ... OK
* checking for hidden files and directories ... OK
* checking for portable file names ... OK
* checking for sufficient/correct file permissions ... OK
* checking whether package ‘TCGAutils’ can be installed ... OK
* checking installed package size ... OK
* checking package directory ... OK
* checking ‘build’ directory ... OK
* checking DESCRIPTION meta-information ... OK
* checking top-level files ... OK
* checking for left-over files ... OK
* checking index information ... OK
* checking package subdirectories ... OK
* checking code files for non-ASCII characters ... OK
* checking R files for syntax errors ... OK
* checking whether the package can be loaded ... OK
* checking whether the package can be loaded with stated dependencies ... OK
* checking whether the package can be unloaded cleanly ... OK
* checking whether the namespace can be loaded with stated dependencies ... OK
* checking whether the namespace can be unloaded cleanly ... OK
* checking dependencies in R code ... NOTE
Unexported object imported by a ':::' call: ‘GenomicRanges:::.normarg_field’
  See the note in ?`:::` about the use of this operator.
* checking S3 generic/method consistency ... OK
* checking replacement functions ... OK
* checking foreign function calls ... OK
* checking R code for possible problems ... OK
* checking Rd files ... OK
* checking Rd metadata ... OK
* checking Rd cross-references ... OK
* checking for missing documentation entries ... OK
* checking for code/documentation mismatches ... OK
* checking Rd \usage sections ... OK
* checking Rd contents ... OK
* checking for unstated dependencies in examples ... OK
* checking contents of ‘data’ directory ... OK
* checking data for non-ASCII characters ... OK
* checking data for ASCII and uncompressed saves ... OK
* checking files in ‘vignettes’ ... OK
* checking examples ... ERROR
Running examples in ‘TCGAutils-Ex.R’ failed
The error most likely occurred in:

> base::assign(".ptime", proc.time(), pos = "CheckExEnv")
> ### Name: makeGRangesListFromCopyNumber
> ### Title: Make a GRangesList from TCGA Copy Number data
> ### Aliases: makeGRangesListFromCopyNumber
> 
> ### ** Examples
> 
> library(GenomicDataCommons)

Attaching package: ‘GenomicDataCommons’

The following object is masked from ‘package:stats’:

    filter

> 
> manif <- files() |>
+     filter(~ cases.project.project_id == "TCGA-COAD" &
+         data_type == "Copy Number Segment") |>
+     manifest(size = 1)
> 
> fname <- gdcdata(manif$id)
> 
> barcode <- UUIDtoBarcode(names(fname), from_type = "file_id")
> barcode <- barcode[["associated_entities.entity_submitter_id"]]
> 
> cndata <- read.delim(fname[[1L]], nrows = 10L)
> 
> cngrl <- makeGRangesListFromCopyNumber(cndata, split.field = "GDC_Aliquot",
+     keep.extra.columns = TRUE)
Error in makeGRangesListFromDataFrame(df = df, split.field = split.field,  : 
  'split.field' is not in 'names(df)'
Calls: makeGRangesListFromCopyNumber -> makeGRangesListFromDataFrame
Execution halted
Examples with CPU (user + system) or elapsed time > 5s
                          user system elapsed
TCGAprimaryTumors       26.951  1.538  31.324
imputeAssay             21.946  1.029  23.913
curatedTCGAData-helpers 20.956  1.209  23.100
ID-translation           2.426  0.066   5.668
getFileName              0.041  0.005   6.570
* checking for unstated dependencies in ‘tests’ ... OK
* checking tests ...
  Running ‘testthat.R’
 OK
* checking for unstated dependencies in vignettes ... OK
* checking package vignettes ... OK
* checking running R code from vignettes ... SKIPPED
* checking re-building of vignette outputs ... SKIPPED
* checking PDF version of manual ... OK
* DONE

Status: 1 ERROR, 1 NOTE
See
  ‘/Users/biocbuild/bbs-3.22-bioc/meat/TCGAutils.Rcheck/00check.log’
for details.


Installation output

TCGAutils.Rcheck/00install.out

##############################################################################
##############################################################################
###
### Running command:
###
###   /Library/Frameworks/R.framework/Resources/bin/R CMD INSTALL TCGAutils
###
##############################################################################
##############################################################################


* installing to library ‘/Library/Frameworks/R.framework/Versions/4.5-x86_64/Resources/library’
* installing *source* package ‘TCGAutils’ ...
** this is package ‘TCGAutils’ version ‘1.30.0’
** using staged installation
** R
** data
** inst
** byte-compile and prepare package for lazy loading
** help
*** installing help indices
** building package indices
** installing vignettes
** testing if installed package can be loaded from temporary location
** testing if installed package can be loaded from final location
** testing if installed package keeps a record of temporary installation path
* DONE (TCGAutils)

Tests output

TCGAutils.Rcheck/tests/testthat.Rout


R version 4.5.2 Patched (2025-11-05 r88990) -- "[Not] Part in a Rumble"
Copyright (C) 2025 The R Foundation for Statistical Computing
Platform: x86_64-apple-darwin20

R is free software and comes with ABSOLUTELY NO WARRANTY.
You are welcome to redistribute it under certain conditions.
Type 'license()' or 'licence()' for distribution details.

R is a collaborative project with many contributors.
Type 'contributors()' for more information and
'citation()' on how to cite R or R packages in publications.

Type 'demo()' for some demos, 'help()' for on-line help, or
'help.start()' for an HTML browser interface to help.
Type 'q()' to quit R.

> library(testthat)
> 
> library(TCGAutils)
> 
> test_check("TCGAutils")
[ FAIL 0 | WARN 0 | SKIP 0 | PASS 49 ]
> 
> proc.time()
   user  system elapsed 
 28.343   1.504  34.657 

Example timings

TCGAutils.Rcheck/TCGAutils-Ex.timings

nameusersystemelapsed
ID-translation2.4260.0665.668
TCGAbarcode0.0020.0000.002
TCGAbiospec0.0380.0090.047
TCGAprimaryTumors26.951 1.53831.324
TCGAsampleSelect0.0140.0030.019
builds0.2740.0030.277
curatedTCGAData-helpers20.956 1.20923.100
findGRangesCols0.0010.0000.003
generateMap0.0520.0020.054
getFileName0.0410.0056.570
imputeAssay21.946 1.02923.913