Back to Multiple platform build/check report for BioC 3.22:   simplified   long
ABCDEFGHIJK[L]MNOPQRSTUVWXYZ

This page was generated on 2025-11-20 12:05 -0500 (Thu, 20 Nov 2025).

HostnameOSArch (*)R versionInstalled pkgs
nebbiolo2Linux (Ubuntu 24.04.3 LTS)x86_644.5.2 (2025-10-31) -- "[Not] Part in a Rumble" 4615
merida1macOS 12.7.6 Montereyx86_644.5.2 Patched (2025-11-05 r88990) -- "[Not] Part in a Rumble" 4610
kjohnson1macOS 13.7.5 Venturaarm644.5.2 Patched (2025-11-04 r88984) -- "[Not] Part in a Rumble" 4598
taishanLinux (openEuler 24.03 LTS)aarch644.5.0 (2025-04-11) -- "How About a Twenty-Six" 4668
Click on any hostname to see more info about the system (e.g. compilers)      (*) as reported by 'uname -p', except on Windows and Mac OS X

Package 1145/2361HostnameOS / ArchINSTALLBUILDCHECKBUILD BIN
LinTInd 1.14.0  (landing page)
Luyue Wang
Snapshot Date: 2025-11-17 13:45 -0500 (Mon, 17 Nov 2025)
git_url: https://git.bioconductor.org/packages/LinTInd
git_branch: RELEASE_3_22
git_last_commit: c065ea6
git_last_commit_date: 2025-10-29 11:14:50 -0500 (Wed, 29 Oct 2025)
nebbiolo2Linux (Ubuntu 24.04.3 LTS) / x86_64  OK    ERROR  skipped
merida1macOS 12.7.6 Monterey / x86_64  OK    ERROR  skippedskipped
kjohnson1macOS 13.7.5 Ventura / arm64  OK    ERROR  skippedskipped
taishanLinux (openEuler 24.03 LTS) / aarch64  OK    ERROR  skipped


BUILD results for LinTInd on merida1

To the developers/maintainers of the LinTInd package:
- Allow up to 24 hours (and sometimes 48 hours) for your latest push to git@git.bioconductor.org:packages/LinTInd.git to reflect on this report. See Troubleshooting Build Report for more information.
- Use the following Renviron settings to reproduce errors and warnings.
- If 'R CMD check' started to fail recently on the Linux builder(s) over a missing dependency, add the missing dependency to 'Suggests:' in your DESCRIPTION file. See Renviron.bioc for more information.

raw results


Summary

Package: LinTInd
Version: 1.14.0
Command: /Library/Frameworks/R.framework/Resources/bin/R CMD build --keep-empty-dirs --no-resave-data LinTInd
StartedAt: 2025-11-17 23:36:47 -0500 (Mon, 17 Nov 2025)
EndedAt: 2025-11-17 23:37:48 -0500 (Mon, 17 Nov 2025)
EllapsedTime: 61.3 seconds
RetCode: 1
Status:   ERROR  
PackageFile: None
PackageFileSize: NA

Command output

##############################################################################
##############################################################################
###
### Running command:
###
###   /Library/Frameworks/R.framework/Resources/bin/R CMD build --keep-empty-dirs --no-resave-data LinTInd
###
##############################################################################
##############################################################################


* checking for file ‘LinTInd/DESCRIPTION’ ... OK
* preparing ‘LinTInd’:
* checking DESCRIPTION meta-information ... OK
* installing the package to build vignettes
* creating vignettes ... ERROR
--- re-building ‘tutorial.Rmd’ using rmarkdown

Quitting from tutorial.Rmd:70-73 [find indels and generate array-form strings]
~~~~~~~~~~~~~~~~~~~~~~~~~~~~~~~~~~~~~~~~~~~~~~~~~~~~~~~~~~~~~~~~~~~~~~~~~~~~~~~~
<error/rlang_error>
Error in `checkForRemoteErrors()`:
! one node produced an error: error in evaluating the argument 'subject' in selecting a method for function 'matchPattern': pattern() has moved from Biostrings to the pwalign package, and is formally
  defunct in Biostrings >= 2.77.1. Please call pwalign::pattern() to get rid of
  this error.
---
Backtrace:
    ▆
 1. └─LinTInd::FindIndel(...)
 2.   └─parallel::parLapply(cl, data$Read.Seq, find_barcode)
 3.     ├─base::do.call(...)
 4.     └─parallel::clusterApply(...)
 5.       └─parallel:::staticClusterApply(cl, fun, length(x), argfun)
 6.         └─parallel:::checkForRemoteErrors(val)
~~~~~~~~~~~~~~~~~~~~~~~~~~~~~~~~~~~~~~~~~~~~~~~~~~~~~~~~~~~~~~~~~~~~~~~~~~~~~~~~

Error: processing vignette 'tutorial.Rmd' failed with diagnostics:
one node produced an error: error in evaluating the argument 'subject' in selecting a method for function 'matchPattern': pattern() has moved from Biostrings to the pwalign package, and is formally
  defunct in Biostrings >= 2.77.1. Please call pwalign::pattern() to get rid of
  this error.
--- failed re-building ‘tutorial.Rmd’

SUMMARY: processing the following file failed:
  ‘tutorial.Rmd’

Error: Vignette re-building failed.
Execution halted