Back to Multiple platform build/check report for BioC 3.22:   simplified   long
ABCDEFGH[I]JKLMNOPQRSTUVWXYZ

This page was generated on 2025-11-15 11:58 -0500 (Sat, 15 Nov 2025).

HostnameOSArch (*)R versionInstalled pkgs
nebbiolo2Linux (Ubuntu 24.04.3 LTS)x86_644.5.1 Patched (2025-08-23 r88802) -- "Great Square Root" 4903
taishanLinux (openEuler 24.03 LTS)aarch644.5.0 (2025-04-11) -- "How About a Twenty-Six" 4668
Click on any hostname to see more info about the system (e.g. compilers)      (*) as reported by 'uname -p', except on Windows and Mac OS X

Package 1099/2361HostnameOS / ArchINSTALLBUILDCHECKBUILD BIN
IsoformSwitchAnalyzeR 2.10.0  (landing page)
Kristoffer Vitting-Seerup
Snapshot Date: 2025-11-14 13:45 -0500 (Fri, 14 Nov 2025)
git_url: https://git.bioconductor.org/packages/IsoformSwitchAnalyzeR
git_branch: RELEASE_3_22
git_last_commit: 34e7c83
git_last_commit_date: 2025-10-29 10:38:58 -0500 (Wed, 29 Oct 2025)
nebbiolo2Linux (Ubuntu 24.04.3 LTS) / x86_64  OK    OK    ERROR  
taishanLinux (openEuler 24.03 LTS) / aarch64  OK    OK    OK  


CHECK results for IsoformSwitchAnalyzeR on nebbiolo2

To the developers/maintainers of the IsoformSwitchAnalyzeR package:
- Allow up to 24 hours (and sometimes 48 hours) for your latest push to git@git.bioconductor.org:packages/IsoformSwitchAnalyzeR.git to reflect on this report. See Troubleshooting Build Report for more information.
- Use the following Renviron settings to reproduce errors and warnings.
- If 'R CMD check' started to fail recently on the Linux builder(s) over a missing dependency, add the missing dependency to 'Suggests:' in your DESCRIPTION file. See Renviron.bioc for more information.

raw results


Summary

Package: IsoformSwitchAnalyzeR
Version: 2.10.0
Command: /home/biocbuild/bbs-3.22-bioc/R/bin/R CMD check --install=check:IsoformSwitchAnalyzeR.install-out.txt --library=/home/biocbuild/bbs-3.22-bioc/R/site-library --timings IsoformSwitchAnalyzeR_2.10.0.tar.gz
StartedAt: 2025-11-15 00:57:13 -0500 (Sat, 15 Nov 2025)
EndedAt: 2025-11-15 01:26:49 -0500 (Sat, 15 Nov 2025)
EllapsedTime: 1776.0 seconds
RetCode: 1
Status:   ERROR  
CheckDir: IsoformSwitchAnalyzeR.Rcheck
Warnings: NA

Command output

##############################################################################
##############################################################################
###
### Running command:
###
###   /home/biocbuild/bbs-3.22-bioc/R/bin/R CMD check --install=check:IsoformSwitchAnalyzeR.install-out.txt --library=/home/biocbuild/bbs-3.22-bioc/R/site-library --timings IsoformSwitchAnalyzeR_2.10.0.tar.gz
###
##############################################################################
##############################################################################


* using log directory ‘/home/biocbuild/bbs-3.22-bioc/meat/IsoformSwitchAnalyzeR.Rcheck’
* using R version 4.5.1 Patched (2025-08-23 r88802)
* using platform: x86_64-pc-linux-gnu
* R was compiled by
    gcc (Ubuntu 13.3.0-6ubuntu2~24.04) 13.3.0
    GNU Fortran (Ubuntu 13.3.0-6ubuntu2~24.04) 13.3.0
* running under: Ubuntu 24.04.3 LTS
* using session charset: UTF-8
* checking for file ‘IsoformSwitchAnalyzeR/DESCRIPTION’ ... OK
* checking extension type ... Package
* this is package ‘IsoformSwitchAnalyzeR’ version ‘2.10.0’
* checking package namespace information ... OK
* checking package dependencies ... INFO
Depends: includes the non-default packages:
  'limma', 'DEXSeq', 'satuRn', 'sva', 'ggplot2', 'pfamAnalyzeR'
Adding so many packages to the search path is excessive and importing
selectively is preferable.

Imports includes 30 non-default packages.
Importing from so many packages makes the package vulnerable to any of
them becoming unavailable.  Move as many as possible to Suggests and
use conditionally.
* checking if this is a source package ... OK
* checking if there is a namespace ... OK
* checking for hidden files and directories ... OK
* checking for portable file names ... OK
* checking for sufficient/correct file permissions ... OK
* checking whether package ‘IsoformSwitchAnalyzeR’ can be installed ... OK
* used C compiler: ‘gcc (Ubuntu 13.3.0-6ubuntu2~24.04) 13.3.0’
* checking installed package size ... INFO
  installed size is  6.9Mb
  sub-directories of 1Mb or more:
    R         1.0Mb
    data      1.1Mb
    extdata   4.4Mb
* checking package directory ... OK
* checking ‘build’ directory ... OK
* checking DESCRIPTION meta-information ... OK
* checking top-level files ... OK
* checking for left-over files ... OK
* checking index information ... OK
* checking package subdirectories ... OK
* checking code files for non-ASCII characters ... OK
* checking R files for syntax errors ... OK
* checking whether the package can be loaded ... OK
* checking whether the package can be loaded with stated dependencies ... OK
* checking whether the package can be unloaded cleanly ... OK
* checking whether the namespace can be loaded with stated dependencies ... OK
* checking whether the namespace can be unloaded cleanly ... OK
* checking loading without being on the library search path ... OK
* checking dependencies in R code ... OK
* checking S3 generic/method consistency ... OK
* checking replacement functions ... OK
* checking foreign function calls ... OK
* checking R code for possible problems ... NOTE
analyzeNovelIsoformORF: no visible binding for global variable
  'orf_origin'
analyzeNovelIsoformORF: no visible binding for global variable
  'orfStartGenomic'
analyzeNovelIsoformORF: no visible binding for global variable
  'isoform_id'
analyzeNovelIsoformORF: no visible binding for global variable
  'orfEndGenomic'
expressionAnalysisPlot: no visible binding for global variable
  'Condition'
expressionAnalysisPlot: no visible binding for global variable
  'gene_expression'
expressionAnalysisPlot: no visible binding for global variable 'CI_up'
expressionAnalysisPlot: no visible binding for global variable
  'CI_down'
expressionAnalysisPlot: no visible binding for global variable
  'sigLevelPos'
expressionAnalysisPlot: no visible binding for global variable
  'sigLevel'
expressionAnalysisPlot: no visible binding for global variable 'CI_hi'
expressionAnalysisPlot: no visible binding for global variable 'CI_low'
expressionAnalysisPlot: no visible binding for global variable 'ymax'
expressionAnalysisPlot: no visible binding for global variable
  'sigEval'
expressionAnalysisPlot: no visible binding for global variable 'idNr'
expressionAnalysisPlot: no visible binding for global variable 'IF'
extractConsequenceEnrichment: no visible binding for global variable
  'feature2'
extractConsequenceEnrichment: no visible binding for global variable
  'propOfRelevantEvents'
extractConsequenceEnrichment: no visible binding for global variable
  'Significant'
extractConsequenceEnrichment: no visible binding for global variable
  'propCiLo'
extractConsequenceEnrichment: no visible binding for global variable
  'propCiHi'
extractConsequenceEnrichment: no visible binding for global variable
  'nTot'
extractConsequenceEnrichmentComparison: no visible binding for global
  variable 'Comparison'
extractConsequenceEnrichmentComparison: no visible binding for global
  variable 'propOfRelevantEvents'
extractConsequenceEnrichmentComparison: no visible binding for global
  variable 'Significant'
extractConsequenceEnrichmentComparison: no visible binding for global
  variable 'nTot'
extractConsequenceEnrichmentComparison: no visible binding for global
  variable 'propCiHi'
extractConsequenceEnrichmentComparison: no visible binding for global
  variable 'propCiLo'
extractConsequenceGenomeWide: no visible binding for global variable
  'isoform_feature'
extractConsequenceGenomeWide: no visible binding for global variable
  'value'
extractConsequenceGenomeWide: no visible binding for global variable
  'variable'
extractConsequenceGenomeWide: no visible binding for global variable
  'ymax'
extractConsequenceGenomeWide: no visible binding for global variable
  'significance'
extractConsequenceGenomeWide: no visible binding for global variable
  'idNr'
extractConsequenceSummary: no visible binding for global variable
  'switchConsequence'
extractConsequenceSummary: no visible binding for global variable
  'geneFraction'
extractConsequenceSummary: no visible binding for global variable
  'nrGenesWithConsequences'
extractConsequenceSummary: no visible binding for global variable
  'isoFraction'
extractConsequenceSummary: no visible binding for global variable
  'nrIsoWithConsequences'
extractSplicingEnrichment: no visible binding for global variable
  'AStype'
extractSplicingEnrichment: no visible binding for global variable
  'propUp'
extractSplicingEnrichment: no visible binding for global variable
  'Significant'
extractSplicingEnrichment: no visible binding for global variable
  'nTot'
extractSplicingEnrichment: no visible binding for global variable
  'propUpCiHi'
extractSplicingEnrichment: no visible binding for global variable
  'propUpCiLo'
extractSplicingEnrichmentComparison: no visible binding for global
  variable 'Comparison'
extractSplicingEnrichmentComparison: no visible binding for global
  variable 'propUp'
extractSplicingEnrichmentComparison: no visible binding for global
  variable 'Significant'
extractSplicingEnrichmentComparison: no visible binding for global
  variable 'nTot'
extractSplicingEnrichmentComparison: no visible binding for global
  variable 'propUpCiHi'
extractSplicingEnrichmentComparison: no visible binding for global
  variable 'propUpCiLo'
extractSplicingGenomeWide: no visible binding for global variable
  'isoform_feature'
extractSplicingGenomeWide: no visible binding for global variable
  'value'
extractSplicingGenomeWide: no visible binding for global variable
  'variable'
extractSplicingGenomeWide: no visible binding for global variable
  'ymax'
extractSplicingGenomeWide: no visible binding for global variable
  'significance'
extractSplicingGenomeWide: no visible binding for global variable
  'idNr'
extractSplicingSummary: no visible binding for global variable
  'splicingResult'
extractSplicingSummary: no visible binding for global variable
  'geneFraction'
extractSplicingSummary: no visible binding for global variable
  'nrGenesWithConsequences'
extractSplicingSummary: no visible binding for global variable
  'isoFraction'
extractSplicingSummary: no visible binding for global variable
  'nrIsoWithConsequences'
extractSubCellShifts: no visible binding for global variable 'gene_ref'
extractSubCellShifts: no visible binding for global variable 'gene_id'
extractSubCellShifts: no visible binding for global variable
  'condition_1'
extractSubCellShifts: no visible binding for global variable
  'condition_2'
extractSubCellShifts: no visible binding for global variable
  'isoformUpregulated'
extractSubCellShifts: no visible binding for global variable
  'isoformDownregulated'
extractSubCellShifts: no visible binding for global variable
  'featureCompared'
extractSubCellShifts: no visible binding for global variable
  'isoformsDifferent'
extractSubCellShifts: no visible binding for global variable
  'isoform_id'
extractSubCellShifts: no visible binding for global variable
  'Localizations'
extractSubCellShifts: no visible binding for global variable
  'location_gain'
extractSubCellShifts: no visible binding for global variable
  'location_loss'
extractSubCellShifts: no visible binding for global variable 'n_genes'
extractSubCellShifts: no visible binding for global variable 'n_switch'
extractSubCellShifts: no visible binding for global variable 'Genes'
extractSubCellShifts: no visible binding for global variable 'Switch'
importGTF: no visible binding for global variable 'gene_id'
importGTF: no visible binding for global variable 'gene_name'
importRdata: no visible binding for global variable 'isoform_id'
importRdata: no visible binding for global variable 'gene_id'
importRdata: no visible binding for global variable 'ref_gene_id'
importRdata: no visible binding for global variable 'n_ref_gene_ids'
importRdata: no visible binding for global variable 'n_iso_na'
importRdata: no visible binding for global variable 'novel_iso'
importRdata: no visible binding for global variable 'known_ref_gene_id'
importRdata: no visible binding for global variable 'nt_overlap'
importRdata: no visible binding for global variable 'frac_overlap'
importRdata: no visible binding for global variable
  'log2_overlap_ratio'
importRdata: no visible binding for global variable 'has_ref_gene_id'
importRdata: no visible binding for global variable 'has_novel_iso'
importRdata: no visible binding for global variable 'gene_name'
importRdata: no visible binding for global variable 'n_ref'
isoformToGeneExp: no visible binding for global variable 'gene_id'
isoformToGeneExp: no visible binding for global variable 'gene_name'
preFilter: no visible global function definition for 'setdff'
switchPlotTranscript: no visible binding for global variable 'topology'
switchPlotTranscript: no visible binding for global variable 'idNr'
switchPlotTranscript: no visible binding for global variable 'Topology'
switchPlotTranscript: no visible binding for global variable 'topGroup'
switchPlotTranscript: no visible binding for global variable 'y'
switchPlotTranscript: no visible binding for global variable 'yend'
switchPlotTranscript: no visible binding for global variable 'x'
switchPlotTranscript: no visible binding for global variable 'ymin'
switchPlotTranscript: no visible binding for global variable 'xmin'
switchPlotTranscript: no visible binding for global variable 'ymax'
switchPlotTranscript: no visible binding for global variable 'xmax'
switchPlotTranscript: no visible binding for global variable 'Domain'
switchPlotTranscript: no visible binding for global variable 'value'
Undefined global functions or variables:
  AStype CI_down CI_hi CI_low CI_up Comparison Condition Domain Genes
  IF Localizations Significant Switch Topology condition_1 condition_2
  feature2 featureCompared frac_overlap geneFraction gene_expression
  gene_id gene_name gene_ref has_novel_iso has_ref_gene_id idNr
  isoFraction isoformDownregulated isoformUpregulated isoform_feature
  isoform_id isoformsDifferent known_ref_gene_id location_gain
  location_loss log2_overlap_ratio nTot n_genes n_iso_na n_ref
  n_ref_gene_ids n_switch novel_iso nrGenesWithConsequences
  nrIsoWithConsequences nt_overlap orfEndGenomic orfStartGenomic
  orf_origin propCiHi propCiLo propOfRelevantEvents propUp propUpCiHi
  propUpCiLo ref_gene_id setdff sigEval sigLevel sigLevelPos
  significance splicingResult switchConsequence topGroup topology value
  variable x xmax xmin y yend ymax ymin
* checking Rd files ... NOTE
checkRd: (-1) isoformToGeneExp.Rd:22: Lost braces; missing escapes or markup?
    22 |     \item{Using the {isoformGeneAnnotation} argument}.
       |                     ^
checkRd: (-1) isoformToIsoformFraction.Rd:23: Lost braces; missing escapes or markup?
    23 |     \item{Using the {isoformGeneAnnotation} argument}.
       |                     ^
* checking Rd metadata ... OK
* checking Rd cross-references ... OK
* checking for missing documentation entries ... OK
* checking for code/documentation mismatches ... OK
* checking Rd \usage sections ... OK
* checking Rd contents ... OK
* checking for unstated dependencies in examples ... OK
* checking contents of ‘data’ directory ... OK
* checking data for non-ASCII characters ... OK
* checking data for ASCII and uncompressed saves ... OK
* checking line endings in C/C++/Fortran sources/headers ... OK
* checking compiled code ... NOTE
Note: information on .o files is not available
* checking files in ‘vignettes’ ... OK
* checking examples ... ERROR
Running examples in ‘IsoformSwitchAnalyzeR-Ex.R’ failed
The error most likely occurred in:

> base::assign(".ptime", proc.time(), pos = "CheckExEnv")
> ### Name: importSalmonData
> ### Title: Direct creation of a switchAnalyzeRlist from Salmon
> ###   quantification
> ### Aliases: importSalmonData
> 
> ### ** Examples
> 
> ### Please note
> # The way of importing files in the following example with
> #   "system.file('pathToFile', package="IsoformSwitchAnalyzeR") is
> #   specialized way of accessing the example data in the IsoformSwitchAnalyzeR package
> #   and not something you need to do - just supply the string e.g.
> #   parentDir = "individual_quantifications_in_subdir/" to the functions
> #   path (e.g. "myAnnotation/isoformsQuantified.gtf") to the isoformExonAnnoation argument
> 
> ### Prepare data.frame with quant file info
> salmonDf <- prepareSalmonFileDataFrame(
+     system.file("extdata/drosophila", package="IsoformSwitchAnalyzeR")
+ )
Found 4 Salmon quantifications of interest
Adding NAs as conditions. Please modify these manually.
> 
> ### Add conditions
> salmonDf$condition <- c('wt','wt','ko','ko')
> 
> ### Create switchAnalyzeRlist
> aSwitchList <- importSalmonData(salmonDf)
Importing quantification data...
Importing annoation data...
trying URL 'ftp://ftp.ensembl.org/pub/release-98/fasta/drosophila_melanogaster/cdna/Drosophila_melanogaster.BDGP6.22.cdna.all.fa.gz'
Content type 'unknown' length 17378397 bytes (16.6 MB)
=======================================
Error in download.file(fp, filepath2[i]) : 
  cannot open URL 'ftp://ftp.ensembl.org/pub/release-98/fasta/drosophila_melanogaster/cdna/Drosophila_melanogaster.BDGP6.22.cdna.all.fa.gz'
Calls: importSalmonData -> suppressMessages -> withCallingHandlers
Execution halted
Examples with CPU (user + system) or elapsed time > 5s
                            user system elapsed
IsoformSwitchTestDEXSeq   62.254  2.393  64.653
extractSequence            8.757  0.099   8.856
analyzeORF                 8.670  0.139   8.811
extractSwitchSummary       7.607  0.001   7.607
extractTopSwitches         7.561  0.002   7.563
analyzeAlternativSplicing  5.962  0.041   6.002
* checking for unstated dependencies in vignettes ... OK
* checking package vignettes ... OK
* checking re-building of vignette outputs ... ERROR
Error(s) in re-building vignettes:
--- re-building ‘IsoformSwitchAnalyzeR.Rmd’ using rmarkdown
trying URL 'ftp://ftp.ensembl.org/pub/release-98/fasta/drosophila_melanogaster/cdna/Drosophila_melanogaster.BDGP6.22.cdna.all.fa.gz'
Content type 'unknown' length 17378397 bytes (16.6 MB)
===================================

Quitting from IsoformSwitchAnalyzeR.Rmd:1153-1158 [unnamed-chunk-37]
~~~~~~~~~~~~~~~~~~~~~~~~~~~~~~~~~~~~~~~~~~~~~~~~~~~~~~~~~~~~~~~~~~~~~~~~~~~~~~~~
<error/rlang_error>
Error in `download.file()`:
! cannot open URL 'ftp://ftp.ensembl.org/pub/release-98/fasta/drosophila_melanogaster/cdna/Drosophila_melanogaster.BDGP6.22.cdna.all.fa.gz'
---
Backtrace:
     ▆
  1. └─IsoformSwitchAnalyzeR::importSalmonData(...)
  2.   ├─base::suppressMessages(suppressWarnings(localNtSeq <- retrieveCDNA(localSe)))
  3.   │ └─base::withCallingHandlers(...)
  4.   ├─base::suppressWarnings(localNtSeq <- retrieveCDNA(localSe))
  5.   │ └─base::withCallingHandlers(...)
  6.   └─tximeta::retrieveCDNA(localSe)
  7.     └─Biostrings::readDNAStringSet(txomeInfo$fasta[[1]][i])
  8.       └─Biostrings:::.read_XStringSet(...)
  9.         └─Biostrings::fasta.index(...)
 10.           └─XVector::open_input_files(filepath)
 11.             └─XVector:::.normarg_input_filepath(filepath)
 12.               └─utils::download.file(fp, filepath2[i])
~~~~~~~~~~~~~~~~~~~~~~~~~~~~~~~~~~~~~~~~~~~~~~~~~~~~~~~~~~~~~~~~~~~~~~~~~~~~~~~~

Error: processing vignette 'IsoformSwitchAnalyzeR.Rmd' failed with diagnostics:
cannot open URL 'ftp://ftp.ensembl.org/pub/release-98/fasta/drosophila_melanogaster/cdna/Drosophila_melanogaster.BDGP6.22.cdna.all.fa.gz'
--- failed re-building ‘IsoformSwitchAnalyzeR.Rmd’

SUMMARY: processing the following file failed:
  ‘IsoformSwitchAnalyzeR.Rmd’

Error: Vignette re-building failed.
Execution halted

* checking PDF version of manual ... OK
* DONE

Status: 2 ERRORs, 3 NOTEs
See
  ‘/home/biocbuild/bbs-3.22-bioc/meat/IsoformSwitchAnalyzeR.Rcheck/00check.log’
for details.


Installation output

IsoformSwitchAnalyzeR.Rcheck/00install.out

##############################################################################
##############################################################################
###
### Running command:
###
###   /home/biocbuild/bbs-3.22-bioc/R/bin/R CMD INSTALL IsoformSwitchAnalyzeR
###
##############################################################################
##############################################################################


* installing to library ‘/home/biocbuild/bbs-3.22-bioc/R/site-library’
* installing *source* package ‘IsoformSwitchAnalyzeR’ ...
** this is package ‘IsoformSwitchAnalyzeR’ version ‘2.10.0’
** using staged installation
** libs
using C compiler: ‘gcc (Ubuntu 13.3.0-6ubuntu2~24.04) 13.3.0’
gcc -std=gnu2x -I"/home/biocbuild/bbs-3.22-bioc/R/include" -DNDEBUG   -I/usr/local/include    -fpic  -g -O2  -Wall -Werror=format-security -c utils.c -o utils.o
gcc -std=gnu2x -shared -L/home/biocbuild/bbs-3.22-bioc/R/lib -L/usr/local/lib -o IsoformSwitchAnalyzeR.so utils.o -L/home/biocbuild/bbs-3.22-bioc/R/lib -lR
installing to /home/biocbuild/bbs-3.22-bioc/R/site-library/00LOCK-IsoformSwitchAnalyzeR/00new/IsoformSwitchAnalyzeR/libs
** R
** data
** inst
** byte-compile and prepare package for lazy loading
** help
*** installing help indices
** building package indices
** installing vignettes
** testing if installed package can be loaded from temporary location
** checking absolute paths in shared objects and dynamic libraries
** testing if installed package can be loaded from final location
** testing if installed package keeps a record of temporary installation path
* DONE (IsoformSwitchAnalyzeR)

Tests output


Example timings

IsoformSwitchAnalyzeR.Rcheck/IsoformSwitchAnalyzeR-Ex.timings

nameusersystemelapsed
IsoformSwitchTestDEXSeq62.254 2.39364.653
IsoformSwitchTestSatuRn2.5540.1602.715
addORFfromGTF0.7210.0260.747
analyzeAlternativSplicing5.9620.0416.002
analyzeCPAT0.0540.0020.055
analyzeCPC20.0500.0020.053
analyzeDeepLoc20.2000.0370.240
analyzeDeepTMHMM0.4630.0030.466
analyzeIUPred2A2.2540.0282.283
analyzeNovelIsoformORF0.6290.0020.631
analyzeORF8.6700.1398.811
analyzePFAM0.4360.0170.453
analyzeSignalP0.0840.0010.085
analyzeSwitchConsequences1.2080.0271.235
expressionAnalysisPlots1.6840.0011.686
extractConsequenceEnrichment0.6430.0020.646
extractConsequenceEnrichmentComparison0.8560.0020.858
extractConsequenceSummary1.0120.0011.012
extractGeneExpression0.0380.0020.040
extractGenomeWideAnalysis3.4730.0483.522
extractGenomeWideSplicingAnalysis4.1680.1424.311
extractSequence8.7570.0998.856
extractSplicingEnrichment1.2390.0081.246
extractSplicingEnrichmentComparison1.4010.0021.404
extractSplicingSummary1.2750.0031.278
extractSwitchOverlap0.3260.0020.328
extractSwitchSummary7.6070.0017.607
extractTopSwitches7.5610.0027.563
importCufflinksGalaxyData000
importGTF0.7300.0000.731
importIsoformExpression0.5120.1360.651
importRdata2.2700.1042.375