Back to Build/check report for BioC 3.22:   simplified   long
ABCDEF[G]HIJKLMNOPQRSTUVWXYZ

This page was generated on 2025-10-27 12:45 -0400 (Mon, 27 Oct 2025).

HostnameOSArch (*)R versionInstalled pkgs
kjohnson3macOS 13.7.7 Venturaarm644.5.1 Patched (2025-09-10 r88807) -- "Great Square Root" 4637
Click on any hostname to see more info about the system (e.g. compilers)      (*) as reported by 'uname -p', except on Windows and Mac OS X

Package 843/2361HostnameOS / ArchINSTALLBUILDCHECKBUILD BIN
GenomicDataCommons 1.33.1  (landing page)
Sean Davis
Snapshot Date: 2025-10-26 13:45 -0400 (Sun, 26 Oct 2025)
git_url: https://git.bioconductor.org/packages/GenomicDataCommons
git_branch: devel
git_last_commit: b59db7b
git_last_commit_date: 2025-05-12 14:24:20 -0400 (Mon, 12 May 2025)
kjohnson3macOS 13.7.7 Ventura / arm64  OK    ERROR  skippedskipped


BUILD results for GenomicDataCommons on kjohnson3

To the developers/maintainers of the GenomicDataCommons package:
- Allow up to 24 hours (and sometimes 48 hours) for your latest push to git@git.bioconductor.org:packages/GenomicDataCommons.git to reflect on this report. See Troubleshooting Build Report for more information.
- Use the following Renviron settings to reproduce errors and warnings.
- If 'R CMD check' started to fail recently on the Linux builder(s) over a missing dependency, add the missing dependency to 'Suggests:' in your DESCRIPTION file. See Renviron.bioc for more information.

raw results


Summary

Package: GenomicDataCommons
Version: 1.33.1
Command: /Library/Frameworks/R.framework/Resources/bin/R CMD build --keep-empty-dirs --no-resave-data GenomicDataCommons
StartedAt: 2025-10-26 16:34:20 -0400 (Sun, 26 Oct 2025)
EndedAt: 2025-10-26 16:35:04 -0400 (Sun, 26 Oct 2025)
EllapsedTime: 44.5 seconds
RetCode: 1
Status:   ERROR  
PackageFile: None
PackageFileSize: NA

Command output

##############################################################################
##############################################################################
###
### Running command:
###
###   /Library/Frameworks/R.framework/Resources/bin/R CMD build --keep-empty-dirs --no-resave-data GenomicDataCommons
###
##############################################################################
##############################################################################


* checking for file ‘GenomicDataCommons/DESCRIPTION’ ... OK
* preparing ‘GenomicDataCommons’:
* checking DESCRIPTION meta-information ... OK
* installing the package to build vignettes
* creating vignettes ... ERROR
--- re-building ‘overview.Rmd’ using rmarkdown

Quitting from overview.Rmd:109-111 [statusQS]
~~~~~~~~~~~~~~~~~~~~~~~~~~~~~~~~~~~~~~~~~~~~~~~~~~~~~~~~~~~~~~~~~~~~~~~~~~~~~~~~
<error/rlang_error>
Error in `curl::curl_fetch_memory()`:
! Timeout was reached [api.gdc.cancer.gov]:
Resolving timed out after 10002 milliseconds
---
Backtrace:
    ▆
 1. ├─GenomicDataCommons::status()
 2. │ └─GenomicDataCommons:::.gdc_get(...)
 3. │   └─httr::GET(uri, add_headers(`X-Auth-Token` = token), ...)
 4. │     └─httr:::request_perform(req, hu$handle$handle)
 5. │       ├─httr:::request_fetch(req$output, req$url, handle)
 6. │       └─httr:::request_fetch.write_memory(req$output, req$url, handle)
 7. │         └─curl::curl_fetch_memory(url, handle = handle)
 8. └─curl:::raise_libcurl_error(...)
~~~~~~~~~~~~~~~~~~~~~~~~~~~~~~~~~~~~~~~~~~~~~~~~~~~~~~~~~~~~~~~~~~~~~~~~~~~~~~~~

Error: processing vignette 'overview.Rmd' failed with diagnostics:
Timeout was reached [api.gdc.cancer.gov]:
Resolving timed out after 10002 milliseconds
--- failed re-building ‘overview.Rmd’

--- re-building ‘questions-and-answers.Rmd’ using rmarkdown

Quitting from questions-and-answers.Rmd:31-38 [unnamed-chunk-2]
~~~~~~~~~~~~~~~~~~~~~~~~~~~~~~~~~~~~~~~~~~~~~~~~~~~~~~~~~~~~~~~~~~~~~~~~~~~~~~~~
<error/rlang_error>
Error in `curl::curl_fetch_memory()`:
! Could not resolve hostname [api.gdc.cancer.gov]:
Could not resolve host: api.gdc.cancer.gov
---
Backtrace:
     ▆
  1. ├─GenomicDataCommons::filter(...)
  2. ├─GenomicDataCommons::files()
  3. │ └─GenomicDataCommons::query("files", ...)
  4. │   ├─base::structure(...)
  5. │   ├─GenomicDataCommons::default_fields(entity)
  6. │   └─GenomicDataCommons:::default_fields.character(entity)
  7. │     ├─base::subset(mapping(x), defaults)
  8. │     └─GenomicDataCommons::mapping(x)
  9. │       └─GenomicDataCommons:::.get_mapping_json(endpoint)
 10. │         └─GenomicDataCommons:::.gdc_get(sprintf("%s/%s", endpoint, "_mapping"))
 11. │           └─httr::GET(uri, add_headers(`X-Auth-Token` = token), ...)
 12. │             └─httr:::request_perform(req, hu$handle$handle)
 13. │               ├─httr:::request_fetch(req$output, req$url, handle)
 14. │               └─httr:::request_fetch.write_memory(req$output, req$url, handle)
 15. │                 └─curl::curl_fetch_memory(url, handle = handle)
 16. └─curl:::raise_libcurl_error(...)
~~~~~~~~~~~~~~~~~~~~~~~~~~~~~~~~~~~~~~~~~~~~~~~~~~~~~~~~~~~~~~~~~~~~~~~~~~~~~~~~

Error: processing vignette 'questions-and-answers.Rmd' failed with diagnostics:
Could not resolve hostname [api.gdc.cancer.gov]:
Could not resolve host: api.gdc.cancer.gov
--- failed re-building ‘questions-and-answers.Rmd’

--- re-building ‘somatic_mutations.Rmd’ using rmarkdown

Quitting from somatic_mutations.Rmd:31-33 [unnamed-chunk-2]
~~~~~~~~~~~~~~~~~~~~~~~~~~~~~~~~~~~~~~~~~~~~~~~~~~~~~~~~~~~~~~~~~~~~~~~~~~~~~~~~
<error/rlang_error>
Error in `curl::curl_fetch_memory()`:
! Could not resolve hostname [api.gdc.cancer.gov]:
Could not resolve host: api.gdc.cancer.gov
---
Backtrace:
     ▆
  1. ├─GenomicDataCommons::grep_fields("genes", "symbol")
  2. │ ├─base::grep(...)
  3. │ │ └─base::is.factor(x)
  4. │ ├─GenomicDataCommons::available_fields(entity)
  5. │ └─GenomicDataCommons:::available_fields.character(entity)
  6. │   └─GenomicDataCommons::mapping(x)
  7. │     └─GenomicDataCommons:::.get_mapping_json(endpoint)
  8. │       └─GenomicDataCommons:::.gdc_get(sprintf("%s/%s", endpoint, "_mapping"))
  9. │         └─httr::GET(uri, add_headers(`X-Auth-Token` = token), ...)
 10. │           └─httr:::request_perform(req, hu$handle$handle)
 11. │             ├─httr:::request_fetch(req$output, req$url, handle)
 12. │             └─httr:::request_fetch.write_memory(req$output, req$url, handle)
 13. │               └─curl::curl_fetch_memory(url, handle = handle)
 14. └─curl:::raise_libcurl_error(...)
~~~~~~~~~~~~~~~~~~~~~~~~~~~~~~~~~~~~~~~~~~~~~~~~~~~~~~~~~~~~~~~~~~~~~~~~~~~~~~~~

Error: processing vignette 'somatic_mutations.Rmd' failed with diagnostics:
Could not resolve hostname [api.gdc.cancer.gov]:
Could not resolve host: api.gdc.cancer.gov
--- failed re-building ‘somatic_mutations.Rmd’

SUMMARY: processing the following files failed:
  ‘overview.Rmd’ ‘questions-and-answers.Rmd’ ‘somatic_mutations.Rmd’

Error: Vignette re-building failed.
Execution halted