Back to Multiple platform build/check report for BioC 3.22:   simplified   long
ABCDEF[G]HIJKLMNOPQRSTUVWXYZ

This page was generated on 2025-11-20 12:03 -0500 (Thu, 20 Nov 2025).

HostnameOSArch (*)R versionInstalled pkgs
nebbiolo2Linux (Ubuntu 24.04.3 LTS)x86_644.5.2 (2025-10-31) -- "[Not] Part in a Rumble" 4615
merida1macOS 12.7.6 Montereyx86_644.5.2 Patched (2025-11-05 r88990) -- "[Not] Part in a Rumble" 4610
kjohnson1macOS 13.7.5 Venturaarm644.5.2 Patched (2025-11-04 r88984) -- "[Not] Part in a Rumble" 4598
taishanLinux (openEuler 24.03 LTS)aarch644.5.0 (2025-04-11) -- "How About a Twenty-Six" 4668
Click on any hostname to see more info about the system (e.g. compilers)      (*) as reported by 'uname -p', except on Windows and Mac OS X

Package 809/2361HostnameOS / ArchINSTALLBUILDCHECKBUILD BIN
GeDi 1.6.0  (landing page)
Annekathrin Nedwed
Snapshot Date: 2025-11-17 13:45 -0500 (Mon, 17 Nov 2025)
git_url: https://git.bioconductor.org/packages/GeDi
git_branch: RELEASE_3_22
git_last_commit: 308bc6a
git_last_commit_date: 2025-10-29 11:29:41 -0500 (Wed, 29 Oct 2025)
nebbiolo2Linux (Ubuntu 24.04.3 LTS) / x86_64  OK    OK    ERROR  
merida1macOS 12.7.6 Monterey / x86_64  OK    OK    ERROR    OK  
kjohnson1macOS 13.7.5 Ventura / arm64  OK    OK    ERROR    OK  
taishanLinux (openEuler 24.03 LTS) / aarch64  OK    OK    ERROR  


CHECK results for GeDi on nebbiolo2

To the developers/maintainers of the GeDi package:
- Allow up to 24 hours (and sometimes 48 hours) for your latest push to git@git.bioconductor.org:packages/GeDi.git to reflect on this report. See Troubleshooting Build Report for more information.
- Use the following Renviron settings to reproduce errors and warnings.
- If 'R CMD check' started to fail recently on the Linux builder(s) over a missing dependency, add the missing dependency to 'Suggests:' in your DESCRIPTION file. See Renviron.bioc for more information.

raw results


Summary

Package: GeDi
Version: 1.6.0
Command: /home/biocbuild/bbs-3.22-bioc/R/bin/R CMD check --install=check:GeDi.install-out.txt --library=/home/biocbuild/bbs-3.22-bioc/R/site-library --timings GeDi_1.6.0.tar.gz
StartedAt: 2025-11-18 04:16:41 -0500 (Tue, 18 Nov 2025)
EndedAt: 2025-11-18 04:45:34 -0500 (Tue, 18 Nov 2025)
EllapsedTime: 1733.6 seconds
RetCode: 1
Status:   ERROR  
CheckDir: GeDi.Rcheck
Warnings: NA

Command output

##############################################################################
##############################################################################
###
### Running command:
###
###   /home/biocbuild/bbs-3.22-bioc/R/bin/R CMD check --install=check:GeDi.install-out.txt --library=/home/biocbuild/bbs-3.22-bioc/R/site-library --timings GeDi_1.6.0.tar.gz
###
##############################################################################
##############################################################################


* using log directory ‘/home/biocbuild/bbs-3.22-bioc/meat/GeDi.Rcheck’
* using R version 4.5.2 (2025-10-31)
* using platform: x86_64-pc-linux-gnu
* R was compiled by
    gcc (Ubuntu 13.3.0-6ubuntu2~24.04) 13.3.0
    GNU Fortran (Ubuntu 13.3.0-6ubuntu2~24.04) 13.3.0
* running under: Ubuntu 24.04.3 LTS
* using session charset: UTF-8
* checking for file ‘GeDi/DESCRIPTION’ ... OK
* this is package ‘GeDi’ version ‘1.6.0’
* package encoding: UTF-8
* checking package namespace information ... OK
* checking package dependencies ... INFO
Imports includes 29 non-default packages.
Importing from so many packages makes the package vulnerable to any of
them becoming unavailable.  Move as many as possible to Suggests and
use conditionally.
* checking if this is a source package ... OK
* checking if there is a namespace ... OK
* checking for hidden files and directories ... OK
* checking for portable file names ... OK
* checking for sufficient/correct file permissions ... OK
* checking whether package ‘GeDi’ can be installed ... OK
* checking installed package size ... OK
* checking package directory ... OK
* checking ‘build’ directory ... OK
* checking DESCRIPTION meta-information ... OK
* checking top-level files ... OK
* checking for left-over files ... OK
* checking index information ... OK
* checking package subdirectories ... OK
* checking code files for non-ASCII characters ... OK
* checking R files for syntax errors ... OK
* checking whether the package can be loaded ... OK
* checking whether the package can be loaded with stated dependencies ... OK
* checking whether the package can be unloaded cleanly ... OK
* checking whether the namespace can be loaded with stated dependencies ... OK
* checking whether the namespace can be unloaded cleanly ... OK
* checking loading without being on the library search path ... OK
* checking whether startup messages can be suppressed ... OK
* checking dependencies in R code ... OK
* checking S3 generic/method consistency ... OK
* checking replacement functions ... OK
* checking foreign function calls ... OK
* checking R code for possible problems ... OK
* checking Rd files ... OK
* checking Rd metadata ... OK
* checking Rd cross-references ... NOTE
Found the following Rd file(s) with Rd \link{} targets missing package
anchors:
  buildClusterGraph.Rd: igraph
  dot-graphMetricsGenesetsDT.Rd: igraph
  getAnnotation.Rd: STRINGdb
  getId.Rd: STRINGdb
  getPPI.Rd: STRINGdb
  getStringDB.Rd: STRINGdb
Please provide package anchors for all Rd \link{} targets not in the
package itself and the base packages.
* checking for missing documentation entries ... OK
* checking for code/documentation mismatches ... OK
* checking Rd \usage sections ... OK
* checking Rd contents ... OK
* checking for unstated dependencies in examples ... OK
* checking contents of ‘data’ directory ... OK
* checking data for non-ASCII characters ... OK
* checking data for ASCII and uncompressed saves ... OK
* checking files in ‘vignettes’ ... OK
* checking examples ... ERROR
Running examples in ‘GeDi-Ex.R’ failed
The error most likely occurred in:

> base::assign(".ptime", proc.time(), pos = "CheckExEnv")
> ### Name: getAnnotation
> ### Title: Get the annotation of a STRINGdb object
> ### Aliases: getAnnotation
> 
> ### ** Examples
> 
> stringdb <- getStringDB(9606)
> stringdb
***********  STRING - https://string-db.org   ***********
(Search Tool for the Retrieval of Interacting Genes/Proteins)  
version: 12.0
species: 9606
............please wait............
trying URL 'https://stringdb-downloads.org/download/protein.info.v12.0/9606.protein.info.v12.0.txt.gz'
Content type 'application/octet-stream' length 1970090 bytes (1.9 MB)
=================================
downloaded 1.3 MB

Warning in download.file(urlStr, temp) :
  downloaded length 1326844 != reported length 1970090
Warning in download.file(urlStr, temp) :
  URL 'https://stringdb-downloads.org/download/protein.info.v12.0/9606.protein.info.v12.0.txt.gz': Timeout of 600 seconds was reached
Error in download.file(urlStr, temp) : 
  download from 'https://stringdb-downloads.org/download/protein.info.v12.0/9606.protein.info.v12.0.txt.gz' failed
Calls: <Anonymous> ... get_proteins -> downloadAbsentFile -> download.file
Execution halted
* checking for unstated dependencies in ‘tests’ ... OK
* checking tests ...
  Running ‘testthat.R’
 ERROR
Running the tests in ‘tests/testthat.R’ failed.
Last 13 lines of output:
  Actual type: "object"
  ── Failure ('test-distance_dendro.R:15:3'): distanceDendro runs correctly ──────
  Expected `dendro` to have type "list".
  Actual type: "object"
  ── Failure ('test-gs_histogram.R:27:3'): gsHistogram runs correctly ────────────
  Expected `histogram` to have type "list".
  Actual type: "object"
  ── Failure ('test-gs_histogram.R:30:3'): gsHistogram runs correctly ────────────
  Expected `histogram` to have type "list".
  Actual type: "object"
  
  [ FAIL 4 | WARN 9 | SKIP 0 | PASS 181 ]
  Error:
  ! Test failures.
  Execution halted
* checking for unstated dependencies in vignettes ... OK
* checking package vignettes ... OK
* checking re-building of vignette outputs ... OK
* checking PDF version of manual ... OK
* DONE

Status: 2 ERRORs, 1 NOTE
See
  ‘/home/biocbuild/bbs-3.22-bioc/meat/GeDi.Rcheck/00check.log’
for details.


Installation output

GeDi.Rcheck/00install.out

##############################################################################
##############################################################################
###
### Running command:
###
###   /home/biocbuild/bbs-3.22-bioc/R/bin/R CMD INSTALL GeDi
###
##############################################################################
##############################################################################


* installing to library ‘/home/biocbuild/bbs-3.22-bioc/R/site-library’
* installing *source* package ‘GeDi’ ...
** this is package ‘GeDi’ version ‘1.6.0’
** using staged installation
** R
** data
** inst
** byte-compile and prepare package for lazy loading
** help
*** installing help indices
*** copying figures
** building package indices
** installing vignettes
** testing if installed package can be loaded from temporary location
** testing if installed package can be loaded from final location
** testing if installed package keeps a record of temporary installation path
* DONE (GeDi)

Tests output

GeDi.Rcheck/tests/testthat.Rout.fail


R version 4.5.2 (2025-10-31) -- "[Not] Part in a Rumble"
Copyright (C) 2025 The R Foundation for Statistical Computing
Platform: x86_64-pc-linux-gnu

R is free software and comes with ABSOLUTELY NO WARRANTY.
You are welcome to redistribute it under certain conditions.
Type 'license()' or 'licence()' for distribution details.

R is a collaborative project with many contributors.
Type 'contributors()' for more information and
'citation()' on how to cite R or R packages in publications.

Type 'demo()' for some demos, 'help()' for on-line help, or
'help.start()' for an HTML browser interface to help.
Type 'q()' to quit R.

> library(testthat)
> library(GeDi)

> 
> test_check("GeDi")
Saving _problems/test-distance_dendro-11.R
Saving _problems/test-distance_dendro-15.R
trying URL 'https://stringdb-downloads.org/download/protein.aliases.v12.0/9606.protein.aliases.v12.0.txt.gz'
Content type 'application/octet-stream' length 19777800 bytes (18.9 MB)
==================================================
downloaded 18.9 MB

trying URL 'https://stringdb-downloads.org/download/protein.info.v12.0/9606.protein.info.v12.0.txt.gz'
Content type 'application/octet-stream' length 1970090 bytes (1.9 MB)
==================================================
downloaded 1.9 MB

trying URL 'https://stringdb-downloads.org/download/protein.links.v12.0/9606.protein.links.v12.0.txt.gz'
Content type 'application/octet-stream' length 83164437 bytes (79.3 MB)
==================================================
downloaded 79.3 MB


preparing gene to GO mapping data...
preparing gene to GO mapping data...
Saving _problems/test-gs_histogram-27.R
Saving _problems/test-gs_histogram-30.R
[ FAIL 4 | WARN 9 | SKIP 0 | PASS 181 ]

══ Failed tests ════════════════════════════════════════════════════════════════
── Failure ('test-distance_dendro.R:11:3'): distanceDendro runs correctly ──────
Expected `dendro` to have type "list".
Actual type: "object"
── Failure ('test-distance_dendro.R:15:3'): distanceDendro runs correctly ──────
Expected `dendro` to have type "list".
Actual type: "object"
── Failure ('test-gs_histogram.R:27:3'): gsHistogram runs correctly ────────────
Expected `histogram` to have type "list".
Actual type: "object"
── Failure ('test-gs_histogram.R:30:3'): gsHistogram runs correctly ────────────
Expected `histogram` to have type "list".
Actual type: "object"

[ FAIL 4 | WARN 9 | SKIP 0 | PASS 181 ]
Error:
! Test failures.
Execution halted

Example timings

GeDi.Rcheck/GeDi-Ex.timings

nameusersystemelapsed
GeDi0.0070.0010.006
buildClusterGraph0.1940.0080.203
buildGraph0.0060.0000.005
buildHistogramData0.0080.0000.007
calculateJaccard0.0070.0000.007
calculateKappa0.0140.0000.014
calculateSorensenDice0.0070.0000.007
checkInclusion0.0050.0020.008
clustering0.1490.0000.149
deprecated000
distanceDendro0.1580.0000.158
distanceHeatmap0.1200.0050.125
enrichmentWordcloud0.2620.0120.274
fuzzyClustering0.0060.0000.006
getAdjacencyMatrix0.0650.0000.065