| Back to Multiple platform build/check report for BioC 3.22: simplified long |
|
This page was generated on 2025-11-20 12:04 -0500 (Thu, 20 Nov 2025).
| Hostname | OS | Arch (*) | R version | Installed pkgs |
|---|---|---|---|---|
| nebbiolo2 | Linux (Ubuntu 24.04.3 LTS) | x86_64 | 4.5.2 (2025-10-31) -- "[Not] Part in a Rumble" | 4615 |
| merida1 | macOS 12.7.6 Monterey | x86_64 | 4.5.2 Patched (2025-11-05 r88990) -- "[Not] Part in a Rumble" | 4610 |
| kjohnson1 | macOS 13.7.5 Ventura | arm64 | 4.5.2 Patched (2025-11-04 r88984) -- "[Not] Part in a Rumble" | 4598 |
| taishan | Linux (openEuler 24.03 LTS) | aarch64 | 4.5.0 (2025-04-11) -- "How About a Twenty-Six" | 4668 |
| Click on any hostname to see more info about the system (e.g. compilers) (*) as reported by 'uname -p', except on Windows and Mac OS X | ||||
| Package 629/2361 | Hostname | OS / Arch | INSTALL | BUILD | CHECK | BUILD BIN | ||||||||
| DropletUtils 1.30.0 (landing page) Jonathan Griffiths
| nebbiolo2 | Linux (Ubuntu 24.04.3 LTS) / x86_64 | OK | OK | WARNINGS | |||||||||
| merida1 | macOS 12.7.6 Monterey / x86_64 | OK | OK | ERROR | OK | |||||||||
| kjohnson1 | macOS 13.7.5 Ventura / arm64 | OK | OK | WARNINGS | OK | |||||||||
| taishan | Linux (openEuler 24.03 LTS) / aarch64 | OK | OK | WARNINGS | ||||||||||
|
To the developers/maintainers of the DropletUtils package: - Allow up to 24 hours (and sometimes 48 hours) for your latest push to git@git.bioconductor.org:packages/DropletUtils.git to reflect on this report. See Troubleshooting Build Report for more information. - Use the following Renviron settings to reproduce errors and warnings. - If 'R CMD check' started to fail recently on the Linux builder(s) over a missing dependency, add the missing dependency to 'Suggests:' in your DESCRIPTION file. See Renviron.bioc for more information. |
| Package: DropletUtils |
| Version: 1.30.0 |
| Command: /Library/Frameworks/R.framework/Resources/bin/R CMD check --install=check:DropletUtils.install-out.txt --library=/Library/Frameworks/R.framework/Resources/library --no-vignettes --timings DropletUtils_1.30.0.tar.gz |
| StartedAt: 2025-11-18 06:55:04 -0500 (Tue, 18 Nov 2025) |
| EndedAt: 2025-11-18 07:05:30 -0500 (Tue, 18 Nov 2025) |
| EllapsedTime: 625.7 seconds |
| RetCode: 1 |
| Status: ERROR |
| CheckDir: DropletUtils.Rcheck |
| Warnings: NA |
##############################################################################
##############################################################################
###
### Running command:
###
### /Library/Frameworks/R.framework/Resources/bin/R CMD check --install=check:DropletUtils.install-out.txt --library=/Library/Frameworks/R.framework/Resources/library --no-vignettes --timings DropletUtils_1.30.0.tar.gz
###
##############################################################################
##############################################################################
* using log directory ‘/Users/biocbuild/bbs-3.22-bioc/meat/DropletUtils.Rcheck’
* using R version 4.5.2 Patched (2025-11-05 r88990)
* using platform: x86_64-apple-darwin20
* R was compiled by
Apple clang version 14.0.0 (clang-1400.0.29.202)
GNU Fortran (GCC) 14.2.0
* running under: macOS Monterey 12.7.6
* using session charset: UTF-8
* using option ‘--no-vignettes’
* checking for file ‘DropletUtils/DESCRIPTION’ ... OK
* this is package ‘DropletUtils’ version ‘1.30.0’
* package encoding: UTF-8
* checking package namespace information ... OK
* checking package dependencies ... OK
* checking if this is a source package ... OK
* checking if there is a namespace ... OK
* checking for hidden files and directories ... NOTE
Found the following hidden files and directories:
.BBSoptions
These were most likely included in error. See section ‘Package
structure’ in the ‘Writing R Extensions’ manual.
* checking for portable file names ... OK
* checking for sufficient/correct file permissions ... OK
* checking whether package ‘DropletUtils’ can be installed ... OK
* used C++ compiler: ‘Apple clang version 14.0.0 (clang-1400.0.29.202)’
* used SDK: ‘MacOSX11.3.1.sdk’
* checking C++ specification ... OK
* checking installed package size ... INFO
installed size is 5.5Mb
sub-directories of 1Mb or more:
libs 5.1Mb
* checking package directory ... OK
* checking ‘build’ directory ... OK
* checking DESCRIPTION meta-information ... OK
* checking top-level files ... OK
* checking for left-over files ... OK
* checking index information ... OK
* checking package subdirectories ... OK
* checking code files for non-ASCII characters ... OK
* checking R files for syntax errors ... OK
* checking whether the package can be loaded ... OK
* checking whether the package can be loaded with stated dependencies ... OK
* checking whether the package can be unloaded cleanly ... OK
* checking whether the namespace can be loaded with stated dependencies ... OK
* checking whether the namespace can be unloaded cleanly ... OK
* checking dependencies in R code ... OK
* checking S3 generic/method consistency ... OK
* checking replacement functions ... OK
* checking foreign function calls ... OK
* checking R code for possible problems ... OK
* checking Rd files ... OK
* checking Rd metadata ... OK
* checking Rd cross-references ... NOTE
Found the following Rd file(s) with Rd \link{} targets missing package
anchors:
ambientContribMaximum.Rd: SummarizedExperiment-class,
BiocParallelParam-class
ambientContribNegative.Rd: SummarizedExperiment-class
ambientContribSparse.Rd: SummarizedExperiment-class,
BiocParallelParam-class
ambientProfileBimodal.Rd: SummarizedExperiment-class,
medianSizeFactors
ambientProfileEmpty.Rd: dgTMatrix-class, dgCMatrix-class,
SummarizedExperiment-class, BiocParallelParam-class
barcodeRanks.Rd: SummarizedExperiment-class, BiocParallelParam-class,
DataFrame-class
chimericDrops.Rd: DataFrame-class
cleanTagCounts.Rd: SummarizedExperiment-class, isOutlier,
DataFrame-class
defaultDrops.Rd: SummarizedExperiment-class
emptyDrops.Rd: dgTMatrix-class, dgCMatrix-class,
SummarizedExperiment-class, BiocParallelParam-class,
goodTuringProportions
emptyDropsCellRanger.Rd: SummarizedExperiment-class,
BiocParallelParam-class, DataFrame-class
hashedDrops.Rd: SummarizedExperiment-class, DataFrame-class, metadata
read10xCounts.Rd: SingleCellExperiment-class, DelayedArray-class,
BiocParallelParam-class, TENxMatrix-class, splitAltExps
read10xMolInfo.Rd: DataFrame-class
removeAmbience.Rd: SummarizedExperiment-class, DataFrame-class,
sumCountsAcrossCells, RealizationSink-class,
BiocParallelParam-class
swappedDrops.Rd: HDF5Matrix-class
Please provide package anchors for all Rd \link{} targets not in the
package itself and the base packages.
* checking for missing documentation entries ... OK
* checking for code/documentation mismatches ... OK
* checking Rd \usage sections ... OK
* checking Rd contents ... OK
* checking for unstated dependencies in examples ... OK
* checking line endings in C/C++/Fortran sources/headers ... OK
* checking line endings in Makefiles ... OK
* checking compilation flags in Makevars ... OK
* checking for GNU extensions in Makefiles ... INFO
GNU make is a SystemRequirements.
* checking for portable use of $(BLAS_LIBS) and $(LAPACK_LIBS) ... OK
* checking use of PKG_*FLAGS in Makefiles ... OK
* checking compiled code ... WARNING
Note: information on .o files is not available
File ‘/Library/Frameworks/R.framework/Versions/4.5-x86_64/Resources/library/DropletUtils/libs/DropletUtils.so’:
Found ‘__ZNSt3__14cerrE’, possibly from ‘std::cerr’ (C++)
Found ‘___sprintf_chk’, possibly from ‘sprintf’ (C)
Found ‘___stderrp’, possibly from ‘stderr’ (C)
Found ‘___stdoutp’, possibly from ‘stdout’ (C)
Found ‘_abort’, possibly from ‘abort’ (C)
Found ‘_exit’, possibly from ‘exit’ (C)
Found ‘_rand_r’, possibly from ‘rand_r’ (C)
Found ‘_sprintf’, possibly from ‘sprintf’ (C)
Compiled code should not call entry points which might terminate R nor
write to stdout/stderr instead of to the console, nor use Fortran I/O
nor system RNGs nor [v]sprintf. The detected symbols are linked into
the code but might come from libraries and not actually be called.
See ‘Writing portable packages’ in the ‘Writing R Extensions’ manual.
* checking files in ‘vignettes’ ... OK
* checking examples ... OK
* checking for unstated dependencies in ‘tests’ ... OK
* checking tests ...
Running ‘testthat.R’/Library/Frameworks/R.framework/Resources/bin/BATCH: line 60: 20456 Segmentation fault: 11 ${R_HOME}/bin/R -f ${in} ${opts} ${R_BATCH_OPTIONS} > ${out} 2>&1
ERROR
Running the tests in ‘tests/testthat.R’ failed.
Last 13 lines of output:
53: withRestarts(tryCatch(withCallingHandlers({ eval(code, test_env) new_expectations <- the$test_expectations > starting_expectations if (snapshot_skipped) { skip("On CRAN") } else if (!new_expectations && skip_on_empty) { skip_empty() }}, expectation = handle_expectation, packageNotFoundError = function(e) { if (on_cran()) { skip(paste0("{", e$package, "} is not installed.")) }}, snapshot_on_cran = function(cnd) { snapshot_skipped <<- TRUE invokeRestart("muffle_cran_snapshot")}, skip = handle_skip, warning = handle_warning, message = handle_message, error = handle_error, interrupt = handle_interrupt), error = handle_fatal), end_test = function() { })
54: test_code(code = exprs, env = env, reporter = get_reporter() %||% StopReporter$new())
55: source_file(path, env = env(env), desc = desc, shuffle = shuffle, error_call = error_call)
56: FUN(X[[i]], ...)
57: lapply(test_paths, test_one_file, env = env, desc = desc, shuffle = shuffle, error_call = error_call)
58: doTryCatch(return(expr), name, parentenv, handler)
59: tryCatchOne(expr, names, parentenv, handlers[[1L]])
60: tryCatchList(expr, classes, parentenv, handlers)
61: tryCatch(code, testthat_abort_reporter = function(cnd) { cat(conditionMessage(cnd), "\n") NULL})
62: with_reporter(reporters$multi, lapply(test_paths, test_one_file, env = env, desc = desc, shuffle = shuffle, error_call = error_call))
63: test_files_serial(test_dir = test_dir, test_package = test_package, test_paths = test_paths, load_helpers = load_helpers, reporter = reporter, env = env, stop_on_failure = stop_on_failure, stop_on_warning = stop_on_warning, desc = desc, load_package = load_package, shuffle = shuffle, error_call = error_call)
64: test_files(test_dir = path, test_paths = test_paths, test_package = package, reporter = reporter, load_helpers = load_helpers, env = env, stop_on_failure = stop_on_failure, stop_on_warning = stop_on_warning, load_package = load_package, parallel = parallel, shuffle = shuffle)
65: test_dir("testthat", package = package, reporter = reporter, ..., load_package = "installed")
66: test_check("DropletUtils")
An irrecoverable exception occurred. R is aborting now ...
* checking for unstated dependencies in vignettes ... OK
* checking package vignettes ... OK
* checking running R code from vignettes ... SKIPPED
* checking re-building of vignette outputs ... SKIPPED
* checking PDF version of manual ... OK
* DONE
Status: 1 ERROR, 1 WARNING, 2 NOTEs
See
‘/Users/biocbuild/bbs-3.22-bioc/meat/DropletUtils.Rcheck/00check.log’
for details.
DropletUtils.Rcheck/00install.out
##############################################################################
##############################################################################
###
### Running command:
###
### /Library/Frameworks/R.framework/Resources/bin/R CMD INSTALL DropletUtils
###
##############################################################################
##############################################################################
* installing to library ‘/Library/Frameworks/R.framework/Versions/4.5-x86_64/Resources/library’
* installing *source* package ‘DropletUtils’ ...
** this is package ‘DropletUtils’ version ‘1.30.0’
** using staged installation
** libs
using C++ compiler: ‘Apple clang version 14.0.0 (clang-1400.0.29.202)’
using C++17
using SDK: ‘MacOSX11.3.1.sdk’
clang++ -arch x86_64 -std=gnu++17 -I"/Library/Frameworks/R.framework/Resources/include" -DNDEBUG -I'/Library/Frameworks/R.framework/Versions/4.5-x86_64/Resources/library/Rcpp/include' -I'/Library/Frameworks/R.framework/Versions/4.5-x86_64/Resources/library/beachmat/include' -I'/Library/Frameworks/R.framework/Versions/4.5-x86_64/Resources/library/assorthead/include' -I'/Library/Frameworks/R.framework/Versions/4.5-x86_64/Resources/library/Rhdf5lib/include' -I'/Library/Frameworks/R.framework/Versions/4.5-x86_64/Resources/library/BH/include' -I'/Library/Frameworks/R.framework/Versions/4.5-x86_64/Resources/library/dqrng/include' -I'/Library/Frameworks/R.framework/Versions/4.5-x86_64/Resources/library/scuttle/include' -I/opt/R/x86_64/include -fPIC -falign-functions=64 -Wall -g -O2 -c RcppExports.cpp -o RcppExports.o
clang++ -arch x86_64 -std=gnu++17 -I"/Library/Frameworks/R.framework/Resources/include" -DNDEBUG -I'/Library/Frameworks/R.framework/Versions/4.5-x86_64/Resources/library/Rcpp/include' -I'/Library/Frameworks/R.framework/Versions/4.5-x86_64/Resources/library/beachmat/include' -I'/Library/Frameworks/R.framework/Versions/4.5-x86_64/Resources/library/assorthead/include' -I'/Library/Frameworks/R.framework/Versions/4.5-x86_64/Resources/library/Rhdf5lib/include' -I'/Library/Frameworks/R.framework/Versions/4.5-x86_64/Resources/library/BH/include' -I'/Library/Frameworks/R.framework/Versions/4.5-x86_64/Resources/library/dqrng/include' -I'/Library/Frameworks/R.framework/Versions/4.5-x86_64/Resources/library/scuttle/include' -I/opt/R/x86_64/include -fPIC -falign-functions=64 -Wall -g -O2 -c downsample_run.cpp -o downsample_run.o
clang++ -arch x86_64 -std=gnu++17 -I"/Library/Frameworks/R.framework/Resources/include" -DNDEBUG -I'/Library/Frameworks/R.framework/Versions/4.5-x86_64/Resources/library/Rcpp/include' -I'/Library/Frameworks/R.framework/Versions/4.5-x86_64/Resources/library/beachmat/include' -I'/Library/Frameworks/R.framework/Versions/4.5-x86_64/Resources/library/assorthead/include' -I'/Library/Frameworks/R.framework/Versions/4.5-x86_64/Resources/library/Rhdf5lib/include' -I'/Library/Frameworks/R.framework/Versions/4.5-x86_64/Resources/library/BH/include' -I'/Library/Frameworks/R.framework/Versions/4.5-x86_64/Resources/library/dqrng/include' -I'/Library/Frameworks/R.framework/Versions/4.5-x86_64/Resources/library/scuttle/include' -I/opt/R/x86_64/include -fPIC -falign-functions=64 -Wall -g -O2 -c encode_sequences.cpp -o encode_sequences.o
clang++ -arch x86_64 -std=gnu++17 -I"/Library/Frameworks/R.framework/Resources/include" -DNDEBUG -I'/Library/Frameworks/R.framework/Versions/4.5-x86_64/Resources/library/Rcpp/include' -I'/Library/Frameworks/R.framework/Versions/4.5-x86_64/Resources/library/beachmat/include' -I'/Library/Frameworks/R.framework/Versions/4.5-x86_64/Resources/library/assorthead/include' -I'/Library/Frameworks/R.framework/Versions/4.5-x86_64/Resources/library/Rhdf5lib/include' -I'/Library/Frameworks/R.framework/Versions/4.5-x86_64/Resources/library/BH/include' -I'/Library/Frameworks/R.framework/Versions/4.5-x86_64/Resources/library/dqrng/include' -I'/Library/Frameworks/R.framework/Versions/4.5-x86_64/Resources/library/scuttle/include' -I/opt/R/x86_64/include -fPIC -falign-functions=64 -Wall -g -O2 -c find_chimeric.cpp -o find_chimeric.o
clang++ -arch x86_64 -std=gnu++17 -I"/Library/Frameworks/R.framework/Resources/include" -DNDEBUG -I'/Library/Frameworks/R.framework/Versions/4.5-x86_64/Resources/library/Rcpp/include' -I'/Library/Frameworks/R.framework/Versions/4.5-x86_64/Resources/library/beachmat/include' -I'/Library/Frameworks/R.framework/Versions/4.5-x86_64/Resources/library/assorthead/include' -I'/Library/Frameworks/R.framework/Versions/4.5-x86_64/Resources/library/Rhdf5lib/include' -I'/Library/Frameworks/R.framework/Versions/4.5-x86_64/Resources/library/BH/include' -I'/Library/Frameworks/R.framework/Versions/4.5-x86_64/Resources/library/dqrng/include' -I'/Library/Frameworks/R.framework/Versions/4.5-x86_64/Resources/library/scuttle/include' -I/opt/R/x86_64/include -fPIC -falign-functions=64 -Wall -g -O2 -c find_swapped.cpp -o find_swapped.o
In file included from find_swapped.cpp:2:
In file included from /Library/Frameworks/R.framework/Versions/4.5-x86_64/Resources/library/beachmat/include/beachmat3/beachmat.h:24:
In file included from /Library/Frameworks/R.framework/Versions/4.5-x86_64/Resources/library/beachmat/include/beachmat3/read_lin_block.h:11:
/Library/Frameworks/R.framework/Versions/4.5-x86_64/Resources/library/beachmat/include/beachmat3/lin_matrix.h:218:43: warning: 'beachmat::lin_sparse_matrix::get_row' hides overloaded virtual functions [-Woverloaded-virtual]
virtual sparse_index<const int*, int> get_row(size_t r, int* work_x, int* work_i, size_t first, size_t last) = 0;
^
/Library/Frameworks/R.framework/Versions/4.5-x86_64/Resources/library/beachmat/include/beachmat3/lin_matrix.h:66:24: note: hidden overloaded virtual function 'beachmat::lin_matrix::get_row' declared here: different number of parameters (4 vs 5)
virtual const int* get_row(size_t r, int* work, size_t first, size_t last) = 0;
^
/Library/Frameworks/R.framework/Versions/4.5-x86_64/Resources/library/beachmat/include/beachmat3/lin_matrix.h:95:27: note: hidden overloaded virtual function 'beachmat::lin_matrix::get_row' declared here: different number of parameters (4 vs 5)
virtual const double* get_row(size_t r, double* work, size_t first, size_t last) = 0;
^
/Library/Frameworks/R.framework/Versions/4.5-x86_64/Resources/library/beachmat/include/beachmat3/lin_matrix.h:236:43: warning: 'beachmat::lin_sparse_matrix::get_col' hides overloaded virtual functions [-Woverloaded-virtual]
virtual sparse_index<const int*, int> get_col(size_t c, int* work_x, int* work_i, size_t first, size_t last) = 0;
^
/Library/Frameworks/R.framework/Versions/4.5-x86_64/Resources/library/beachmat/include/beachmat3/lin_matrix.h:52:24: note: hidden overloaded virtual function 'beachmat::lin_matrix::get_col' declared here: different number of parameters (4 vs 5)
virtual const int* get_col(size_t c, int* work, size_t first, size_t last) = 0;
^
/Library/Frameworks/R.framework/Versions/4.5-x86_64/Resources/library/beachmat/include/beachmat3/lin_matrix.h:81:27: note: hidden overloaded virtual function 'beachmat::lin_matrix::get_col' declared here: different number of parameters (4 vs 5)
virtual const double* get_col(size_t c, double* work, size_t first, size_t last) = 0;
^
/Library/Frameworks/R.framework/Versions/4.5-x86_64/Resources/library/beachmat/include/beachmat3/lin_matrix.h:254:46: warning: 'beachmat::lin_sparse_matrix::get_row' hides overloaded virtual functions [-Woverloaded-virtual]
virtual sparse_index<const double*, int> get_row(size_t r, double* work_x, int* work_i, size_t first, size_t last) = 0;
^
/Library/Frameworks/R.framework/Versions/4.5-x86_64/Resources/library/beachmat/include/beachmat3/lin_matrix.h:66:24: note: hidden overloaded virtual function 'beachmat::lin_matrix::get_row' declared here: different number of parameters (4 vs 5)
virtual const int* get_row(size_t r, int* work, size_t first, size_t last) = 0;
^
/Library/Frameworks/R.framework/Versions/4.5-x86_64/Resources/library/beachmat/include/beachmat3/lin_matrix.h:95:27: note: hidden overloaded virtual function 'beachmat::lin_matrix::get_row' declared here: different number of parameters (4 vs 5)
virtual const double* get_row(size_t r, double* work, size_t first, size_t last) = 0;
^
/Library/Frameworks/R.framework/Versions/4.5-x86_64/Resources/library/beachmat/include/beachmat3/lin_matrix.h:272:46: warning: 'beachmat::lin_sparse_matrix::get_col' hides overloaded virtual functions [-Woverloaded-virtual]
virtual sparse_index<const double*, int> get_col(size_t c, double* work_x, int* work_i, size_t first, size_t last) = 0;
^
/Library/Frameworks/R.framework/Versions/4.5-x86_64/Resources/library/beachmat/include/beachmat3/lin_matrix.h:52:24: note: hidden overloaded virtual function 'beachmat::lin_matrix::get_col' declared here: different number of parameters (4 vs 5)
virtual const int* get_col(size_t c, int* work, size_t first, size_t last) = 0;
^
/Library/Frameworks/R.framework/Versions/4.5-x86_64/Resources/library/beachmat/include/beachmat3/lin_matrix.h:81:27: note: hidden overloaded virtual function 'beachmat::lin_matrix::get_col' declared here: different number of parameters (4 vs 5)
virtual const double* get_col(size_t c, double* work, size_t first, size_t last) = 0;
^
/Library/Frameworks/R.framework/Versions/4.5-x86_64/Resources/library/beachmat/include/beachmat3/lin_matrix.h:287:35: warning: 'beachmat::lin_sparse_matrix::get_col' hides overloaded virtual functions [-Woverloaded-virtual]
sparse_index<const int*, int> get_col(size_t c, int* work_x, int* work_i) {
^
/Library/Frameworks/R.framework/Versions/4.5-x86_64/Resources/library/beachmat/include/beachmat3/lin_matrix.h:52:24: note: hidden overloaded virtual function 'beachmat::lin_matrix::get_col' declared here: different number of parameters (4 vs 3)
virtual const int* get_col(size_t c, int* work, size_t first, size_t last) = 0;
^
/Library/Frameworks/R.framework/Versions/4.5-x86_64/Resources/library/beachmat/include/beachmat3/lin_matrix.h:81:27: note: hidden overloaded virtual function 'beachmat::lin_matrix::get_col' declared here: different number of parameters (4 vs 3)
virtual const double* get_col(size_t c, double* work, size_t first, size_t last) = 0;
^
/Library/Frameworks/R.framework/Versions/4.5-x86_64/Resources/library/beachmat/include/beachmat3/lin_matrix.h:304:35: warning: 'beachmat::lin_sparse_matrix::get_row' hides overloaded virtual functions [-Woverloaded-virtual]
sparse_index<const int*, int> get_row(size_t r, int* work_x, int* work_i) {
^
/Library/Frameworks/R.framework/Versions/4.5-x86_64/Resources/library/beachmat/include/beachmat3/lin_matrix.h:66:24: note: hidden overloaded virtual function 'beachmat::lin_matrix::get_row' declared here: different number of parameters (4 vs 3)
virtual const int* get_row(size_t r, int* work, size_t first, size_t last) = 0;
^
/Library/Frameworks/R.framework/Versions/4.5-x86_64/Resources/library/beachmat/include/beachmat3/lin_matrix.h:95:27: note: hidden overloaded virtual function 'beachmat::lin_matrix::get_row' declared here: different number of parameters (4 vs 3)
virtual const double* get_row(size_t r, double* work, size_t first, size_t last) = 0;
^
/Library/Frameworks/R.framework/Versions/4.5-x86_64/Resources/library/beachmat/include/beachmat3/lin_matrix.h:321:38: warning: 'beachmat::lin_sparse_matrix::get_col' hides overloaded virtual functions [-Woverloaded-virtual]
sparse_index<const double*, int> get_col(size_t c, double* work_x, int* work_i) {
^
/Library/Frameworks/R.framework/Versions/4.5-x86_64/Resources/library/beachmat/include/beachmat3/lin_matrix.h:52:24: note: hidden overloaded virtual function 'beachmat::lin_matrix::get_col' declared here: different number of parameters (4 vs 3)
virtual const int* get_col(size_t c, int* work, size_t first, size_t last) = 0;
^
/Library/Frameworks/R.framework/Versions/4.5-x86_64/Resources/library/beachmat/include/beachmat3/lin_matrix.h:81:27: note: hidden overloaded virtual function 'beachmat::lin_matrix::get_col' declared here: different number of parameters (4 vs 3)
virtual const double* get_col(size_t c, double* work, size_t first, size_t last) = 0;
^
/Library/Frameworks/R.framework/Versions/4.5-x86_64/Resources/library/beachmat/include/beachmat3/lin_matrix.h:338:38: warning: 'beachmat::lin_sparse_matrix::get_row' hides overloaded virtual functions [-Woverloaded-virtual]
sparse_index<const double*, int> get_row(size_t r, double* work_x, int* work_i) {
^
/Library/Frameworks/R.framework/Versions/4.5-x86_64/Resources/library/beachmat/include/beachmat3/lin_matrix.h:66:24: note: hidden overloaded virtual function 'beachmat::lin_matrix::get_row' declared here: different number of parameters (4 vs 3)
virtual const int* get_row(size_t r, int* work, size_t first, size_t last) = 0;
^
/Library/Frameworks/R.framework/Versions/4.5-x86_64/Resources/library/beachmat/include/beachmat3/lin_matrix.h:95:27: note: hidden overloaded virtual function 'beachmat::lin_matrix::get_row' declared here: different number of parameters (4 vs 3)
virtual const double* get_row(size_t r, double* work, size_t first, size_t last) = 0;
^
8 warnings generated.
clang++ -arch x86_64 -std=gnu++17 -I"/Library/Frameworks/R.framework/Resources/include" -DNDEBUG -I'/Library/Frameworks/R.framework/Versions/4.5-x86_64/Resources/library/Rcpp/include' -I'/Library/Frameworks/R.framework/Versions/4.5-x86_64/Resources/library/beachmat/include' -I'/Library/Frameworks/R.framework/Versions/4.5-x86_64/Resources/library/assorthead/include' -I'/Library/Frameworks/R.framework/Versions/4.5-x86_64/Resources/library/Rhdf5lib/include' -I'/Library/Frameworks/R.framework/Versions/4.5-x86_64/Resources/library/BH/include' -I'/Library/Frameworks/R.framework/Versions/4.5-x86_64/Resources/library/dqrng/include' -I'/Library/Frameworks/R.framework/Versions/4.5-x86_64/Resources/library/scuttle/include' -I/opt/R/x86_64/include -fPIC -falign-functions=64 -Wall -g -O2 -c get_cell_barcodes.cpp -o get_cell_barcodes.o
clang++ -arch x86_64 -std=gnu++17 -I"/Library/Frameworks/R.framework/Resources/include" -DNDEBUG -I'/Library/Frameworks/R.framework/Versions/4.5-x86_64/Resources/library/Rcpp/include' -I'/Library/Frameworks/R.framework/Versions/4.5-x86_64/Resources/library/beachmat/include' -I'/Library/Frameworks/R.framework/Versions/4.5-x86_64/Resources/library/assorthead/include' -I'/Library/Frameworks/R.framework/Versions/4.5-x86_64/Resources/library/Rhdf5lib/include' -I'/Library/Frameworks/R.framework/Versions/4.5-x86_64/Resources/library/BH/include' -I'/Library/Frameworks/R.framework/Versions/4.5-x86_64/Resources/library/dqrng/include' -I'/Library/Frameworks/R.framework/Versions/4.5-x86_64/Resources/library/scuttle/include' -I/opt/R/x86_64/include -fPIC -falign-functions=64 -Wall -g -O2 -c group_cells.cpp -o group_cells.o
clang++ -arch x86_64 -std=gnu++17 -I"/Library/Frameworks/R.framework/Resources/include" -DNDEBUG -I'/Library/Frameworks/R.framework/Versions/4.5-x86_64/Resources/library/Rcpp/include' -I'/Library/Frameworks/R.framework/Versions/4.5-x86_64/Resources/library/beachmat/include' -I'/Library/Frameworks/R.framework/Versions/4.5-x86_64/Resources/library/assorthead/include' -I'/Library/Frameworks/R.framework/Versions/4.5-x86_64/Resources/library/Rhdf5lib/include' -I'/Library/Frameworks/R.framework/Versions/4.5-x86_64/Resources/library/BH/include' -I'/Library/Frameworks/R.framework/Versions/4.5-x86_64/Resources/library/dqrng/include' -I'/Library/Frameworks/R.framework/Versions/4.5-x86_64/Resources/library/scuttle/include' -I/opt/R/x86_64/include -fPIC -falign-functions=64 -Wall -g -O2 -c hashed_deltas.cpp -o hashed_deltas.o
In file included from hashed_deltas.cpp:2:
In file included from /Library/Frameworks/R.framework/Versions/4.5-x86_64/Resources/library/beachmat/include/beachmat3/beachmat.h:24:
In file included from /Library/Frameworks/R.framework/Versions/4.5-x86_64/Resources/library/beachmat/include/beachmat3/read_lin_block.h:11:
/Library/Frameworks/R.framework/Versions/4.5-x86_64/Resources/library/beachmat/include/beachmat3/lin_matrix.h:218:43: warning: 'beachmat::lin_sparse_matrix::get_row' hides overloaded virtual functions [-Woverloaded-virtual]
virtual sparse_index<const int*, int> get_row(size_t r, int* work_x, int* work_i, size_t first, size_t last) = 0;
^
/Library/Frameworks/R.framework/Versions/4.5-x86_64/Resources/library/beachmat/include/beachmat3/lin_matrix.h:66:24: note: hidden overloaded virtual function 'beachmat::lin_matrix::get_row' declared here: different number of parameters (4 vs 5)
virtual const int* get_row(size_t r, int* work, size_t first, size_t last) = 0;
^
/Library/Frameworks/R.framework/Versions/4.5-x86_64/Resources/library/beachmat/include/beachmat3/lin_matrix.h:95:27: note: hidden overloaded virtual function 'beachmat::lin_matrix::get_row' declared here: different number of parameters (4 vs 5)
virtual const double* get_row(size_t r, double* work, size_t first, size_t last) = 0;
^
/Library/Frameworks/R.framework/Versions/4.5-x86_64/Resources/library/beachmat/include/beachmat3/lin_matrix.h:236:43: warning: 'beachmat::lin_sparse_matrix::get_col' hides overloaded virtual functions [-Woverloaded-virtual]
virtual sparse_index<const int*, int> get_col(size_t c, int* work_x, int* work_i, size_t first, size_t last) = 0;
^
/Library/Frameworks/R.framework/Versions/4.5-x86_64/Resources/library/beachmat/include/beachmat3/lin_matrix.h:52:24: note: hidden overloaded virtual function 'beachmat::lin_matrix::get_col' declared here: different number of parameters (4 vs 5)
virtual const int* get_col(size_t c, int* work, size_t first, size_t last) = 0;
^
/Library/Frameworks/R.framework/Versions/4.5-x86_64/Resources/library/beachmat/include/beachmat3/lin_matrix.h:81:27: note: hidden overloaded virtual function 'beachmat::lin_matrix::get_col' declared here: different number of parameters (4 vs 5)
virtual const double* get_col(size_t c, double* work, size_t first, size_t last) = 0;
^
/Library/Frameworks/R.framework/Versions/4.5-x86_64/Resources/library/beachmat/include/beachmat3/lin_matrix.h:254:46: warning: 'beachmat::lin_sparse_matrix::get_row' hides overloaded virtual functions [-Woverloaded-virtual]
virtual sparse_index<const double*, int> get_row(size_t r, double* work_x, int* work_i, size_t first, size_t last) = 0;
^
/Library/Frameworks/R.framework/Versions/4.5-x86_64/Resources/library/beachmat/include/beachmat3/lin_matrix.h:66:24: note: hidden overloaded virtual function 'beachmat::lin_matrix::get_row' declared here: different number of parameters (4 vs 5)
virtual const int* get_row(size_t r, int* work, size_t first, size_t last) = 0;
^
/Library/Frameworks/R.framework/Versions/4.5-x86_64/Resources/library/beachmat/include/beachmat3/lin_matrix.h:95:27: note: hidden overloaded virtual function 'beachmat::lin_matrix::get_row' declared here: different number of parameters (4 vs 5)
virtual const double* get_row(size_t r, double* work, size_t first, size_t last) = 0;
^
/Library/Frameworks/R.framework/Versions/4.5-x86_64/Resources/library/beachmat/include/beachmat3/lin_matrix.h:272:46: warning: 'beachmat::lin_sparse_matrix::get_col' hides overloaded virtual functions [-Woverloaded-virtual]
virtual sparse_index<const double*, int> get_col(size_t c, double* work_x, int* work_i, size_t first, size_t last) = 0;
^
/Library/Frameworks/R.framework/Versions/4.5-x86_64/Resources/library/beachmat/include/beachmat3/lin_matrix.h:52:24: note: hidden overloaded virtual function 'beachmat::lin_matrix::get_col' declared here: different number of parameters (4 vs 5)
virtual const int* get_col(size_t c, int* work, size_t first, size_t last) = 0;
^
/Library/Frameworks/R.framework/Versions/4.5-x86_64/Resources/library/beachmat/include/beachmat3/lin_matrix.h:81:27: note: hidden overloaded virtual function 'beachmat::lin_matrix::get_col' declared here: different number of parameters (4 vs 5)
virtual const double* get_col(size_t c, double* work, size_t first, size_t last) = 0;
^
/Library/Frameworks/R.framework/Versions/4.5-x86_64/Resources/library/beachmat/include/beachmat3/lin_matrix.h:287:35: warning: 'beachmat::lin_sparse_matrix::get_col' hides overloaded virtual functions [-Woverloaded-virtual]
sparse_index<const int*, int> get_col(size_t c, int* work_x, int* work_i) {
^
/Library/Frameworks/R.framework/Versions/4.5-x86_64/Resources/library/beachmat/include/beachmat3/lin_matrix.h:52:24: note: hidden overloaded virtual function 'beachmat::lin_matrix::get_col' declared here: different number of parameters (4 vs 3)
virtual const int* get_col(size_t c, int* work, size_t first, size_t last) = 0;
^
/Library/Frameworks/R.framework/Versions/4.5-x86_64/Resources/library/beachmat/include/beachmat3/lin_matrix.h:81:27: note: hidden overloaded virtual function 'beachmat::lin_matrix::get_col' declared here: different number of parameters (4 vs 3)
virtual const double* get_col(size_t c, double* work, size_t first, size_t last) = 0;
^
/Library/Frameworks/R.framework/Versions/4.5-x86_64/Resources/library/beachmat/include/beachmat3/lin_matrix.h:304:35: warning: 'beachmat::lin_sparse_matrix::get_row' hides overloaded virtual functions [-Woverloaded-virtual]
sparse_index<const int*, int> get_row(size_t r, int* work_x, int* work_i) {
^
/Library/Frameworks/R.framework/Versions/4.5-x86_64/Resources/library/beachmat/include/beachmat3/lin_matrix.h:66:24: note: hidden overloaded virtual function 'beachmat::lin_matrix::get_row' declared here: different number of parameters (4 vs 3)
virtual const int* get_row(size_t r, int* work, size_t first, size_t last) = 0;
^
/Library/Frameworks/R.framework/Versions/4.5-x86_64/Resources/library/beachmat/include/beachmat3/lin_matrix.h:95:27: note: hidden overloaded virtual function 'beachmat::lin_matrix::get_row' declared here: different number of parameters (4 vs 3)
virtual const double* get_row(size_t r, double* work, size_t first, size_t last) = 0;
^
/Library/Frameworks/R.framework/Versions/4.5-x86_64/Resources/library/beachmat/include/beachmat3/lin_matrix.h:321:38: warning: 'beachmat::lin_sparse_matrix::get_col' hides overloaded virtual functions [-Woverloaded-virtual]
sparse_index<const double*, int> get_col(size_t c, double* work_x, int* work_i) {
^
/Library/Frameworks/R.framework/Versions/4.5-x86_64/Resources/library/beachmat/include/beachmat3/lin_matrix.h:52:24: note: hidden overloaded virtual function 'beachmat::lin_matrix::get_col' declared here: different number of parameters (4 vs 3)
virtual const int* get_col(size_t c, int* work, size_t first, size_t last) = 0;
^
/Library/Frameworks/R.framework/Versions/4.5-x86_64/Resources/library/beachmat/include/beachmat3/lin_matrix.h:81:27: note: hidden overloaded virtual function 'beachmat::lin_matrix::get_col' declared here: different number of parameters (4 vs 3)
virtual const double* get_col(size_t c, double* work, size_t first, size_t last) = 0;
^
/Library/Frameworks/R.framework/Versions/4.5-x86_64/Resources/library/beachmat/include/beachmat3/lin_matrix.h:338:38: warning: 'beachmat::lin_sparse_matrix::get_row' hides overloaded virtual functions [-Woverloaded-virtual]
sparse_index<const double*, int> get_row(size_t r, double* work_x, int* work_i) {
^
/Library/Frameworks/R.framework/Versions/4.5-x86_64/Resources/library/beachmat/include/beachmat3/lin_matrix.h:66:24: note: hidden overloaded virtual function 'beachmat::lin_matrix::get_row' declared here: different number of parameters (4 vs 3)
virtual const int* get_row(size_t r, int* work, size_t first, size_t last) = 0;
^
/Library/Frameworks/R.framework/Versions/4.5-x86_64/Resources/library/beachmat/include/beachmat3/lin_matrix.h:95:27: note: hidden overloaded virtual function 'beachmat::lin_matrix::get_row' declared here: different number of parameters (4 vs 3)
virtual const double* get_row(size_t r, double* work, size_t first, size_t last) = 0;
^
8 warnings generated.
clang++ -arch x86_64 -std=gnu++17 -I"/Library/Frameworks/R.framework/Resources/include" -DNDEBUG -I'/Library/Frameworks/R.framework/Versions/4.5-x86_64/Resources/library/Rcpp/include' -I'/Library/Frameworks/R.framework/Versions/4.5-x86_64/Resources/library/beachmat/include' -I'/Library/Frameworks/R.framework/Versions/4.5-x86_64/Resources/library/assorthead/include' -I'/Library/Frameworks/R.framework/Versions/4.5-x86_64/Resources/library/Rhdf5lib/include' -I'/Library/Frameworks/R.framework/Versions/4.5-x86_64/Resources/library/BH/include' -I'/Library/Frameworks/R.framework/Versions/4.5-x86_64/Resources/library/dqrng/include' -I'/Library/Frameworks/R.framework/Versions/4.5-x86_64/Resources/library/scuttle/include' -I/opt/R/x86_64/include -fPIC -falign-functions=64 -Wall -g -O2 -c montecarlo_pval.cpp -o montecarlo_pval.o
clang++ -arch x86_64 -std=gnu++17 -I"/Library/Frameworks/R.framework/Resources/include" -DNDEBUG -I'/Library/Frameworks/R.framework/Versions/4.5-x86_64/Resources/library/Rcpp/include' -I'/Library/Frameworks/R.framework/Versions/4.5-x86_64/Resources/library/beachmat/include' -I'/Library/Frameworks/R.framework/Versions/4.5-x86_64/Resources/library/assorthead/include' -I'/Library/Frameworks/R.framework/Versions/4.5-x86_64/Resources/library/Rhdf5lib/include' -I'/Library/Frameworks/R.framework/Versions/4.5-x86_64/Resources/library/BH/include' -I'/Library/Frameworks/R.framework/Versions/4.5-x86_64/Resources/library/dqrng/include' -I'/Library/Frameworks/R.framework/Versions/4.5-x86_64/Resources/library/scuttle/include' -I/opt/R/x86_64/include -fPIC -falign-functions=64 -Wall -g -O2 -c rand_custom.cpp -o rand_custom.o
clang++ -arch x86_64 -std=gnu++17 -I"/Library/Frameworks/R.framework/Resources/include" -DNDEBUG -I'/Library/Frameworks/R.framework/Versions/4.5-x86_64/Resources/library/Rcpp/include' -I'/Library/Frameworks/R.framework/Versions/4.5-x86_64/Resources/library/beachmat/include' -I'/Library/Frameworks/R.framework/Versions/4.5-x86_64/Resources/library/assorthead/include' -I'/Library/Frameworks/R.framework/Versions/4.5-x86_64/Resources/library/Rhdf5lib/include' -I'/Library/Frameworks/R.framework/Versions/4.5-x86_64/Resources/library/BH/include' -I'/Library/Frameworks/R.framework/Versions/4.5-x86_64/Resources/library/dqrng/include' -I'/Library/Frameworks/R.framework/Versions/4.5-x86_64/Resources/library/scuttle/include' -I/opt/R/x86_64/include -fPIC -falign-functions=64 -Wall -g -O2 -c read_mm.cpp -o read_mm.o
clang++ -arch x86_64 -std=gnu++17 -I"/Library/Frameworks/R.framework/Resources/include" -DNDEBUG -I'/Library/Frameworks/R.framework/Versions/4.5-x86_64/Resources/library/Rcpp/include' -I'/Library/Frameworks/R.framework/Versions/4.5-x86_64/Resources/library/beachmat/include' -I'/Library/Frameworks/R.framework/Versions/4.5-x86_64/Resources/library/assorthead/include' -I'/Library/Frameworks/R.framework/Versions/4.5-x86_64/Resources/library/Rhdf5lib/include' -I'/Library/Frameworks/R.framework/Versions/4.5-x86_64/Resources/library/BH/include' -I'/Library/Frameworks/R.framework/Versions/4.5-x86_64/Resources/library/dqrng/include' -I'/Library/Frameworks/R.framework/Versions/4.5-x86_64/Resources/library/scuttle/include' -I/opt/R/x86_64/include -fPIC -falign-functions=64 -Wall -g -O2 -c utils.cpp -o utils.o
clang++ -arch x86_64 -std=gnu++17 -dynamiclib -Wl,-headerpad_max_install_names -undefined dynamic_lookup -L/Library/Frameworks/R.framework/Resources/lib -L/opt/R/x86_64/lib -o DropletUtils.so RcppExports.o downsample_run.o encode_sequences.o find_chimeric.o find_swapped.o get_cell_barcodes.o group_cells.o hashed_deltas.o montecarlo_pval.o rand_custom.o read_mm.o utils.o /Library/Frameworks/R.framework/Versions/4.5-x86_64/Resources/library/Rhdf5lib/lib/libhdf5_cpp.a /Library/Frameworks/R.framework/Versions/4.5-x86_64/Resources/library/Rhdf5lib/lib/libhdf5.a -L/Library/Frameworks/R.framework/Versions/4.5-x86_64/Resources/library/Rhdf5lib/lib -lcrypto -lcurl -lsz -laec -lz -ldl -lm -F/Library/Frameworks/R.framework/.. -framework R
installing to /Library/Frameworks/R.framework/Versions/4.5-x86_64/Resources/library/00LOCK-DropletUtils/00new/DropletUtils/libs
** R
** inst
** byte-compile and prepare package for lazy loading
** help
*** installing help indices
** building package indices
** installing vignettes
** testing if installed package can be loaded from temporary location
** checking absolute paths in shared objects and dynamic libraries
** testing if installed package can be loaded from final location
** testing if installed package keeps a record of temporary installation path
* DONE (DropletUtils)
DropletUtils.Rcheck/tests/testthat.Rout.fail
R version 4.5.2 Patched (2025-11-05 r88990) -- "[Not] Part in a Rumble"
Copyright (C) 2025 The R Foundation for Statistical Computing
Platform: x86_64-apple-darwin20
R is free software and comes with ABSOLUTELY NO WARRANTY.
You are welcome to redistribute it under certain conditions.
Type 'license()' or 'licence()' for distribution details.
R is a collaborative project with many contributors.
Type 'contributors()' for more information and
'citation()' on how to cite R or R packages in publications.
Type 'demo()' for some demos, 'help()' for on-line help, or
'help.start()' for an HTML browser interface to help.
Type 'q()' to quit R.
> library(testthat)
> library(DropletUtils)
Loading required package: SingleCellExperiment
Loading required package: SummarizedExperiment
Loading required package: MatrixGenerics
Loading required package: matrixStats
Attaching package: 'MatrixGenerics'
The following objects are masked from 'package:matrixStats':
colAlls, colAnyNAs, colAnys, colAvgsPerRowSet, colCollapse,
colCounts, colCummaxs, colCummins, colCumprods, colCumsums,
colDiffs, colIQRDiffs, colIQRs, colLogSumExps, colMadDiffs,
colMads, colMaxs, colMeans2, colMedians, colMins, colOrderStats,
colProds, colQuantiles, colRanges, colRanks, colSdDiffs, colSds,
colSums2, colTabulates, colVarDiffs, colVars, colWeightedMads,
colWeightedMeans, colWeightedMedians, colWeightedSds,
colWeightedVars, rowAlls, rowAnyNAs, rowAnys, rowAvgsPerColSet,
rowCollapse, rowCounts, rowCummaxs, rowCummins, rowCumprods,
rowCumsums, rowDiffs, rowIQRDiffs, rowIQRs, rowLogSumExps,
rowMadDiffs, rowMads, rowMaxs, rowMeans2, rowMedians, rowMins,
rowOrderStats, rowProds, rowQuantiles, rowRanges, rowRanks,
rowSdDiffs, rowSds, rowSums2, rowTabulates, rowVarDiffs, rowVars,
rowWeightedMads, rowWeightedMeans, rowWeightedMedians,
rowWeightedSds, rowWeightedVars
Loading required package: GenomicRanges
Loading required package: stats4
Loading required package: BiocGenerics
Loading required package: generics
Attaching package: 'generics'
The following objects are masked from 'package:base':
as.difftime, as.factor, as.ordered, intersect, is.element, setdiff,
setequal, union
Attaching package: 'BiocGenerics'
The following objects are masked from 'package:stats':
IQR, mad, sd, var, xtabs
The following objects are masked from 'package:base':
Filter, Find, Map, Position, Reduce, anyDuplicated, aperm, append,
as.data.frame, basename, cbind, colnames, dirname, do.call,
duplicated, eval, evalq, get, grep, grepl, is.unsorted, lapply,
mapply, match, mget, order, paste, pmax, pmax.int, pmin, pmin.int,
rank, rbind, rownames, sapply, saveRDS, table, tapply, unique,
unsplit, which.max, which.min
Loading required package: S4Vectors
Attaching package: 'S4Vectors'
The following object is masked from 'package:utils':
findMatches
The following objects are masked from 'package:base':
I, expand.grid, unname
Loading required package: IRanges
Loading required package: Seqinfo
Loading required package: Biobase
Welcome to Bioconductor
Vignettes contain introductory material; view with
'browseVignettes()'. To cite Bioconductor, see
'citation("Biobase")', and for packages 'citation("pkgname")'.
Attaching package: 'Biobase'
The following object is masked from 'package:MatrixGenerics':
rowMedians
The following objects are masked from 'package:matrixStats':
anyMissing, rowMedians
> test_check("DropletUtils")
*** caught segfault ***
address 0x70000a4cbf07, cause 'memory not mapped'
Traceback:
1: read_mm(matrix.loc, two_pass = mtx.two.pass, class_name = mtx.class, threads = mtx.threads)
2: .read_from_sparse(run, version = version, is.prefix = FALSE, compressed = compressed, mtx.two.pass = mtx.two.pass, mtx.class = mtx.class, mtx.threads = mtx.threads)
3: FUN(...)
4: withCallingHandlers({ ERROR_CALL_DEPTH <<- (function() sys.nframe() - 1L)() FUN(...)}, error = function(e) { annotated_condition <- handle_error(e) stop(annotated_condition)}, warning = handle_warning)
5: doTryCatch(return(expr), name, parentenv, handler)
6: tryCatchOne(expr, names, parentenv, handlers[[1L]])
7: tryCatchList(expr, classes, parentenv, handlers)
8: tryCatch({ withCallingHandlers({ ERROR_CALL_DEPTH <<- (function() sys.nframe() - 1L)() FUN(...) }, error = function(e) { annotated_condition <- handle_error(e) stop(annotated_condition) }, warning = handle_warning)}, error = identity)
9: FUN(X[[i]], ...)
10: (function (X, FUN, ...) { FUN <- match.fun(FUN) if (!is.vector(X) || is.object(X)) X <- as.list(X) .Internal(lapply(X, FUN))})(X = "/var/folders/v1/y6dg5h4n163dzmrfl6t_r5480000gp/T//RtmpkLR17L/file4fe8628a2ec7", FUN = function (...) { if (!identical(timeout, WORKER_TIMEOUT)) { setTimeLimit(timeout, timeout, TRUE) on.exit(setTimeLimit(Inf, Inf, FALSE)) } if (!is.null(globalOptions)) base::options(globalOptions) if (stop.on.error && ERROR_OCCURRED) { UNEVALUATED } else { .rng_reset_generator("L'Ecuyer-CMRG", SEED) output <- tryCatch({ withCallingHandlers({ ERROR_CALL_DEPTH <<- (function() sys.nframe() - 1L)() FUN(...) }, error = function(e) { annotated_condition <- handle_error(e) stop(annotated_condition) }, warning = handle_warning) }, error = identity) if (force.GC) gc(verbose = FALSE, full = FALSE) SEED <<- .rng_next_substream(SEED) output } }, type = "auto", version = "auto", genome = NULL, compressed = NULL, mtx.two.pass = TRUE, mtx.class = "CsparseMatrix", mtx.threads = 2)
11: do.call(lapply, args)
12: BiocParallel:::.workerLapply_impl(...)
13: (function (...) BiocParallel:::.workerLapply_impl(...))(X = "/var/folders/v1/y6dg5h4n163dzmrfl6t_r5480000gp/T//RtmpkLR17L/file4fe8628a2ec7", FUN = function (run, type, version, genome, compressed, mtx.two.pass, mtx.class, mtx.threads) { cur.type <- .type_chooser(run, type) if (cur.type == "mtx") { .read_from_sparse(run, version = version, is.prefix = FALSE, compressed = compressed, mtx.two.pass = mtx.two.pass, mtx.class = mtx.class, mtx.threads = mtx.threads) } else if (cur.type == "prefix") { .read_from_sparse(run, version = version, is.prefix = TRUE, compressed = compressed, mtx.two.pass = mtx.two.pass, mtx.class = mtx.class, mtx.threads = mtx.threads) } else { .read_from_hdf5(run, genome = genome, version = version) } }, ARGS = list(type = "auto", version = "auto", genome = NULL, compressed = NULL, mtx.two.pass = TRUE, mtx.class = "CsparseMatrix", mtx.threads = 2), OPTIONS = list(log = FALSE, threshold = "INFO", stop.on.error = TRUE, as.error = TRUE, timeout = NA_integer_, force.GC = FALSE, globalOptions = NULL), BPRNGSEED = c(10407L, -833940739L, -1503040581L, 1088361421L, -1972176253L, 1277613864L, -2129157358L), GLOBALS = list(), PACKAGES = character(0))
14: do.call(msg$data$fun, msg$data$args)
15: doTryCatch(return(expr), name, parentenv, handler)
16: tryCatchOne(expr, names, parentenv, handlers[[1L]])
17: tryCatchList(expr, classes, parentenv, handlers)
18: tryCatch({ .autoload_s4_classes(msg$data$args$X) do.call(msg$data$fun, msg$data$args)}, error = function(e) { list(.error_worker_comm(e, "worker evaluation failed"))})
19: .bpworker_EXEC(msg, bplog(backend$BPPARAM))
20: .recv_any(manager$backend)
21: .recv_any(manager$backend)
22: .manager_recv(manager)
23: .manager_recv(manager)
24: .collect_result(manager, reducer, progress, BPPARAM)
25: .bploop_impl(ITER = ITER, FUN = FUN, ARGS = ARGS, BPPARAM = BPPARAM, BPOPTIONS = BPOPTIONS, BPREDO = BPREDO, reducer = reducer, progress.length = length(redo_index))
26: bploop.lapply(manager, BPPARAM = BPPARAM, BPOPTIONS = BPOPTIONS, ...)
27: bploop(manager, BPPARAM = BPPARAM, BPOPTIONS = BPOPTIONS, ...)
28: .bpinit(manager = manager, X = X, FUN = FUN, ARGS = ARGS, BPPARAM = BPPARAM, BPOPTIONS = BPOPTIONS, BPREDO = BPREDO)
29: bplapply(samples, FUN = .tenx_loader, type = type, version = version, genome = genome, compressed = compressed, mtx.two.pass = mtx.two.pass, mtx.class = match.arg(mtx.class), mtx.threads = mtx.threads, BPPARAM = BPPARAM)
30: bplapply(samples, FUN = .tenx_loader, type = type, version = version, genome = genome, compressed = compressed, mtx.two.pass = mtx.two.pass, mtx.class = match.arg(mtx.class), mtx.threads = mtx.threads, BPPARAM = BPPARAM)
31: read10xCounts(tmpdir, mtx.threads = 2, mtx.two.pass = TRUE)
32: eval(code, test_env)
33: eval(code, test_env)
34: withCallingHandlers({ eval(code, test_env) new_expectations <- the$test_expectations > starting_expectations if (snapshot_skipped) { skip("On CRAN") } else if (!new_expectations && skip_on_empty) { skip_empty() }}, expectation = handle_expectation, packageNotFoundError = function(e) { if (on_cran()) { skip(paste0("{", e$package, "} is not installed.")) }}, snapshot_on_cran = function(cnd) { snapshot_skipped <<- TRUE invokeRestart("muffle_cran_snapshot")}, skip = handle_skip, warning = handle_warning, message = handle_message, error = handle_error, interrupt = handle_interrupt)
35: doTryCatch(return(expr), name, parentenv, handler)
36: tryCatchOne(expr, names, parentenv, handlers[[1L]])
37: tryCatchList(expr, classes, parentenv, handlers)
38: tryCatch(withCallingHandlers({ eval(code, test_env) new_expectations <- the$test_expectations > starting_expectations if (snapshot_skipped) { skip("On CRAN") } else if (!new_expectations && skip_on_empty) { skip_empty() }}, expectation = handle_expectation, packageNotFoundError = function(e) { if (on_cran()) { skip(paste0("{", e$package, "} is not installed.")) }}, snapshot_on_cran = function(cnd) { snapshot_skipped <<- TRUE invokeRestart("muffle_cran_snapshot")}, skip = handle_skip, warning = handle_warning, message = handle_message, error = handle_error, interrupt = handle_interrupt), error = handle_fatal)
39: doWithOneRestart(return(expr), restart)
40: withOneRestart(expr, restarts[[1L]])
41: withRestarts(tryCatch(withCallingHandlers({ eval(code, test_env) new_expectations <- the$test_expectations > starting_expectations if (snapshot_skipped) { skip("On CRAN") } else if (!new_expectations && skip_on_empty) { skip_empty() }}, expectation = handle_expectation, packageNotFoundError = function(e) { if (on_cran()) { skip(paste0("{", e$package, "} is not installed.")) }}, snapshot_on_cran = function(cnd) { snapshot_skipped <<- TRUE invokeRestart("muffle_cran_snapshot")}, skip = handle_skip, warning = handle_warning, message = handle_message, error = handle_error, interrupt = handle_interrupt), error = handle_fatal), end_test = function() { })
42: test_code(code, parent.frame())
43: test_that("read10xCounts works correctly for sparse counts, version < 3", { tmpdir <- tempfile() write10xCounts(path = tmpdir, my.counts, gene.id = gene.ids, gene.symbol = gene.symb, barcodes = cell.ids) sce10x <- read10xCounts(tmpdir) alt.counts <- my.counts rownames(alt.counts) <- gene.ids colnames(alt.counts) <- NULL expect_equal(counts(sce10x), alt.counts) expect_identical(rowData(sce10x)$ID, gene.ids) expect_identical(rowData(sce10x)$Symbol, gene.symb) expect_identical(sce10x$Sample, rep(tmpdir, ncol(my.counts))) expect_identical(sce10x$Barcode, cell.ids) sce10x.tp <- read10xCounts(tmpdir, mtx.two.pass = TRUE) expect_equal(counts(sce10x.tp), alt.counts) sce10x.svt <- read10xCounts(tmpdir, mtx.class = "SVT_SparseMatrix") svt.counts <- as(alt.counts, "SVT_SparseArray") expect_equal(counts(sce10x.svt), svt.counts) sce10x.tp.svt <- read10xCounts(tmpdir, mtx.two.pass = TRUE, mtx.class = "SVT_SparseMatrix") expect_equal(counts(sce10x.tp.svt), svt.counts) sce10x.mc <- read10xCounts(tmpdir, mtx.threads = 2) expect_equal(counts(sce10x.mc), alt.counts) sce10x.mc <- read10xCounts(tmpdir, mtx.threads = 2, mtx.two.pass = TRUE) expect_equal(counts(sce10x.mc), alt.counts) tmpdir2 <- tempfile() write10xCounts(path = tmpdir2, my.counts * 2, gene.id = gene.ids, gene.symbol = gene.symb, barcodes = cell.ids) sce10x2 <- read10xCounts(tmpdir2) expect_equal(assay(sce10x) * 2L, assay(sce10x2)) ref <- cbind(sce10x, sce10x2) colnames(ref) <- NULL combined <- read10xCounts(c(tmpdir, tmpdir2)) expect_equal(rowData(ref), rowData(combined)) expect_equal(colData(ref), colData(combined)) expect_equal(assay(ref), assay(combined)) })
44: eval(code, test_env)
45: eval(code, test_env)
46: withCallingHandlers({ eval(code, test_env) new_expectations <- the$test_expectations > starting_expectations if (snapshot_skipped) { skip("On CRAN") } else if (!new_expectations && skip_on_empty) { skip_empty() }}, expectation = handle_expectation, packageNotFoundError = function(e) { if (on_cran()) { skip(paste0("{", e$package, "} is not installed.")) }}, snapshot_on_cran = function(cnd) { snapshot_skipped <<- TRUE invokeRestart("muffle_cran_snapshot")}, skip = handle_skip, warning = handle_warning, message = handle_message, error = handle_error, interrupt = handle_interrupt)
47: doTryCatch(return(expr), name, parentenv, handler)
48: tryCatchOne(expr, names, parentenv, handlers[[1L]])
49: tryCatchList(expr, classes, parentenv, handlers)
50: tryCatch(withCallingHandlers({ eval(code, test_env) new_expectations <- the$test_expectations > starting_expectations if (snapshot_skipped) { skip("On CRAN") } else if (!new_expectations && skip_on_empty) { skip_empty() }}, expectation = handle_expectation, packageNotFoundError = function(e) { if (on_cran()) { skip(paste0("{", e$package, "} is not installed.")) }}, snapshot_on_cran = function(cnd) { snapshot_skipped <<- TRUE invokeRestart("muffle_cran_snapshot")}, skip = handle_skip, warning = handle_warning, message = handle_message, error = handle_error, interrupt = handle_interrupt), error = handle_fatal)
51: doWithOneRestart(return(expr), restart)
52: withOneRestart(expr, restarts[[1L]])
53: withRestarts(tryCatch(withCallingHandlers({ eval(code, test_env) new_expectations <- the$test_expectations > starting_expectations if (snapshot_skipped) { skip("On CRAN") } else if (!new_expectations && skip_on_empty) { skip_empty() }}, expectation = handle_expectation, packageNotFoundError = function(e) { if (on_cran()) { skip(paste0("{", e$package, "} is not installed.")) }}, snapshot_on_cran = function(cnd) { snapshot_skipped <<- TRUE invokeRestart("muffle_cran_snapshot")}, skip = handle_skip, warning = handle_warning, message = handle_message, error = handle_error, interrupt = handle_interrupt), error = handle_fatal), end_test = function() { })
54: test_code(code = exprs, env = env, reporter = get_reporter() %||% StopReporter$new())
55: source_file(path, env = env(env), desc = desc, shuffle = shuffle, error_call = error_call)
56: FUN(X[[i]], ...)
57: lapply(test_paths, test_one_file, env = env, desc = desc, shuffle = shuffle, error_call = error_call)
58: doTryCatch(return(expr), name, parentenv, handler)
59: tryCatchOne(expr, names, parentenv, handlers[[1L]])
60: tryCatchList(expr, classes, parentenv, handlers)
61: tryCatch(code, testthat_abort_reporter = function(cnd) { cat(conditionMessage(cnd), "\n") NULL})
62: with_reporter(reporters$multi, lapply(test_paths, test_one_file, env = env, desc = desc, shuffle = shuffle, error_call = error_call))
63: test_files_serial(test_dir = test_dir, test_package = test_package, test_paths = test_paths, load_helpers = load_helpers, reporter = reporter, env = env, stop_on_failure = stop_on_failure, stop_on_warning = stop_on_warning, desc = desc, load_package = load_package, shuffle = shuffle, error_call = error_call)
64: test_files(test_dir = path, test_paths = test_paths, test_package = package, reporter = reporter, load_helpers = load_helpers, env = env, stop_on_failure = stop_on_failure, stop_on_warning = stop_on_warning, load_package = load_package, parallel = parallel, shuffle = shuffle)
65: test_dir("testthat", package = package, reporter = reporter, ..., load_package = "installed")
66: test_check("DropletUtils")
An irrecoverable exception occurred. R is aborting now ...
DropletUtils.Rcheck/DropletUtils-Ex.timings
| name | user | system | elapsed | |
| ambientContribMaximum | 1.593 | 0.047 | 2.059 | |
| ambientContribNegative | 0.059 | 0.002 | 0.078 | |
| ambientContribSparse | 0.092 | 0.002 | 0.123 | |
| ambientProfileBimodal | 0.009 | 0.001 | 0.010 | |
| ambientProfileEmpty | 0.164 | 0.034 | 0.250 | |
| barcodeRanks | 0.317 | 0.052 | 0.451 | |
| chimericDrops | 0.365 | 0.034 | 0.507 | |
| cleanTagCounts | 0.152 | 0.002 | 0.185 | |
| defaultDrops | 0.126 | 0.025 | 0.182 | |
| downsampleReads | 0.289 | 0.088 | 0.435 | |
| emptyDrops | 1.874 | 0.042 | 2.261 | |
| emptyDropsCellRanger | 2.900 | 0.199 | 3.611 | |
| encodeSequences | 0.000 | 0.000 | 0.003 | |
| get10xMolInfoStats | 0.284 | 0.017 | 0.332 | |
| hashedDrops | 0.224 | 0.013 | 0.274 | |
| makeCountMatrix | 0.012 | 0.009 | 0.023 | |
| read10xCounts | 0.826 | 0.031 | 1.001 | |
| read10xMolInfo | 0.211 | 0.023 | 0.273 | |
| removeAmbience | 0.557 | 0.037 | 0.699 | |
| swappedDrops | 0.931 | 0.047 | 1.106 | |
| write10xCounts | 0.241 | 0.020 | 0.290 | |