Back to Multiple platform build/check report for BioC 3.22:   simplified   long
AB[C]DEFGHIJKLMNOPQRSTUVWXYZ

This page was generated on 2025-11-20 12:05 -0500 (Thu, 20 Nov 2025).

HostnameOSArch (*)R versionInstalled pkgs
nebbiolo2Linux (Ubuntu 24.04.3 LTS)x86_644.5.2 (2025-10-31) -- "[Not] Part in a Rumble" 4615
merida1macOS 12.7.6 Montereyx86_644.5.2 Patched (2025-11-05 r88990) -- "[Not] Part in a Rumble" 4610
kjohnson1macOS 13.7.5 Venturaarm644.5.2 Patched (2025-11-04 r88984) -- "[Not] Part in a Rumble" 4598
taishanLinux (openEuler 24.03 LTS)aarch644.5.0 (2025-04-11) -- "How About a Twenty-Six" 4668
Click on any hostname to see more info about the system (e.g. compilers)      (*) as reported by 'uname -p', except on Windows and Mac OS X

Package 338/2361HostnameOS / ArchINSTALLBUILDCHECKBUILD BIN
ChemmineR 3.62.0  (landing page)
Thomas Girke
Snapshot Date: 2025-11-17 13:45 -0500 (Mon, 17 Nov 2025)
git_url: https://git.bioconductor.org/packages/ChemmineR
git_branch: RELEASE_3_22
git_last_commit: 8667085
git_last_commit_date: 2025-10-29 10:01:35 -0500 (Wed, 29 Oct 2025)
nebbiolo2Linux (Ubuntu 24.04.3 LTS) / x86_64  OK    OK    WARNINGS  UNNEEDED, same version is already published
merida1macOS 12.7.6 Monterey / x86_64  OK    OK    WARNINGS    OK  UNNEEDED, same version is already published
kjohnson1macOS 13.7.5 Ventura / arm64  OK    OK    WARNINGS    OK  UNNEEDED, same version is already published
taishanLinux (openEuler 24.03 LTS) / aarch64  OK    OK    WARNINGS  


CHECK results for ChemmineR on kjohnson1

To the developers/maintainers of the ChemmineR package:
- Allow up to 24 hours (and sometimes 48 hours) for your latest push to git@git.bioconductor.org:packages/ChemmineR.git to reflect on this report. See Troubleshooting Build Report for more information.
- Use the following Renviron settings to reproduce errors and warnings.
- If 'R CMD check' started to fail recently on the Linux builder(s) over a missing dependency, add the missing dependency to 'Suggests:' in your DESCRIPTION file. See Renviron.bioc for more information.

raw results


Summary

Package: ChemmineR
Version: 3.62.0
Command: /Library/Frameworks/R.framework/Resources/bin/R CMD check --install=check:ChemmineR.install-out.txt --library=/Library/Frameworks/R.framework/Resources/library --no-vignettes --timings ChemmineR_3.62.0.tar.gz
StartedAt: 2025-11-18 03:53:25 -0500 (Tue, 18 Nov 2025)
EndedAt: 2025-11-18 03:54:28 -0500 (Tue, 18 Nov 2025)
EllapsedTime: 62.6 seconds
RetCode: 0
Status:   WARNINGS  
CheckDir: ChemmineR.Rcheck
Warnings: 1

Command output

##############################################################################
##############################################################################
###
### Running command:
###
###   /Library/Frameworks/R.framework/Resources/bin/R CMD check --install=check:ChemmineR.install-out.txt --library=/Library/Frameworks/R.framework/Resources/library --no-vignettes --timings ChemmineR_3.62.0.tar.gz
###
##############################################################################
##############################################################################


* using log directory ‘/Users/biocbuild/bbs-3.22-bioc/meat/ChemmineR.Rcheck’
* using R version 4.5.2 Patched (2025-11-04 r88984)
* using platform: aarch64-apple-darwin20
* R was compiled by
    Apple clang version 16.0.0 (clang-1600.0.26.6)
    GNU Fortran (GCC) 14.2.0
* running under: macOS Ventura 13.7.8
* using session charset: UTF-8
* using option ‘--no-vignettes’
* checking for file ‘ChemmineR/DESCRIPTION’ ... OK
* checking extension type ... Package
* this is package ‘ChemmineR’ version ‘3.62.0’
* checking package namespace information ... OK
* checking package dependencies ... INFO
Package which this enhances but not available for checking: ‘ChemmineOB’
* checking if this is a source package ... OK
* checking if there is a namespace ... OK
* checking for hidden files and directories ... OK
* checking for portable file names ... OK
* checking for sufficient/correct file permissions ... OK
* checking whether package ‘ChemmineR’ can be installed ... OK
* used C++ compiler: ‘Apple clang version 15.0.0 (clang-1500.0.40.1)’
* used SDK: ‘MacOSX11.3.1.sdk’
* checking installed package size ... OK
* checking package directory ... OK
* checking ‘build’ directory ... OK
* checking DESCRIPTION meta-information ... NOTE
Package listed in more than one of Depends, Imports, Suggests, Enhances:
  ‘png’
A package should be listed in only one of these fields.
* checking top-level files ... OK
* checking for left-over files ... OK
* checking index information ... OK
* checking package subdirectories ... OK
* checking code files for non-ASCII characters ... OK
* checking R files for syntax errors ... OK
* checking whether the package can be loaded ... OK
* checking whether the package can be loaded with stated dependencies ... OK
* checking whether the package can be unloaded cleanly ... OK
* checking whether the namespace can be loaded with stated dependencies ... OK
* checking whether the namespace can be unloaded cleanly ... OK
* checking whether startup messages can be suppressed ... OK
* checking dependencies in R code ... NOTE
'library' or 'require' calls in package code:
  ‘ChemmineDrugs’ ‘ChemmineOB’ ‘RPostgreSQL’ ‘RSQLite’ ‘fmcsR’ ‘png’
  ‘snow’
  Please use :: or requireNamespace() instead.
  See section 'Suggested packages' in the 'Writing R Extensions' manual.
Namespace in Imports field not imported from: ‘BiocGenerics’
  All declared Imports should be used.
Unavailable namespace imported from by a ':::' call: ‘ChemmineOB’
  See the note in ?`:::` about the use of this operator.
* checking S3 generic/method consistency ... OK
* checking replacement functions ... OK
* checking foreign function calls ... OK
* checking R code for possible problems ... NOTE
Found the following possibly unsafe calls:
File ‘ChemmineR/R/sim.R’:
  unlockBinding(".progress_bar_int_cnt", environment(.progress_bar))

.data.frame.to.str: no visible global function definition for
  ‘write.table’
.data.frame.to.str: no visible binding for global variable ‘string’
.rings: no visible global function definition for ‘combn’
DUD: no visible global function definition for ‘download.file’
DUD: no visible global function definition for ‘untar’
applyOptions: no visible global function definition for ‘convertFormat’
browseJob: no visible global function definition for ‘browseURL’
canonicalNumbering: no visible global function definition for
  ‘canonicalNumbering_OB’
canonicalNumberingOB: no visible global function definition for
  ‘canonicalNumbering_OB’
cluster.visualize: no visible global function definition for ‘rainbow’
cluster.visualize: no visible global function definition for ‘pdf’
cluster.visualize: no visible global function definition for
  ‘postscript’
cluster.visualize: no visible global function definition for ‘dev.off’
desc2fp: no visible global function definition for ‘data’
draw_sdf: no visible global function definition for ‘rgb’
draw_sdf: no visible global function definition for ‘fmcs’
exactMassOB: no visible global function definition for ‘exactMass_OB’
fingerprintOB: no visible global function definition for
  ‘fingerprint_OB’
getCompoundFeatures : <anonymous>: no visible global function
  definition for ‘write.table’
getCompounds: no visible global function definition for ‘str’
getDbConn: no visible global function definition for ‘error’
handle_segs: no visible binding for global variable ‘C1’
handle_segs: no visible binding for global variable ‘C2’
handle_segs: no visible binding for global variable ‘C1.1’
handle_segs: no visible binding for global variable ‘C2.1’
handle_text: no visible binding for global variable ‘C1’
handle_text: no visible binding for global variable ‘C2’
listCMTools: no visible global function definition for ‘read.table’
parBatchByIndex: no visible global function definition for
  ‘clusterExport’
parBatchByIndex: no visible global function definition for
  ‘clusterApplyLB’
postgresqlWriteTable: no visible global function definition for
  ‘postgresqlTableRef’
postgresqlWriteTable: no visible global function definition for
  ‘postgresqlQuoteId’
postgresqlWriteTable: no visible global function definition for
  ‘postgresqlpqExec’
postgresqlWriteTable: no visible global function definition for
  ‘postgresqlCopyInDataframe’
postgresqlWriteTable: no visible global function definition for
  ‘postgresqlgetResult’
propOB: no visible global function definition for ‘prop_OB’
read.AP: no visible global function definition for ‘read.delim’
sdf2OBMol: no visible global function definition for ‘forEachMol’
sdf2image: no visible global function definition for ‘convertToImage’
sdf2smiles: no visible global function definition for ‘convertFormat’
sdf2smilesOB: no visible global function definition for ‘convertFormat’
sdfStream: no visible global function definition for ‘write.table’
setPriorities: no visible global function definition for
  ‘clusterExport’
smartsSearchOB: no visible global function definition for
  ‘smartsSearch_OB’
smile2sdfFile: no visible global function definition for
  ‘convertFormatFile’
write.SMI: no visible global function definition for ‘write.table’
Undefined global functions or variables:
  C1 C1.1 C2 C2.1 browseURL canonicalNumbering_OB clusterApplyLB
  clusterExport combn convertFormat convertFormatFile convertToImage
  data dev.off download.file error exactMass_OB fingerprint_OB fmcs
  forEachMol pdf postgresqlCopyInDataframe postgresqlQuoteId
  postgresqlTableRef postgresqlgetResult postgresqlpqExec postscript
  prop_OB rainbow read.delim read.table rgb smartsSearch_OB str string
  untar write.table
Consider adding
  importFrom("grDevices", "dev.off", "pdf", "postscript", "rainbow",
             "rgb")
  importFrom("utils", "browseURL", "combn", "data", "download.file",
             "read.delim", "read.table", "str", "untar", "write.table")
to your NAMESPACE file.
* checking Rd files ... NOTE
checkRd: (-1) cmp.duplicated.Rd:29: Escaped LaTeX specials: \$
* checking Rd metadata ... OK
* checking Rd cross-references ... OK
* checking for missing documentation entries ... WARNING
Undocumented code objects:
  ‘sdfid<-’
Undocumented S4 methods:
  generic '$' and siglist '_p_Descriptors'
  generic '[' and siglist 'ExternalReferenceSwig'
  generic '[<-' and siglist 'ExternalReferenceSwig'
  generic 'coerce' and siglist 'ExternalReferenceSwig,character'
  generic 'length' and siglist 'SWIGArray'
  generic 'sdfid<-' and siglist 'SDF'
  generic 'sdfid<-' and siglist 'SDFset'
All user-level objects in a package (including S4 classes and methods)
should have documentation entries.
See chapter ‘Writing R documentation files’ in the ‘Writing R
Extensions’ manual.
* checking for code/documentation mismatches ... OK
* checking Rd \usage sections ... OK
* checking Rd contents ... NOTE
Argument items with no description in Rd file 'cmp.search.Rd':
  ‘visualize’ ‘visualize.browse’ ‘visualize.query’
* checking for unstated dependencies in examples ... OK
* checking contents of ‘data’ directory ... OK
* checking data for non-ASCII characters ... OK
* checking data for ASCII and uncompressed saves ... OK
* checking line endings in C/C++/Fortran sources/headers ... OK
* checking line endings in Makefiles ... OK
* checking compilation flags in Makevars ... OK
* checking for GNU extensions in Makefiles ... OK
* checking for portable use of $(BLAS_LIBS) and $(LAPACK_LIBS) ... OK
* checking use of PKG_*FLAGS in Makefiles ... OK
* checking compiled code ... NOTE
Note: information on .o files is not available
File ‘/Library/Frameworks/R.framework/Versions/4.5-arm64/Resources/library/ChemmineR/libs/ChemmineR.so’:
  Found ‘__ZNSt3__14cerrE’, possibly from ‘std::cerr’ (C++)
  Found ‘__ZNSt3__14coutE’, possibly from ‘std::cout’ (C++)
File ‘ChemmineR/libs/ChemmineR.so’:
  Found non-API call to R: ‘SET_S4_OBJECT’

Compiled code should not call entry points which might terminate R nor
write to stdout/stderr instead of to the console, nor use Fortran I/O
nor system RNGs nor [v]sprintf. The detected symbols are linked into
the code but might come from libraries and not actually be called.
Compiled code should not call non-API entry points in R.

See ‘Writing portable packages’ in the ‘Writing R Extensions’ manual,
and section ‘Moving into C API compliance’ for issues with the use of
non-API entry points.
* checking files in ‘vignettes’ ... OK
* checking examples ... OK
* checking for unstated dependencies in ‘tests’ ... OK
* checking tests ...
  Running ‘runTests.R’
 OK
* checking for unstated dependencies in vignettes ... OK
* checking package vignettes ... OK
* checking running R code from vignettes ... SKIPPED
* checking re-building of vignette outputs ... SKIPPED
* checking PDF version of manual ... OK
* DONE

Status: 1 WARNING, 6 NOTEs
See
  ‘/Users/biocbuild/bbs-3.22-bioc/meat/ChemmineR.Rcheck/00check.log’
for details.


Installation output

ChemmineR.Rcheck/00install.out

##############################################################################
##############################################################################
###
### Running command:
###
###   /Library/Frameworks/R.framework/Resources/bin/R CMD INSTALL ChemmineR
###
##############################################################################
##############################################################################


* installing to library ‘/Library/Frameworks/R.framework/Versions/4.5-arm64/Resources/library’
* installing *source* package ‘ChemmineR’ ...
** this is package ‘ChemmineR’ version ‘3.62.0’
** using staged installation
** libs
using C++ compiler: ‘Apple clang version 15.0.0 (clang-1500.0.40.1)’
using SDK: ‘MacOSX11.3.1.sdk’
clang++ -arch arm64 -std=gnu++17 -I"/Library/Frameworks/R.framework/Resources/include" -DNDEBUG  -I'/Library/Frameworks/R.framework/Versions/4.5-arm64/Resources/library/Rcpp/include' -I'/Library/Frameworks/R.framework/Versions/4.5-arm64/Resources/library/BH/include' -I/opt/R/arm64/include   -DNO_MAIN -DNO_DEBUG -DSTRICT_R_HEADERS -DR_NO_REMAP -fPIC  -falign-functions=64 -Wall -g -O2   -c DisjointSets.cpp -o DisjointSets.o
clang++ -arch arm64 -std=gnu++17 -I"/Library/Frameworks/R.framework/Resources/include" -DNDEBUG  -I'/Library/Frameworks/R.framework/Versions/4.5-arm64/Resources/library/Rcpp/include' -I'/Library/Frameworks/R.framework/Versions/4.5-arm64/Resources/library/BH/include' -I/opt/R/arm64/include   -DNO_MAIN -DNO_DEBUG -DSTRICT_R_HEADERS -DR_NO_REMAP -fPIC  -falign-functions=64 -Wall -g -O2   -c cluster.cc -o cluster.o
cluster.cc:49:13: warning: unused function 'prepare_neighbors' [-Wunused-function]
void static prepare_neighbors(const char* nbr_file, int skip, int p)
            ^
1 warning generated.
clang++ -arch arm64 -std=gnu++17 -I"/Library/Frameworks/R.framework/Resources/include" -DNDEBUG  -I'/Library/Frameworks/R.framework/Versions/4.5-arm64/Resources/library/Rcpp/include' -I'/Library/Frameworks/R.framework/Versions/4.5-arm64/Resources/library/BH/include' -I/opt/R/arm64/include   -DNO_MAIN -DNO_DEBUG -DSTRICT_R_HEADERS -DR_NO_REMAP -fPIC  -falign-functions=64 -Wall -g -O2   -c cstrsplit.cc -o cstrsplit.o
clang++ -arch arm64 -std=gnu++17 -I"/Library/Frameworks/R.framework/Resources/include" -DNDEBUG  -I'/Library/Frameworks/R.framework/Versions/4.5-arm64/Resources/library/Rcpp/include' -I'/Library/Frameworks/R.framework/Versions/4.5-arm64/Resources/library/BH/include' -I/opt/R/arm64/include   -DNO_MAIN -DNO_DEBUG -DSTRICT_R_HEADERS -DR_NO_REMAP -fPIC  -falign-functions=64 -Wall -g -O2   -c desc.cc -o desc.o
clang++ -arch arm64 -std=gnu++17 -I"/Library/Frameworks/R.framework/Resources/include" -DNDEBUG  -I'/Library/Frameworks/R.framework/Versions/4.5-arm64/Resources/library/Rcpp/include' -I'/Library/Frameworks/R.framework/Versions/4.5-arm64/Resources/library/BH/include' -I/opt/R/arm64/include   -DNO_MAIN -DNO_DEBUG -DSTRICT_R_HEADERS -DR_NO_REMAP -fPIC  -falign-functions=64 -Wall -g -O2   -c fingerprints.cc -o fingerprints.o
clang++ -arch arm64 -std=gnu++17 -I"/Library/Frameworks/R.framework/Resources/include" -DNDEBUG  -I'/Library/Frameworks/R.framework/Versions/4.5-arm64/Resources/library/Rcpp/include' -I'/Library/Frameworks/R.framework/Versions/4.5-arm64/Resources/library/BH/include' -I/opt/R/arm64/include   -DNO_MAIN -DNO_DEBUG -DSTRICT_R_HEADERS -DR_NO_REMAP -fPIC  -falign-functions=64 -Wall -g -O2   -c formats.cc -o formats.o
clang++ -arch arm64 -std=gnu++17 -I"/Library/Frameworks/R.framework/Resources/include" -DNDEBUG  -I'/Library/Frameworks/R.framework/Versions/4.5-arm64/Resources/library/Rcpp/include' -I'/Library/Frameworks/R.framework/Versions/4.5-arm64/Resources/library/BH/include' -I/opt/R/arm64/include   -DNO_MAIN -DNO_DEBUG -DSTRICT_R_HEADERS -DR_NO_REMAP -fPIC  -falign-functions=64 -Wall -g -O2   -c molecule.cc -o molecule.o
clang++ -arch arm64 -std=gnu++17 -I"/Library/Frameworks/R.framework/Resources/include" -DNDEBUG  -I'/Library/Frameworks/R.framework/Versions/4.5-arm64/Resources/library/Rcpp/include' -I'/Library/Frameworks/R.framework/Versions/4.5-arm64/Resources/library/BH/include' -I/opt/R/arm64/include   -DNO_MAIN -DNO_DEBUG -DSTRICT_R_HEADERS -DR_NO_REMAP -fPIC  -falign-functions=64 -Wall -g -O2   -c r_wrap.cc -o r_wrap.o
r_wrap.cc:758:10: warning: 'R_NO_REMAP' macro redefined [-Wmacro-redefined]
# define R_NO_REMAP
         ^
<command line>:5:9: note: previous definition is here
#define R_NO_REMAP 1
        ^
r_wrap.cc:761:10: warning: 'STRICT_R_HEADERS' macro redefined [-Wmacro-redefined]
# define STRICT_R_HEADERS
         ^
<command line>:4:9: note: previous definition is here
#define STRICT_R_HEADERS 1
        ^
2 warnings generated.
clang++ -arch arm64 -std=gnu++17 -I"/Library/Frameworks/R.framework/Resources/include" -DNDEBUG  -I'/Library/Frameworks/R.framework/Versions/4.5-arm64/Resources/library/Rcpp/include' -I'/Library/Frameworks/R.framework/Versions/4.5-arm64/Resources/library/BH/include' -I/opt/R/arm64/include   -DNO_MAIN -DNO_DEBUG -DSTRICT_R_HEADERS -DR_NO_REMAP -fPIC  -falign-functions=64 -Wall -g -O2   -c script.cc -o script.o
clang++ -arch arm64 -std=gnu++17 -I"/Library/Frameworks/R.framework/Resources/include" -DNDEBUG  -I'/Library/Frameworks/R.framework/Versions/4.5-arm64/Resources/library/Rcpp/include' -I'/Library/Frameworks/R.framework/Versions/4.5-arm64/Resources/library/BH/include' -I/opt/R/arm64/include   -DNO_MAIN -DNO_DEBUG -DSTRICT_R_HEADERS -DR_NO_REMAP -fPIC  -falign-functions=64 -Wall -g -O2   -c similarity.cc -o similarity.o
clang++ -arch arm64 -std=gnu++17 -dynamiclib -Wl,-headerpad_max_install_names -undefined dynamic_lookup -L/Library/Frameworks/R.framework/Resources/lib -L/opt/R/arm64/lib -o ChemmineR.so DisjointSets.o cluster.o cstrsplit.o desc.o fingerprints.o formats.o molecule.o r_wrap.o script.o similarity.o -F/Library/Frameworks/R.framework/.. -framework R
installing to /Library/Frameworks/R.framework/Versions/4.5-arm64/Resources/library/00LOCK-ChemmineR/00new/ChemmineR/libs
** R
** data
** inst
** byte-compile and prepare package for lazy loading
** help
*** installing help indices
** building package indices
** installing vignettes
** testing if installed package can be loaded from temporary location
** checking absolute paths in shared objects and dynamic libraries
** testing if installed package can be loaded from final location
** testing if installed package keeps a record of temporary installation path
* DONE (ChemmineR)

Tests output

ChemmineR.Rcheck/tests/runTests.Rout


R version 4.5.2 Patched (2025-11-04 r88984) -- "[Not] Part in a Rumble"
Copyright (C) 2025 The R Foundation for Statistical Computing
Platform: aarch64-apple-darwin20

R is free software and comes with ABSOLUTELY NO WARRANTY.
You are welcome to redistribute it under certain conditions.
Type 'license()' or 'licence()' for distribution details.

R is a collaborative project with many contributors.
Type 'contributors()' for more information and
'citation()' on how to cite R or R packages in publications.

Type 'demo()' for some demos, 'help()' for on-line help, or
'help.start()' for an HTML browser interface to help.
Type 'q()' to quit R.

> BiocGenerics:::testPackage("ChemmineR")
======= testing fpset ===============================================
======= folding... 
Loading required package: RSQLite
[1] "createing db"
[1] "createing db"
[1] "loading first half, no features"
[1] "createing db"
[1] "loading first half,with features"
adding new features to existing compounds. This could take a while
[1] "loading incomplete features"
[1] "loading second half"
adding new features to existing compounds. This could take a while
[1] "done loading"
[1] "createing db"
adding new features to existing compounds. This could take a while
[1] "found 70  compounds"
[1] "found 20  compounds"
Timing stopped at: 0 0 0
Error in DEACTIVATED("local test") : local test
In addition: There were 14 warnings (use warnings() to see them)
Timing stopped at: 0 0 0
Error in DEACTIVATED("local test only") : local test only
found 100 ids
  [1] 201 202 203 204 205 206 207 208 209 210 211 212 213 214 215 216 217 218
 [19] 219 220 221 222 223 224 225 226 227 228 229 230 231 232 233 234 235 236
 [37] 237 238 239 240 241 242 243 244 245 246 247 248 249 250 251 252 253 254
 [55] 255 256 257 258 259 260 261 262 263 264 265 266 267 268 269 270 271 272
 [73] 273 274 275 276 277 278 279 280 281 282 283 284 285 286 287 288 289 290
 [91] 291 292 293 294 295 296 297 298 299 300
starting parBatchByIndex
Loading required package: snow
 int [1:100] 201 202 203 204 205 206 207 208 209 210 ...
NULL
[1] "results:  parBench-sub-1,parBench-sub-2,parBench-sub-3,parBench-sub-4,parBench-sub-5,parBench-sub-6,parBench-sub-7,parBench-sub-8,parBench-sub-9,parBench-sub-10"
[1] "loading duplications"
loading 1 new compounds, updating 1 compounds
fetching features: 
Timing stopped at: 0 0 0
Error in DEACTIVATED("causing timeout on bioc, disabling for now") : 
  causing timeout on bioc, disabling for now
In addition: Warning messages:
1: In for (i in seq_along(slotTypes)) { :
  closing unused connection 5 (<-localhost:11310)
2: In for (i in seq_along(slotTypes)) { :
  closing unused connection 4 (<-localhost:11310)
3: In for (i in seq_along(slotTypes)) { :
  closing unused connection 3 (<-localhost:11310)
Timing stopped at: 0 0 0
Error in DEACTIVATED("this test requires ChemmineOB, but not available") : 
  this test requires ChemmineOB, but not available
Timing stopped at: 0 0 0
Error in DEACTIVATED("this test requires ChemmineOB, but not available") : 
  this test requires ChemmineOB, but not available
Timing stopped at: 0 0 0
Error in DEACTIVATED("this test requires ChemmineOB, but not available") : 
  this test requires ChemmineOB, but not available
Timing stopped at: 0 0 0
Error in DEACTIVATED("this test requires ChemmineOB, but not available") : 
  this test requires ChemmineOB, but not available
Timing stopped at: 0 0 0
Error in DEACTIVATED("removed old version of function") : 
  removed old version of function
Timing stopped at: 0 0 0
Error in DEACTIVATED("this test requires ChemmineOB, but not available") : 
  this test requires ChemmineOB, but not available
Timing stopped at: 0 0 0
Error in DEACTIVATED("just for manual testing") : just for manual testing
Timing stopped at: 0 0 0
Error in DEACTIVATED("this test requires ChemmineOB, but not available") : 
  this test requires ChemmineOB, but not available
Timing stopped at: 0 0 0
Error in DEACTIVATED("requires local files") : requires local files
Timing stopped at: 0 0 0
Error in DEACTIVATED("fails on ubuntu 16.04") : fails on ubuntu 16.04
Timing stopped at: 0 0 0
Error in DEACTIVATED("Causes SSL protocol version error on BioC") : 
  Causes SSL protocol version error on BioC
Timing stopped at: 0 0 0
Error in DEACTIVATED("this test requires ChemmineOB, but not available") : 
  this test requires ChemmineOB, but not available
Timing stopped at: 0 0 0
Error in DEACTIVATED("this test requires ChemmineOB, but not installed") : 
  this test requires ChemmineOB, but not installed


RUNIT TEST PROTOCOL -- Tue Nov 18 03:54:21 2025 
*********************************************** 
Number of test functions: 16 
Number of deactivated test functions: 16 
Number of errors: 0 
Number of failures: 0 

 
1 Test Suite : 
ChemmineR RUnit Tests - 16 test functions, 0 errors, 0 failures
Number of test functions: 16 
Number of deactivated test functions: 16 
Number of errors: 0 
Number of failures: 0 
> 
> proc.time()
   user  system elapsed 
  4.666   0.465   6.116 

Example timings

ChemmineR.Rcheck/ChemmineR-Ex.timings

nameusersystemelapsed
AP-class0.1350.0660.217
APset-class0.1300.0740.226
ExtSDF-class000
FP-class0.0270.0040.030
FPset-class0.0790.0130.094
SDF-class0.0190.0070.029
SDF2apcmp0.0090.0000.010
SDFDataTable0.0000.0010.000
SDFset-class0.0910.0310.149
SDFset2SDF0.0200.0080.032
SDFset2list0.0180.0380.066
SDFstr-class0.0770.0030.082
SMI-class0.0010.0010.002
SMIset-class0.0020.0010.002
addDescriptorType000
addNewFeatures1.0050.1541.527
ap0.0280.0110.042
apfp0.0010.0010.002
apset0.0010.0010.003
apset2descdb0.1320.0740.269
atomblock0.0230.0210.045
atomcount0.0500.0040.071
atomprop0.0010.0000.002
atomsubset0.0090.0010.011
batchByIndex000
bondblock0.0270.0110.042
bonds0.0100.0020.013
browseJob000
bufferLines000
bufferResultSet000
byCluster0.4910.0260.568
canonicalNumbering000
canonicalize000
cid0.0080.0010.009
cluster.sizestat0.3060.0270.344
cluster.visualize0.3880.0290.467
cmp.cluster0.9360.0561.051
cmp.duplicated0.0160.0010.017
cmp.parse0.0160.0010.017
cmp.parse1000
cmp.search0.4630.0240.530
cmp.similarity0.0150.0020.020
conMA0.0160.0070.026
connections0.0750.0020.085
datablock0.0580.0050.064
datablock2ma0.0120.0010.014
db.explain0.0120.0030.015
db.subset0.0010.0000.002
dbTransaction0.0080.0030.011
desc2fp0.0290.0020.031
draw_sdf0.2410.0080.258
exactMassOB0.0000.0010.000
findCompounds0.8120.0130.882
findCompoundsByName0.1100.0050.129
fingerprintOB000
fold000
foldCount000
fp2bit0.0970.0080.123
fpSim0.1040.0100.119
fptype000
fromNNMatrix0.4960.0290.562
genAPDescriptors0.0070.0010.008
genParameters0.1070.0080.121
generate3DCoords000
getAllCompoundIds0.1110.0070.121
getAtomAttr0.0010.0010.001
getBondAttr000
getCompoundFeatures0.8080.0120.937
getCompoundNames0.1100.0080.248
getCompounds0.1090.0090.172
getIds000
grepSDFset0.0190.0010.020
groups0.0420.0050.052
header0.0220.0020.024
initDb0.0070.0030.010
jarvisPatrick1.0100.0421.168
jobToken-class0.0000.0000.001
largestComponent000
launchCMTool000
listCMTools000
listFeatures0.1120.0050.157
loadSdf0.9630.0241.310
makeUnique0.0070.0000.010
maximallyDissimilar0.0960.0050.111
nearestNeighbors0.5960.0300.896
numBits0.0000.0010.001
obmol0.0000.0000.001
openBabelPlot000
parBatchByIndex000
plotStruc0.0690.0110.123
propOB0.0000.0010.000
pubchemCidToSDF000
pubchemFPencoding0.0010.0020.004
pubchemInchi2cid000
pubchemInchikey2sdf0.0000.0010.000
pubchemName2CID000
pubchemSDFSearch000
pubchemSmilesSearch0.0000.0010.001
read.AP0.0070.0010.008
read.SDFindex0.0070.0010.008
read.SDFset0.1660.0030.195
read.SDFstr0.2220.0030.229
read.SMIset0.0010.0010.001
regenerateCoords000
result000
rings0.1850.0120.304
sdf.subset0.0000.0000.001
sdf.visualize0.0070.0010.009
sdf2ap0.1360.1670.444
sdf2list0.0090.0210.031
sdf2smiles000
sdf2str0.0110.0080.021
sdfStream0.0070.0010.007
sdfid0.0080.0010.020
sdfsample0.0180.0060.024
sdfstr2list0.2200.3550.721
searchSim000
searchString000
selectInBatches000
setPriorities000
smartsSearchOB000
smiles2sdf000
smisample0.0010.0010.001
status000
toolDetails0.0010.0000.000
trimNeighbors0.8040.0530.954
validSDF0.0080.0010.011
view0.0130.0030.016
write.SDF0.0380.0040.051
write.SDFsplit0.0070.0010.008
write.SMI0.0010.0010.001