| Back to Multiple platform build/check report for BioC 3.22: simplified long |
|
This page was generated on 2025-10-25 12:05 -0400 (Sat, 25 Oct 2025).
| Hostname | OS | Arch (*) | R version | Installed pkgs |
|---|---|---|---|---|
| nebbiolo2 | Linux (Ubuntu 24.04.3 LTS) | x86_64 | 4.5.1 Patched (2025-08-23 r88802) -- "Great Square Root" | 4901 |
| lconway | macOS 12.7.6 Monterey | x86_64 | 4.5.1 Patched (2025-09-10 r88807) -- "Great Square Root" | 4691 |
| kjohnson3 | macOS 13.7.7 Ventura | arm64 | 4.5.1 Patched (2025-09-10 r88807) -- "Great Square Root" | 4637 |
| taishan | Linux (openEuler 24.03 LTS) | aarch64 | 4.5.0 (2025-04-11) -- "How About a Twenty-Six" | 4658 |
| Click on any hostname to see more info about the system (e.g. compilers) (*) as reported by 'uname -p', except on Windows and Mac OS X | ||||
| Package 189/2361 | Hostname | OS / Arch | INSTALL | BUILD | CHECK | BUILD BIN | ||||||||
| BiocFileCache 2.99.6 (landing page) Lori Shepherd
| nebbiolo2 | Linux (Ubuntu 24.04.3 LTS) / x86_64 | OK | OK | OK | |||||||||
| lconway | macOS 12.7.6 Monterey / x86_64 | OK | OK | OK | OK | |||||||||
| kjohnson3 | macOS 13.7.7 Ventura / arm64 | OK | OK | ERROR | OK | |||||||||
| taishan | Linux (openEuler 24.03 LTS) / aarch64 | OK | NA | NA | ||||||||||
|
To the developers/maintainers of the BiocFileCache package: - Allow up to 24 hours (and sometimes 48 hours) for your latest push to git@git.bioconductor.org:packages/BiocFileCache.git to reflect on this report. See Troubleshooting Build Report for more information. - Use the following Renviron settings to reproduce errors and warnings. - If 'R CMD check' started to fail recently on the Linux builder(s) over a missing dependency, add the missing dependency to 'Suggests:' in your DESCRIPTION file. See Renviron.bioc for more information. |
| Package: BiocFileCache |
| Version: 2.99.6 |
| Command: /Library/Frameworks/R.framework/Resources/bin/R CMD check --install=check:BiocFileCache.install-out.txt --library=/Library/Frameworks/R.framework/Resources/library --no-vignettes --timings BiocFileCache_2.99.6.tar.gz |
| StartedAt: 2025-10-24 18:41:02 -0400 (Fri, 24 Oct 2025) |
| EndedAt: 2025-10-24 18:42:10 -0400 (Fri, 24 Oct 2025) |
| EllapsedTime: 67.8 seconds |
| RetCode: 1 |
| Status: ERROR |
| CheckDir: BiocFileCache.Rcheck |
| Warnings: NA |
##############################################################################
##############################################################################
###
### Running command:
###
### /Library/Frameworks/R.framework/Resources/bin/R CMD check --install=check:BiocFileCache.install-out.txt --library=/Library/Frameworks/R.framework/Resources/library --no-vignettes --timings BiocFileCache_2.99.6.tar.gz
###
##############################################################################
##############################################################################
* using log directory ‘/Users/biocbuild/bbs-3.22-bioc/meat/BiocFileCache.Rcheck’
* using R version 4.5.1 Patched (2025-09-10 r88807)
* using platform: aarch64-apple-darwin20
* R was compiled by
Apple clang version 16.0.0 (clang-1600.0.26.6)
GNU Fortran (GCC) 14.2.0
* running under: macOS Ventura 13.7.7
* using session charset: UTF-8
* using option ‘--no-vignettes’
* checking for file ‘BiocFileCache/DESCRIPTION’ ... OK
* this is package ‘BiocFileCache’ version ‘2.99.6’
* package encoding: UTF-8
* checking package namespace information ... OK
* checking package dependencies ... OK
* checking if this is a source package ... OK
* checking if there is a namespace ... OK
* checking for hidden files and directories ... OK
* checking for portable file names ... OK
* checking for sufficient/correct file permissions ... OK
* checking whether package ‘BiocFileCache’ can be installed ... OK
* checking installed package size ... OK
* checking package directory ... OK
* checking ‘build’ directory ... OK
* checking DESCRIPTION meta-information ... OK
* checking top-level files ... OK
* checking for left-over files ... OK
* checking index information ... OK
* checking package subdirectories ... OK
* checking code files for non-ASCII characters ... OK
* checking R files for syntax errors ... OK
* checking whether the package can be loaded ... OK
* checking whether the package can be loaded with stated dependencies ... OK
* checking whether the package can be unloaded cleanly ... OK
* checking whether the namespace can be loaded with stated dependencies ... OK
* checking whether the namespace can be unloaded cleanly ... OK
* checking whether startup messages can be suppressed ... OK
* checking dependencies in R code ... OK
* checking S3 generic/method consistency ... OK
* checking replacement functions ... OK
* checking foreign function calls ... OK
* checking R code for possible problems ... OK
* checking Rd files ... OK
* checking Rd metadata ... OK
* checking Rd cross-references ... OK
* checking for missing documentation entries ... OK
* checking for code/documentation mismatches ... OK
* checking Rd \usage sections ... OK
* checking Rd contents ... OK
* checking for unstated dependencies in examples ... OK
* checking files in ‘vignettes’ ... OK
* checking examples ... ERROR
Running examples in ‘BiocFileCache-Ex.R’ failed
The error most likely occurred in:
> base::assign(".ptime", proc.time(), pos = "CheckExEnv")
> ### Name: BiocFileCache-class
> ### Title: BiocFileCache class
> ### Aliases: BiocFileCache-class BiocFileCache
> ### bfccache,BiocFileCacheBase-method bfccache bfccache,missing-method
> ### length,BiocFileCacheBase-method bfcrid bfcrid,missing-method
> ### bfcrid,BiocFileCacheReadOnly-method bfcrid,BiocFileCache-method
> ### [,BiocFileCache,character,missing-method
> ### [,BiocFileCacheReadOnly,character,missing-method
> ### [,BiocFileCache,missing,missing-method
> ### [,BiocFileCacheReadOnly,missing,missing-method
> ### [[,BiocFileCacheBase,character,missing-method
> ### [[<-,BiocFileCache,character,missing,character-method
> ### bfcnew,missing-method bfcnew,BiocFileCache-method bfcnew
> ### bfcadd,missing-method bfcadd,BiocFileCache-method bfcadd
> ### bfcinfo,missing-method bfcinfo,BiocFileCacheBase-method bfcinfo
> ### bfcrid,tbl_bfc-method bfcpath,missing-method
> ### bfcpath,BiocFileCacheBase-method bfcpath bfcrpath,missing-method
> ### bfcrpath,BiocFileCacheBase-method bfcrpath bfcupdate,missing-method
> ### bfcupdate,BiocFileCache-method bfcupdate bfcmeta<-
> ### bfcmeta<-,BiocFileCacheBase-method bfcmetaremove,missing-method
> ### bfcmetaremove,BiocFileCacheBase-method bfcmetaremove
> ### bfcmetalist,missing-method bfcmetalist,BiocFileCacheBase-method
> ### bfcmetalist bfcmeta,missing-method bfcmeta,BiocFileCacheBase-method
> ### bfcmeta bfcquerycols,missing-method
> ### bfcquerycols,BiocFileCacheBase-method bfcquerycols
> ### bfcquery,missing-method bfcquery,BiocFileCacheBase-method bfcquery
> ### bfccount,missing-method bfccount,BiocFileCacheBase-method bfccount
> ### bfccount,tbl_bfc-method bfcneedsupdate,missing-method
> ### bfcneedsupdate,BiocFileCacheBase-method bfcneedsupdate
> ### bfcdownload,missing-method bfcdownload,BiocFileCache-method
> ### bfcdownload bfcremove,missing-method bfcremove,BiocFileCache-method
> ### bfcremove bfcsync,missing-method bfcsync,BiocFileCache-method bfcsync
> ### exportbfc,missing-method exportbfc,BiocFileCacheBase-method exportbfc
> ### importbfc,character-method importbfc cleanbfc,missing-method
> ### cleanbfc,BiocFileCache-method cleanbfc removebfc,missing-method
> ### removebfc,BiocFileCache-method removebfc
> ### show,BiocFileCacheBase-method
>
> ### ** Examples
>
> # bfc <- BiocFileCache() # global cache
> # bfc
> bfc0 <- BiocFileCache(tempfile()) # temporary catch for examples
> bfccache(bfc0)
[1] "/var/folders/r0/l4fjk6cj5xj0j3brt4bplpl40000gt/T//RtmpCmoWi6/file8bc7183e9e5a"
> length(bfc0)
[1] 0
> path <- bfcnew(bfc0, "NewResource")
> path
BFC1
"/var/folders/r0/l4fjk6cj5xj0j3brt4bplpl40000gt/T//RtmpCmoWi6/file8bc7183e9e5a/8bc7370e3325_8bc7370e3325"
> fl1 <- tempfile(); file.create(fl1)
[1] TRUE
> bfcadd(bfc0, "Test1", fl1) # copy
BFC2
"/var/folders/r0/l4fjk6cj5xj0j3brt4bplpl40000gt/T//RtmpCmoWi6/file8bc7183e9e5a/8bc724207351_file8bc753fde60"
> fl2 <- tempfile(); file.create(fl2)
[1] TRUE
> bfcadd(bfc0, "Test2", fl2, action="move") # move
BFC3
"/var/folders/r0/l4fjk6cj5xj0j3brt4bplpl40000gt/T//RtmpCmoWi6/file8bc7183e9e5a/8bc757236e8e_file8bc74e72dd5e"
> fl3 <- tempfile(); file.create(fl3)
[1] TRUE
> add3 <- bfcadd(bfc0, "Test3", fl3, rtype="local", action="asis") # reference
> rid3 <- names(add3)
>
> bfc0
class: BiocFileCache
bfccache: /var/folders/r0/l4fjk6cj5xj0j3brt4bplpl40000gt/T//RtmpCmoWi6/file8bc7183e9e5a
bfccount: 4
For more information see: bfcinfo() or bfcquery()
> file.exists(fl1) # TRUE
[1] TRUE
> file.exists(fl2) # FALSE
[1] FALSE
> file.exists(fl3) # TRUE
[1] TRUE
>
> # add a remote resource
> url <- "https://httpbin.org/get"
> bfcadd(bfc0, "TestWeb", fpath=url)
Warning: download failed
web resource path: ‘https://httpbin.org/get’
local file path: ‘/var/folders/r0/l4fjk6cj5xj0j3brt4bplpl40000gt/T//RtmpCmoWi6/file8bc7183e9e5a/8bc734a9bb9c_get’
reason: HTTP 502 Bad Gateway.
Warning: bfcadd() failed; resource removed
rid: BFC5
fpath: ‘https://httpbin.org/get’
reason: download failed
Error in .util_download(x, rid[i], proxy, progress, config, "bfcadd()", :
bfcadd() failed; see warnings()
Calls: bfcadd -> bfcadd -> .util_download
Execution halted
* checking for unstated dependencies in ‘tests’ ... OK
* checking tests ...
Running ‘testthat.R’
OK
* checking for unstated dependencies in vignettes ... OK
* checking package vignettes ... OK
* checking running R code from vignettes ... SKIPPED
* checking re-building of vignette outputs ... SKIPPED
* checking PDF version of manual ... OK
* DONE
Status: 1 ERROR
See
‘/Users/biocbuild/bbs-3.22-bioc/meat/BiocFileCache.Rcheck/00check.log’
for details.
BiocFileCache.Rcheck/00install.out
############################################################################## ############################################################################## ### ### Running command: ### ### /Library/Frameworks/R.framework/Resources/bin/R CMD INSTALL BiocFileCache ### ############################################################################## ############################################################################## * installing to library ‘/Library/Frameworks/R.framework/Versions/4.5-arm64/Resources/library’ * installing *source* package ‘BiocFileCache’ ... ** this is package ‘BiocFileCache’ version ‘2.99.6’ ** using staged installation ** R ** inst ** byte-compile and prepare package for lazy loading ** help *** installing help indices ** building package indices ** installing vignettes ** testing if installed package can be loaded from temporary location ** testing if installed package can be loaded from final location ** testing if installed package keeps a record of temporary installation path * DONE (BiocFileCache)
BiocFileCache.Rcheck/tests/testthat.Rout
R version 4.5.1 Patched (2025-09-10 r88807) -- "Great Square Root"
Copyright (C) 2025 The R Foundation for Statistical Computing
Platform: aarch64-apple-darwin20
R is free software and comes with ABSOLUTELY NO WARRANTY.
You are welcome to redistribute it under certain conditions.
Type 'license()' or 'licence()' for distribution details.
R is a collaborative project with many contributors.
Type 'contributors()' for more information and
'citation()' on how to cite R or R packages in publications.
Type 'demo()' for some demos, 'help()' for on-line help, or
'help.start()' for an HTML browser interface to help.
Type 'q()' to quit R.
> library(testthat)
> library(BiocFileCache)
Loading required package: dbplyr
>
> test_check("BiocFileCache")
adding: BiocFileCacheExport/ (stored 0%)
adding: BiocFileCacheExport/8c7c73e2208_file8c7c69884ea (stored 0%)
adding: BiocFileCacheExport/BiocFileCache.sqlite (deflated 96%)
adding: BiocFileCacheExport/file8c7c69884ea (stored 0%)
[ FAIL 0 | WARN 3 | SKIP 0 | PASS 257 ]
[ FAIL 0 | WARN 3 | SKIP 0 | PASS 257 ]
>
> proc.time()
user system elapsed
8.885 0.786 40.822
BiocFileCache.Rcheck/BiocFileCache-Ex.timings
| name | user | system | elapsed | |
| BFCOption | 0 | 0 | 0 | |