Back to Build/check report for BioC 3.21 experimental data |
|
This page was generated on 2025-01-30 15:01 -0500 (Thu, 30 Jan 2025).
Hostname | OS | Arch (*) | R version | Installed pkgs |
---|---|---|---|---|
nebbiolo1 | Linux (Ubuntu 24.04.1 LTS) | x86_64 | R Under development (unstable) (2025-01-20 r87609) -- "Unsuffered Consequences" | 4703 |
Click on any hostname to see more info about the system (e.g. compilers) (*) as reported by 'uname -p', except on Windows and Mac OS X |
Package 263/430 | Hostname | OS / Arch | INSTALL | BUILD | CHECK | ||||||||
mtbls2 1.37.0 (landing page) Steffen Neumann
| nebbiolo1 | Linux (Ubuntu 24.04.1 LTS) / x86_64 | OK | OK | ERROR | ||||||||
To the developers/maintainers of the mtbls2 package: - Use the following Renviron settings to reproduce errors and warnings. - If 'R CMD check' started to fail recently on the Linux builder(s) over a missing dependency, add the missing dependency to 'Suggests:' in your DESCRIPTION file. See Renviron.bioc for more information. |
Package: mtbls2 |
Version: 1.37.0 |
Command: /home/biocbuild/bbs-3.21-bioc/R/bin/R CMD check --install=check:mtbls2.install-out.txt --library=/home/biocbuild/bbs-3.21-bioc/R/site-library --timings mtbls2_1.37.0.tar.gz |
StartedAt: 2025-01-30 12:27:16 -0500 (Thu, 30 Jan 2025) |
EndedAt: 2025-01-30 12:27:40 -0500 (Thu, 30 Jan 2025) |
EllapsedTime: 24.6 seconds |
RetCode: 1 |
Status: ERROR |
CheckDir: mtbls2.Rcheck |
Warnings: NA |
############################################################################## ############################################################################## ### ### Running command: ### ### /home/biocbuild/bbs-3.21-bioc/R/bin/R CMD check --install=check:mtbls2.install-out.txt --library=/home/biocbuild/bbs-3.21-bioc/R/site-library --timings mtbls2_1.37.0.tar.gz ### ############################################################################## ############################################################################## * using log directory ‘/home/biocbuild/bbs-3.21-data-experiment/meat/mtbls2.Rcheck’ * using R Under development (unstable) (2025-01-20 r87609) * using platform: x86_64-pc-linux-gnu * R was compiled by gcc (Ubuntu 13.3.0-6ubuntu2~24.04) 13.3.0 GNU Fortran (Ubuntu 13.3.0-6ubuntu2~24.04) 13.3.0 * running under: Ubuntu 24.04.1 LTS * using session charset: UTF-8 * checking for file ‘mtbls2/DESCRIPTION’ ... OK * this is package ‘mtbls2’ version ‘1.37.0’ * package encoding: UTF-8 * checking package namespace information ... OK * checking package dependencies ... ERROR Package suggested but not available: ‘Risa’ The suggested packages are required for a complete check. Checking can be attempted without them by setting the environment variable _R_CHECK_FORCE_SUGGESTS_ to a false value. See section ‘The DESCRIPTION file’ in the ‘Writing R Extensions’ manual. * DONE Status: 1 ERROR See ‘/home/biocbuild/bbs-3.21-data-experiment/meat/mtbls2.Rcheck/00check.log’ for details.