| Back to Multiple platform build/check report for BioC 3.21: simplified long |
|
This page was generated on 2025-04-22 13:19 -0400 (Tue, 22 Apr 2025).
| Hostname | OS | Arch (*) | R version | Installed pkgs |
|---|---|---|---|---|
| nebbiolo1 | Linux (Ubuntu 24.04.1 LTS) | x86_64 | 4.5.0 RC (2025-04-04 r88126) -- "How About a Twenty-Six" | 4831 |
| palomino7 | Windows Server 2022 Datacenter | x64 | 4.5.0 RC (2025-04-04 r88126 ucrt) -- "How About a Twenty-Six" | 4573 |
| lconway | macOS 12.7.1 Monterey | x86_64 | 4.5.0 RC (2025-04-04 r88126) -- "How About a Twenty-Six" | 4599 |
| kjohnson3 | macOS 13.7.1 Ventura | arm64 | 4.5.0 RC (2025-04-04 r88126) -- "How About a Twenty-Six" | 4553 |
| kunpeng2 | Linux (openEuler 24.03 LTS) | aarch64 | R Under development (unstable) (2025-02-19 r87757) -- "Unsuffered Consequences" | 4570 |
| Click on any hostname to see more info about the system (e.g. compilers) (*) as reported by 'uname -p', except on Windows and Mac OS X | ||||
| Package 2143/2341 | Hostname | OS / Arch | INSTALL | BUILD | CHECK | BUILD BIN | ||||||||
| swfdr 1.34.0 (landing page) Simina M. Boca
| nebbiolo1 | Linux (Ubuntu 24.04.1 LTS) / x86_64 | OK | OK | WARNINGS | |||||||||
| palomino7 | Windows Server 2022 Datacenter / x64 | OK | OK | WARNINGS | OK | |||||||||
| lconway | macOS 12.7.1 Monterey / x86_64 | OK | OK | WARNINGS | OK | |||||||||
| kjohnson3 | macOS 13.7.1 Ventura / arm64 | OK | ERROR | skipped | skipped | |||||||||
| kunpeng2 | Linux (openEuler 24.03 LTS) / aarch64 | OK | OK | WARNINGS | ||||||||||
|
To the developers/maintainers of the swfdr package: - Allow up to 24 hours (and sometimes 48 hours) for your latest push to git@git.bioconductor.org:packages/swfdr.git to reflect on this report. See Troubleshooting Build Report for more information. - Use the following Renviron settings to reproduce errors and warnings. - If 'R CMD check' started to fail recently on the Linux builder(s) over a missing dependency, add the missing dependency to 'Suggests:' in your DESCRIPTION file. See Renviron.bioc for more information. |
| Package: swfdr |
| Version: 1.34.0 |
| Command: /Library/Frameworks/R.framework/Resources/bin/R CMD build --keep-empty-dirs --no-resave-data swfdr |
| StartedAt: 2025-04-21 17:49:40 -0400 (Mon, 21 Apr 2025) |
| EndedAt: 2025-04-21 17:50:01 -0400 (Mon, 21 Apr 2025) |
| EllapsedTime: 20.2 seconds |
| RetCode: 1 |
| Status: ERROR |
| PackageFile: None |
| PackageFileSize: NA |
##############################################################################
##############################################################################
###
### Running command:
###
### /Library/Frameworks/R.framework/Resources/bin/R CMD build --keep-empty-dirs --no-resave-data swfdr
###
##############################################################################
##############################################################################
* checking for file ‘swfdr/DESCRIPTION’ ... OK
* preparing ‘swfdr’:
* checking DESCRIPTION meta-information ... OK
* installing the package to build vignettes
* creating vignettes ... ERROR
--- re-building ‘swfdrQ.Rmd’ using rmarkdown
! Undefined control sequence.
l.177 ...enchmarked by Korthauer et al. (\citeproc
{ref-korthauer2018practica...
Error: processing vignette 'swfdrQ.Rmd' failed with diagnostics:
LaTeX failed to compile /private/var/folders/r0/l4fjk6cj5xj0j3brt4bplpl40000gt/T/RtmpJ4gjDd/Rbuild1056f11f58eb5/swfdr/vignettes/swfdrQ.tex. See https://yihui.org/tinytex/r/#debugging for debugging tips. See swfdrQ.log for more info.
--- failed re-building ‘swfdrQ.Rmd’
--- re-building ‘swfdrTutorial.Rmd’ using rmarkdown
! Undefined control sequence.
l.174 ...overy rate from Jager and Leek (\citeproc
{ref-JagerEtAl2013}{2013})...
Error: processing vignette 'swfdrTutorial.Rmd' failed with diagnostics:
LaTeX failed to compile /private/var/folders/r0/l4fjk6cj5xj0j3brt4bplpl40000gt/T/RtmpJ4gjDd/Rbuild1056f11f58eb5/swfdr/vignettes/swfdrTutorial.tex. See https://yihui.org/tinytex/r/#debugging for debugging tips. See swfdrTutorial.log for more info.
--- failed re-building ‘swfdrTutorial.Rmd’
SUMMARY: processing the following files failed:
‘swfdrQ.Rmd’ ‘swfdrTutorial.Rmd’
Error: Vignette re-building failed.
Execution halted