Back to Multiple platform build/check report for BioC 3.21: simplified long |
|
This page was generated on 2025-02-13 11:42 -0500 (Thu, 13 Feb 2025).
Hostname | OS | Arch (*) | R version | Installed pkgs |
---|---|---|---|---|
nebbiolo1 | Linux (Ubuntu 24.04.1 LTS) | x86_64 | R Under development (unstable) (2025-01-20 r87609) -- "Unsuffered Consequences" | 4719 |
palomino7 | Windows Server 2022 Datacenter | x64 | R Under development (unstable) (2025-01-21 r87610 ucrt) -- "Unsuffered Consequences" | 4481 |
lconway | macOS 12.7.1 Monterey | x86_64 | R Under development (unstable) (2025-01-22 r87618) -- "Unsuffered Consequences" | 4492 |
kjohnson3 | macOS 13.7.1 Ventura | arm64 | R Under development (unstable) (2025-01-20 r87609) -- "Unsuffered Consequences" | 4445 |
Click on any hostname to see more info about the system (e.g. compilers) (*) as reported by 'uname -p', except on Windows and Mac OS X |
Package 2091/2295 | Hostname | OS / Arch | INSTALL | BUILD | CHECK | BUILD BIN | ||||||||
Hai Fang
| nebbiolo1 | Linux (Ubuntu 24.04.1 LTS) / x86_64 | OK | ERROR | skipped | |||||||||
palomino7 | Windows Server 2022 Datacenter / x64 | OK | ERROR | skipped | skipped | |||||||||
lconway | macOS 12.7.1 Monterey / x86_64 | OK | ERROR | skipped | skipped | |||||||||
kjohnson3 | macOS 13.7.1 Ventura / arm64 | OK | ERROR | skipped | skipped | |||||||||
To the developers/maintainers of the supraHex package: - Allow up to 24 hours (and sometimes 48 hours) for your latest push to git@git.bioconductor.org:packages/supraHex.git to reflect on this report. See Troubleshooting Build Report for more information. - Use the following Renviron settings to reproduce errors and warnings. - If 'R CMD check' started to fail recently on the Linux builder(s) over a missing dependency, add the missing dependency to 'Suggests:' in your DESCRIPTION file. See Renviron.bioc for more information. |
Package: supraHex |
Version: 1.45.1 |
Command: /Library/Frameworks/R.framework/Resources/bin/R CMD build --keep-empty-dirs --no-resave-data supraHex |
StartedAt: 2025-02-12 18:31:38 -0500 (Wed, 12 Feb 2025) |
EndedAt: 2025-02-12 18:31:50 -0500 (Wed, 12 Feb 2025) |
EllapsedTime: 12.6 seconds |
RetCode: 1 |
Status: ERROR |
PackageFile: None |
PackageFileSize: NA |
############################################################################## ############################################################################## ### ### Running command: ### ### /Library/Frameworks/R.framework/Resources/bin/R CMD build --keep-empty-dirs --no-resave-data supraHex ### ############################################################################## ############################################################################## * checking for file ‘supraHex/DESCRIPTION’ ... OK * preparing ‘supraHex’: * checking DESCRIPTION meta-information ... OK * installing the package to build vignettes * creating vignettes ... ERROR --- re-building ‘supraHex_vignettes.Rnw’ using Sweave Loading required package: hexbin Warning in fun(libname, pkgname) : Package 'supraHex' is deprecated and will be removed from Bioconductor version 3.22 Start at 2025-02-12 18:31:48.302765 First, define topology of a map grid (2025-02-12 18:31:48.305299)... Second, initialise the codebook matrix (169 X 6) using 'linear' initialisation, given a topology and input data (2025-02-12 18:31:48.305299)... Third, get training at the rough stage (2025-02-12 18:31:48.319059)... 1 out of 2 (2025-02-12 18:31:48.321954) updated (2025-02-12 18:31:48.346138) 2 out of 2 (2025-02-12 18:31:48.346537) updated (2025-02-12 18:31:48.370439) Fourth, get training at the finetune stage (2025-02-12 18:31:48.370947)... 1 out of 7 (2025-02-12 18:31:48.372394) updated (2025-02-12 18:31:48.403331) 2 out of 7 (2025-02-12 18:31:48.403715) updated (2025-02-12 18:31:48.42572) 3 out of 7 (2025-02-12 18:31:48.426276) updated (2025-02-12 18:31:48.449522) 4 out of 7 (2025-02-12 18:31:48.449916) updated (2025-02-12 18:31:48.469948) 5 out of 7 (2025-02-12 18:31:48.470344) updated (2025-02-12 18:31:48.501271) 6 out of 7 (2025-02-12 18:31:48.501652) updated (2025-02-12 18:31:48.521413) 7 out of 7 (2025-02-12 18:31:48.521788) updated (2025-02-12 18:31:48.541986) Next, identify the best-matching hexagon/rectangle for the input data (2025-02-12 18:31:48.542619)... Finally, append the response data (hits and mqe) into the sMap object (2025-02-12 18:31:48.574327)... Below are the summaries of the training results: dimension of input data: 1000x6 xy-dimension of map grid: xdim=15, ydim=15, r=8 grid lattice: hexa grid shape: suprahex dimension of grid coord: 169x2 initialisation method: linear dimension of codebook matrix: 169x6 mean quantization error: 2.04766657411445 Below are the details of trainology: training algorithm: batch alpha type: invert training neighborhood kernel: gaussian trainlength (x input data length): 2 at rough stage; 7 at finetune stage radius (at rough stage): from 4 to 1 radius (at finetune stage): from 1 to 1 End at 2025-02-12 18:31:49.008743 Runtime in total is: 1 secs Warning: The `path` argument of `write_delim()` is deprecated as of readr 1.4.0. ℹ Please use the `file` argument instead. ℹ The deprecated feature was likely used in the supraHex package. Please report the issue to the authors. Error: processing vignette 'supraHex_vignettes.Rnw' failed with diagnostics: chunk 18 Error in igraph::as_data_frame(., what = "edge") : `arg` must be one of "edges", "vertices", or "both", not "edge". ℹ Did you mean "edges"? --- failed re-building ‘supraHex_vignettes.Rnw’ SUMMARY: processing the following file failed: ‘supraHex_vignettes.Rnw’ Error: Vignette re-building failed. Execution halted