| Back to Multiple platform build/check report for BioC 3.21: simplified long |
|
This page was generated on 2025-10-16 11:41 -0400 (Thu, 16 Oct 2025).
| Hostname | OS | Arch (*) | R version | Installed pkgs |
|---|---|---|---|---|
| nebbiolo1 | Linux (Ubuntu 24.04.3 LTS) | x86_64 | 4.5.1 (2025-06-13) -- "Great Square Root" | 4833 |
| merida1 | macOS 12.7.6 Monterey | x86_64 | 4.5.1 RC (2025-06-05 r88288) -- "Great Square Root" | 4614 |
| kjohnson1 | macOS 13.7.5 Ventura | arm64 | 4.5.1 Patched (2025-06-14 r88325) -- "Great Square Root" | 4555 |
| kunpeng2 | Linux (openEuler 24.03 LTS) | aarch64 | R Under development (unstable) (2025-02-19 r87757) -- "Unsuffered Consequences" | 4586 |
| Click on any hostname to see more info about the system (e.g. compilers) (*) as reported by 'uname -p', except on Windows and Mac OS X | ||||
| Package 1909/2341 | Hostname | OS / Arch | INSTALL | BUILD | CHECK | BUILD BIN | ||||||||
| scFeatures 1.8.0 (landing page) Yue Cao
| nebbiolo1 | Linux (Ubuntu 24.04.3 LTS) / x86_64 | OK | OK | OK | |||||||||
| merida1 | macOS 12.7.6 Monterey / x86_64 | OK | OK | OK | OK | |||||||||
| kjohnson1 | macOS 13.7.5 Ventura / arm64 | OK | OK | OK | OK | |||||||||
| kunpeng2 | Linux (openEuler 24.03 LTS) / aarch64 | OK | ERROR | skipped | ||||||||||
|
To the developers/maintainers of the scFeatures package: - Allow up to 24 hours (and sometimes 48 hours) for your latest push to git@git.bioconductor.org:packages/scFeatures.git to reflect on this report. See Troubleshooting Build Report for more information. - Use the following Renviron settings to reproduce errors and warnings. - If 'R CMD check' started to fail recently on the Linux builder(s) over a missing dependency, add the missing dependency to 'Suggests:' in your DESCRIPTION file. See Renviron.bioc for more information. - See Martin Grigorov's blog post for how to debug Linux ARM64 related issues on a x86_64 host. |
| Package: scFeatures |
| Version: 1.8.0 |
| Command: /home/biocbuild/R/R/bin/R CMD build --keep-empty-dirs --no-resave-data scFeatures |
| StartedAt: 2025-10-14 04:25:26 -0000 (Tue, 14 Oct 2025) |
| EndedAt: 2025-10-14 04:27:56 -0000 (Tue, 14 Oct 2025) |
| EllapsedTime: 150.1 seconds |
| RetCode: 1 |
| Status: ERROR |
| PackageFile: None |
| PackageFileSize: NA |
##############################################################################
##############################################################################
###
### Running command:
###
### /home/biocbuild/R/R/bin/R CMD build --keep-empty-dirs --no-resave-data scFeatures
###
##############################################################################
##############################################################################
* checking for file ‘scFeatures/DESCRIPTION’ ... OK
* preparing ‘scFeatures’:
* checking DESCRIPTION meta-information ... OK
* installing the package to build vignettes
* creating vignettes ... ERROR
--- re-building ‘scFeatures_overview.Rmd’ using rmarkdown
Quitting from scFeatures_overview.Rmd:169-178 [unnamed-chunk-7]
~~~~~~~~~~~~~~~~~~~~~~~~~~~~~~~~~~~~~~~~~~~~~~~~~~~~~~~~~~~~~~~~~~~~~~~~~~~~~~~~
<error/rlang_error>
Error in `pm[[2]]`:
! subscript out of bounds
---
Backtrace:
▆
1. └─scFeatures::run_association_study_report(scfeatures_result, output_folder)
2. ├─rmarkdown::render(...)
3. │ └─knitr::knit(knit_input, knit_output, envir = envir, quiet = quiet)
4. │ └─knitr:::process_file(text, output)
5. │ ├─xfun:::handle_error(...)
6. │ ├─base::withCallingHandlers(...)
7. │ └─knitr:::process_group(group)
8. │ └─knitr:::call_block(x)
9. │ └─knitr:::block_exec(params)
10. │ └─knitr:::eng_r(options)
11. │ ├─knitr:::in_input_dir(...)
12. │ │ └─knitr:::in_dir(input_dir(), expr)
13. │ └─knitr (local) evaluate(...)
14. │ └─evaluate::evaluate(...)
15. │ ├─base::withRestarts(...)
16. │ │ └─base (local) withRestartList(expr, restarts)
17. │ │ ├─base (local) withOneRestart(withRestartList(expr, restarts[-nr]), restarts[[nr]])
18. │ │ │ └─base (local) doWithOneRestart(return(expr), restart)
19. │ │ └─base (local) withRestartList(expr, restarts[-nr])
20. │ │ └─base (local) withOneRestart(expr, restarts[[1L]])
21. │ │ └─base (local) doWithOneRestart(return(expr), restart)
22. │ ├─evaluate:::with_handlers(...)
23. │ │ ├─base::eval(call)
24. │ │ │ └─base::eval(call)
25. │ │ └─base::withCallingHandlers(...)
26. │ ├─base::withVisible(eval(expr, envir))
27. │ └─base::eval(expr, envir)
28. │ └─base::eval(expr, envir)
29. ├─plotly::ggplotly(p)
30. └─plotly:::ggplotly.ggplot(p)
31. └─plotly::gg2list(...)
~~~~~~~~~~~~~~~~~~~~~~~~~~~~~~~~~~~~~~~~~~~~~~~~~~~~~~~~~~~~~~~~~~~~~~~~~~~~~~~~
Error: processing vignette 'scFeatures_overview.Rmd' failed with diagnostics:
subscript out of bounds
--- failed re-building ‘scFeatures_overview.Rmd’
SUMMARY: processing the following file failed:
‘scFeatures_overview.Rmd’
Error: Vignette re-building failed.
Execution halted