Back to Multiple platform build/check report for BioC 3.21:   simplified   long
ABCDEFGHIJKLMNOPQR[S]TUVWXYZ

This page was generated on 2025-10-16 11:41 -0400 (Thu, 16 Oct 2025).

HostnameOSArch (*)R versionInstalled pkgs
nebbiolo1Linux (Ubuntu 24.04.3 LTS)x86_644.5.1 (2025-06-13) -- "Great Square Root" 4833
merida1macOS 12.7.6 Montereyx86_644.5.1 RC (2025-06-05 r88288) -- "Great Square Root" 4614
kjohnson1macOS 13.7.5 Venturaarm644.5.1 Patched (2025-06-14 r88325) -- "Great Square Root" 4555
kunpeng2Linux (openEuler 24.03 LTS)aarch64R Under development (unstable) (2025-02-19 r87757) -- "Unsuffered Consequences" 4586
Click on any hostname to see more info about the system (e.g. compilers)      (*) as reported by 'uname -p', except on Windows and Mac OS X

Package 1904/2341HostnameOS / ArchINSTALLBUILDCHECKBUILD BIN
scDiagnostics 1.2.0  (landing page)
Anthony Christidis
Snapshot Date: 2025-10-13 13:40 -0400 (Mon, 13 Oct 2025)
git_url: https://git.bioconductor.org/packages/scDiagnostics
git_branch: RELEASE_3_21
git_last_commit: 1e9a005
git_last_commit_date: 2025-04-15 13:39:42 -0400 (Tue, 15 Apr 2025)
nebbiolo1Linux (Ubuntu 24.04.3 LTS) / x86_64  OK    OK    OK  UNNEEDED, same version is already published
merida1macOS 12.7.6 Monterey / x86_64  OK    OK    OK    OK  UNNEEDED, same version is already published
kjohnson1macOS 13.7.5 Ventura / arm64  OK    OK    OK    OK  UNNEEDED, same version is already published
kunpeng2Linux (openEuler 24.03 LTS) / aarch64  OK    ERROR  skipped


BUILD results for scDiagnostics on kunpeng2

To the developers/maintainers of the scDiagnostics package:
- Allow up to 24 hours (and sometimes 48 hours) for your latest push to git@git.bioconductor.org:packages/scDiagnostics.git to reflect on this report. See Troubleshooting Build Report for more information.
- Use the following Renviron settings to reproduce errors and warnings.
- If 'R CMD check' started to fail recently on the Linux builder(s) over a missing dependency, add the missing dependency to 'Suggests:' in your DESCRIPTION file. See Renviron.bioc for more information.
- See Martin Grigorov's blog post for how to debug Linux ARM64 related issues on a x86_64 host.

raw results


Summary

Package: scDiagnostics
Version: 1.2.0
Command: /home/biocbuild/R/R/bin/R CMD build --keep-empty-dirs --no-resave-data scDiagnostics
StartedAt: 2025-10-14 04:23:49 -0000 (Tue, 14 Oct 2025)
EndedAt: 2025-10-14 04:30:43 -0000 (Tue, 14 Oct 2025)
EllapsedTime: 413.3 seconds
RetCode: 1
Status:   ERROR  
PackageFile: None
PackageFileSize: NA

Command output

##############################################################################
##############################################################################
###
### Running command:
###
###   /home/biocbuild/R/R/bin/R CMD build --keep-empty-dirs --no-resave-data scDiagnostics
###
##############################################################################
##############################################################################


* checking for file ‘scDiagnostics/DESCRIPTION’ ... OK
* preparing ‘scDiagnostics’:
* checking DESCRIPTION meta-information ... OK
* installing the package to build vignettes
* creating vignettes ... ERROR
--- re-building ‘AnnotationAnomalies.Rmd’ using rmarkdown
Warning in hook_png(..., cmd = "pngquant", post_process = function(x) { :
  cannot find pngquant; please install and put it in PATH
Warning in hook_png(..., cmd = "pngquant", post_process = function(x) { :
  cannot find pngquant; please install and put it in PATH
Warning in hook_png(..., cmd = "pngquant", post_process = function(x) { :
  cannot find pngquant; please install and put it in PATH
Warning in hook_png(..., cmd = "pngquant", post_process = function(x) { :
  cannot find pngquant; please install and put it in PATH
Warning in hook_png(..., cmd = "pngquant", post_process = function(x) { :
  cannot find pngquant; please install and put it in PATH
Warning in hook_png(..., cmd = "pngquant", post_process = function(x) { :
  cannot find pngquant; please install and put it in PATH
Warning in hook_png(..., cmd = "pngquant", post_process = function(x) { :
  cannot find pngquant; please install and put it in PATH
Warning in hook_png(..., cmd = "pngquant", post_process = function(x) { :
  cannot find pngquant; please install and put it in PATH
Warning in hook_png(..., cmd = "pngquant", post_process = function(x) { :
  cannot find pngquant; please install and put it in PATH
--- finished re-building ‘AnnotationAnomalies.Rmd’

--- re-building ‘DatasetMarkerGeneAlignment.Rmd’ using rmarkdown
Warning in hook_png(..., cmd = "pngquant", post_process = function(x) { :
  cannot find pngquant; please install and put it in PATH
Warning in hook_png(..., cmd = "pngquant", post_process = function(x) { :
  cannot find pngquant; please install and put it in PATH
Warning in hook_png(..., cmd = "pngquant", post_process = function(x) { :
  cannot find pngquant; please install and put it in PATH
Warning in hook_png(..., cmd = "pngquant", post_process = function(x) { :
  cannot find pngquant; please install and put it in PATH
Warning in hook_png(..., cmd = "pngquant", post_process = function(x) { :
  cannot find pngquant; please install and put it in PATH
Warning in hook_png(..., cmd = "pngquant", post_process = function(x) { :
  cannot find pngquant; please install and put it in PATH
Warning in hook_png(..., cmd = "pngquant", post_process = function(x) { :
  cannot find pngquant; please install and put it in PATH
Warning in hook_png(..., cmd = "pngquant", post_process = function(x) { :
  cannot find pngquant; please install and put it in PATH
Warning in hook_png(..., cmd = "pngquant", post_process = function(x) { :
  cannot find pngquant; please install and put it in PATH
Warning in hook_png(..., cmd = "pngquant", post_process = function(x) { :
  cannot find pngquant; please install and put it in PATH
Warning in hook_png(..., cmd = "pngquant", post_process = function(x) { :
  cannot find pngquant; please install and put it in PATH
Warning in hook_png(..., cmd = "pngquant", post_process = function(x) { :
  cannot find pngquant; please install and put it in PATH
Warning in hook_png(..., cmd = "pngquant", post_process = function(x) { :
  cannot find pngquant; please install and put it in PATH
Warning in hook_png(..., cmd = "pngquant", post_process = function(x) { :
  cannot find pngquant; please install and put it in PATH
Warning in hook_png(..., cmd = "pngquant", post_process = function(x) { :
  cannot find pngquant; please install and put it in PATH
Warning in hook_png(..., cmd = "pngquant", post_process = function(x) { :
  cannot find pngquant; please install and put it in PATH
Warning in hook_png(..., cmd = "pngquant", post_process = function(x) { :
  cannot find pngquant; please install and put it in PATH
Could not fetch https://raw.githubusercontent.com/ccb-hms/scDiagnostics/main/inst/extdata/compressed/DatasetMarkerGeneAlignment/comparePCASubspace.png
HttpExceptionRequest Request {
  host                 = "raw.githubusercontent.com"
  port                 = 443
  secure               = True
  requestHeaders       = []
  path                 = "/ccb-hms/scDiagnostics/main/inst/extdata/compressed/DatasetMarkerGeneAlignment/comparePCASubspace.png"
  queryString          = ""
  method               = "GET"
  proxy                = Nothing
  rawBody              = False
  redirectCount        = 10
  responseTimeout      = ResponseTimeoutDefault
  requestVersion       = HTTP/1.1
  proxySecureMode      = ProxySecureWithConnect
}
 ConnectionTimeout
Error: processing vignette 'DatasetMarkerGeneAlignment.Rmd' failed with diagnostics:
pandoc document conversion failed with error 61
--- failed re-building ‘DatasetMarkerGeneAlignment.Rmd’

--- re-building ‘VisualizationTools.Rmd’ using rmarkdown
Warning in hook_png(..., cmd = "pngquant", post_process = function(x) { :
  cannot find pngquant; please install and put it in PATH
Warning in hook_png(..., cmd = "pngquant", post_process = function(x) { :
  cannot find pngquant; please install and put it in PATH
Warning in hook_png(..., cmd = "pngquant", post_process = function(x) { :
  cannot find pngquant; please install and put it in PATH
Warning in hook_png(..., cmd = "pngquant", post_process = function(x) { :
  cannot find pngquant; please install and put it in PATH
Warning in hook_png(..., cmd = "pngquant", post_process = function(x) { :
  cannot find pngquant; please install and put it in PATH
Warning in hook_png(..., cmd = "pngquant", post_process = function(x) { :
  cannot find pngquant; please install and put it in PATH
Warning in hook_png(..., cmd = "pngquant", post_process = function(x) { :
  cannot find pngquant; please install and put it in PATH
Warning in hook_png(..., cmd = "pngquant", post_process = function(x) { :
  cannot find pngquant; please install and put it in PATH
Warning in hook_png(..., cmd = "pngquant", post_process = function(x) { :
  cannot find pngquant; please install and put it in PATH
Warning in hook_png(..., cmd = "pngquant", post_process = function(x) { :
  cannot find pngquant; please install and put it in PATH
Warning in hook_png(..., cmd = "pngquant", post_process = function(x) { :
  cannot find pngquant; please install and put it in PATH
Warning in hook_png(..., cmd = "pngquant", post_process = function(x) { :
  cannot find pngquant; please install and put it in PATH
Warning in hook_png(..., cmd = "pngquant", post_process = function(x) { :
  cannot find pngquant; please install and put it in PATH
Warning in hook_png(..., cmd = "pngquant", post_process = function(x) { :
  cannot find pngquant; please install and put it in PATH
Warning in hook_png(..., cmd = "pngquant", post_process = function(x) { :
  cannot find pngquant; please install and put it in PATH
Warning in hook_png(..., cmd = "pngquant", post_process = function(x) { :
  cannot find pngquant; please install and put it in PATH
--- finished re-building ‘VisualizationTools.Rmd’

--- re-building ‘scDiagnostics.Rmd’ using rmarkdown
Warning in hook_png(..., cmd = "pngquant", post_process = function(x) { :
  cannot find pngquant; please install and put it in PATH
Warning in hook_png(..., cmd = "pngquant", post_process = function(x) { :
  cannot find pngquant; please install and put it in PATH
Warning in hook_png(..., cmd = "pngquant", post_process = function(x) { :
  cannot find pngquant; please install and put it in PATH
Warning in hook_png(..., cmd = "pngquant", post_process = function(x) { :
  cannot find pngquant; please install and put it in PATH
Warning in hook_png(..., cmd = "pngquant", post_process = function(x) { :
  cannot find pngquant; please install and put it in PATH
Warning in hook_png(..., cmd = "pngquant", post_process = function(x) { :
  cannot find pngquant; please install and put it in PATH
Warning in hook_png(..., cmd = "pngquant", post_process = function(x) { :
  cannot find pngquant; please install and put it in PATH
Warning in hook_png(..., cmd = "pngquant", post_process = function(x) { :
  cannot find pngquant; please install and put it in PATH
Warning in hook_png(..., cmd = "pngquant", post_process = function(x) { :
  cannot find pngquant; please install and put it in PATH
Warning in hook_png(..., cmd = "pngquant", post_process = function(x) { :
  cannot find pngquant; please install and put it in PATH
Warning in hook_png(..., cmd = "pngquant", post_process = function(x) { :
  cannot find pngquant; please install and put it in PATH
Warning in hook_png(..., cmd = "pngquant", post_process = function(x) { :
  cannot find pngquant; please install and put it in PATH
Warning in hook_png(..., cmd = "pngquant", post_process = function(x) { :
  cannot find pngquant; please install and put it in PATH
Warning in hook_png(..., cmd = "pngquant", post_process = function(x) { :
  cannot find pngquant; please install and put it in PATH
Warning in hook_png(..., cmd = "pngquant", post_process = function(x) { :
  cannot find pngquant; please install and put it in PATH
Warning in hook_png(..., cmd = "pngquant", post_process = function(x) { :
  cannot find pngquant; please install and put it in PATH
Warning in hook_png(..., cmd = "pngquant", post_process = function(x) { :
  cannot find pngquant; please install and put it in PATH
Warning in hook_png(..., cmd = "pngquant", post_process = function(x) { :
  cannot find pngquant; please install and put it in PATH
--- finished re-building ‘scDiagnostics.Rmd’

SUMMARY: processing the following file failed:
  ‘DatasetMarkerGeneAlignment.Rmd’

Error: Vignette re-building failed.
Execution halted