| Back to Multiple platform build/check report for BioC 3.21: simplified long | 
 | 
This page was generated on 2025-04-22 13:18 -0400 (Tue, 22 Apr 2025).
| Hostname | OS | Arch (*) | R version | Installed pkgs | 
|---|---|---|---|---|
| nebbiolo1 | Linux (Ubuntu 24.04.1 LTS) | x86_64 | 4.5.0 RC (2025-04-04 r88126) -- "How About a Twenty-Six" | 4831 | 
| palomino7 | Windows Server 2022 Datacenter | x64 | 4.5.0 RC (2025-04-04 r88126 ucrt) -- "How About a Twenty-Six" | 4573 | 
| lconway | macOS 12.7.1 Monterey | x86_64 | 4.5.0 RC (2025-04-04 r88126) -- "How About a Twenty-Six" | 4599 | 
| kjohnson3 | macOS 13.7.1 Ventura | arm64 | 4.5.0 RC (2025-04-04 r88126) -- "How About a Twenty-Six" | 4553 | 
| kunpeng2 | Linux (openEuler 24.03 LTS) | aarch64 | R Under development (unstable) (2025-02-19 r87757) -- "Unsuffered Consequences" | 4570 | 
| Click on any hostname to see more info about the system (e.g. compilers) (*) as reported by 'uname -p', except on Windows and Mac OS X | ||||
| Package 1804/2341 | Hostname | OS / Arch | INSTALL | BUILD | CHECK | BUILD BIN | ||||||||
| rnaEditr 1.18.0  (landing page) Lanyu Zhang 
 | nebbiolo1 | Linux (Ubuntu 24.04.1 LTS) / x86_64 | OK | OK | WARNINGS |  | ||||||||
| palomino7 | Windows Server 2022 Datacenter / x64 | OK | OK | WARNINGS | OK |  | ||||||||
| lconway | macOS 12.7.1 Monterey / x86_64 | OK | OK | WARNINGS | OK |  | ||||||||
| kjohnson3 | macOS 13.7.1 Ventura / arm64 | OK | OK | WARNINGS | OK |  | ||||||||
| kunpeng2 | Linux (openEuler 24.03 LTS) / aarch64 | OK | OK | WARNINGS | ||||||||||
| To the developers/maintainers of the rnaEditr package: - Allow up to 24 hours (and sometimes 48 hours) for your latest push to git@git.bioconductor.org:packages/rnaEditr.git to reflect on this report. See Troubleshooting Build Report for more information. - Use the following Renviron settings to reproduce errors and warnings. - If 'R CMD check' started to fail recently on the Linux builder(s) over a missing dependency, add the missing dependency to 'Suggests:' in your DESCRIPTION file. See Renviron.bioc for more information. | 
| Package: rnaEditr | 
| Version: 1.18.0 | 
| Command: /Library/Frameworks/R.framework/Resources/bin/R CMD check --install=check:rnaEditr.install-out.txt --library=/Library/Frameworks/R.framework/Resources/library --no-vignettes --timings rnaEditr_1.18.0.tar.gz | 
| StartedAt: 2025-04-21 21:17:10 -0400 (Mon, 21 Apr 2025) | 
| EndedAt: 2025-04-21 21:19:05 -0400 (Mon, 21 Apr 2025) | 
| EllapsedTime: 115.4 seconds | 
| RetCode: 0 | 
| Status: WARNINGS | 
| CheckDir: rnaEditr.Rcheck | 
| Warnings: 1 | 
##############################################################################
##############################################################################
###
### Running command:
###
###   /Library/Frameworks/R.framework/Resources/bin/R CMD check --install=check:rnaEditr.install-out.txt --library=/Library/Frameworks/R.framework/Resources/library --no-vignettes --timings rnaEditr_1.18.0.tar.gz
###
##############################################################################
##############################################################################
* using log directory ‘/Users/biocbuild/bbs-3.21-bioc/meat/rnaEditr.Rcheck’
* using R version 4.5.0 RC (2025-04-04 r88126)
* using platform: aarch64-apple-darwin20
* R was compiled by
    Apple clang version 14.0.0 (clang-1400.0.29.202)
    GNU Fortran (GCC) 14.2.0
* running under: macOS Ventura 13.7.1
* using session charset: UTF-8
* using option ‘--no-vignettes’
* checking for file ‘rnaEditr/DESCRIPTION’ ... OK
* this is package ‘rnaEditr’ version ‘1.18.0’
* package encoding: UTF-8
* checking package namespace information ... OK
* checking package dependencies ... OK
* checking if this is a source package ... OK
* checking if there is a namespace ... OK
* checking for hidden files and directories ... OK
* checking for portable file names ... OK
* checking for sufficient/correct file permissions ... OK
* checking whether package ‘rnaEditr’ can be installed ... OK
* checking installed package size ... OK
* checking package directory ... OK
* checking ‘build’ directory ... OK
* checking DESCRIPTION meta-information ... OK
* checking top-level files ... OK
* checking for left-over files ... OK
* checking index information ... OK
* checking package subdirectories ... OK
* checking code files for non-ASCII characters ... OK
* checking R files for syntax errors ... OK
* checking whether the package can be loaded ... OK
* checking whether the package can be loaded with stated dependencies ... OK
* checking whether the package can be unloaded cleanly ... OK
* checking whether the namespace can be loaded with stated dependencies ... OK
* checking whether the namespace can be unloaded cleanly ... OK
* checking dependencies in R code ... OK
* checking S3 generic/method consistency ... OK
* checking replacement functions ... OK
* checking foreign function calls ... OK
* checking R code for possible problems ... OK
* checking Rd files ... WARNING
checkRd: (-1) AllCoeditedRegions.Rd:66: Lost braces in \itemize; \value handles \item{}{} directly
checkRd: (-1) AllCoeditedRegions.Rd:67: Lost braces in \itemize; \value handles \item{}{} directly
checkRd: (-1) AllCoeditedRegions.Rd:68: Lost braces in \itemize; \value handles \item{}{} directly
checkRd: (-1) AllCoeditedRegions.Rd:69-70: Lost braces in \itemize; \value handles \item{}{} directly
checkRd: (-1) AllCoeditedRegions.Rd:71-72: Lost braces in \itemize; \value handles \item{}{} directly
checkRd: (-1) AllCoeditedRegions.Rd:73: Lost braces in \itemize; \value handles \item{}{} directly
checkRd: (-1) AllCoeditedRegions.Rd:74-75: Lost braces in \itemize; \value handles \item{}{} directly
checkRd: (-1) AllCoeditedRegions.Rd:76-79: Lost braces in \itemize; \value handles \item{}{} directly
checkRd: (-1) CreateOutputDF.Rd:40: Lost braces in \itemize; \value handles \item{}{} directly
checkRd: (-1) CreateOutputDF.Rd:41: Lost braces in \itemize; \value handles \item{}{} directly
checkRd: (-1) CreateOutputDF.Rd:42: Lost braces in \itemize; \value handles \item{}{} directly
checkRd: (-1) CreateOutputDF.Rd:43-44: Lost braces in \itemize; \value handles \item{}{} directly
checkRd: (-1) CreateOutputDF.Rd:45-46: Lost braces in \itemize; \value handles \item{}{} directly
checkRd: (-1) CreateOutputDF.Rd:47: Lost braces in \itemize; \value handles \item{}{} directly
checkRd: (-1) CreateOutputDF.Rd:48-49: Lost braces in \itemize; \value handles \item{}{} directly
checkRd: (-1) CreateOutputDF.Rd:50-53: Lost braces in \itemize; \value handles \item{}{} directly
checkRd: (-1) CreateRdrop.Rd:33: Lost braces in \itemize; \value handles \item{}{} directly
checkRd: (-1) CreateRdrop.Rd:34-35: Lost braces in \itemize; \value handles \item{}{} directly
checkRd: (-1) FindCorrelatedRegions.Rd:26: Lost braces in \itemize; \value handles \item{}{} directly
checkRd: (-1) FindCorrelatedRegions.Rd:27-28: Lost braces in \itemize; \value handles \item{}{} directly
checkRd: (-1) GetMinPairwiseCor.Rd:33-34: Lost braces in \itemize; \value handles \item{}{} directly
checkRd: (-1) GetMinPairwiseCor.Rd:35-38: Lost braces in \itemize; \value handles \item{}{} directly
checkRd: (-1) GetMinPairwiseCor.Rd:39-40: Lost braces in \itemize; \value handles \item{}{} directly
checkRd: (-1) MarkCoeditedSites.Rd:37: Lost braces in \itemize; \value handles \item{}{} directly
checkRd: (-1) MarkCoeditedSites.Rd:38-39: Lost braces in \itemize; \value handles \item{}{} directly
checkRd: (-1) MarkCoeditedSites.Rd:40-41: Lost braces in \itemize; \value handles \item{}{} directly
checkRd: (-1) MarkCoeditedSites.Rd:42: Lost braces in \itemize; \value handles \item{}{} directly
checkRd: (-1) MarkCoeditedSites.Rd:45: Lost braces in \itemize; \value handles \item{}{} directly
checkRd: (-1) MarkCoeditedSites.Rd:46-47: Lost braces in \itemize; \value handles \item{}{} directly
checkRd: (-1) MarkCoeditedSites.Rd:48: Lost braces in \itemize; \value handles \item{}{} directly
checkRd: (-1) MarkCoeditedSites.Rd:49-50: Lost braces in \itemize; \value handles \item{}{} directly
checkRd: (-1) OrderSitesByLocation.Rd:22: Lost braces in \itemize; \value handles \item{}{} directly
checkRd: (-1) OrderSitesByLocation.Rd:23: Lost braces in \itemize; \value handles \item{}{} directly
checkRd: (-1) OrderSitesByLocation.Rd:24: Lost braces in \itemize; \value handles \item{}{} directly
checkRd: (-1) SingleCoeditedRegion.Rd:73: Lost braces in \itemize; \value handles \item{}{} directly
checkRd: (-1) SingleCoeditedRegion.Rd:74: Lost braces in \itemize; \value handles \item{}{} directly
checkRd: (-1) SingleCoeditedRegion.Rd:75: Lost braces in \itemize; \value handles \item{}{} directly
checkRd: (-1) SingleCoeditedRegion.Rd:76-77: Lost braces in \itemize; \value handles \item{}{} directly
checkRd: (-1) SingleCoeditedRegion.Rd:78-79: Lost braces in \itemize; \value handles \item{}{} directly
checkRd: (-1) SingleCoeditedRegion.Rd:80: Lost braces in \itemize; \value handles \item{}{} directly
checkRd: (-1) SingleCoeditedRegion.Rd:81-82: Lost braces in \itemize; \value handles \item{}{} directly
checkRd: (-1) SingleCoeditedRegion.Rd:83-86: Lost braces in \itemize; \value handles \item{}{} directly
checkRd: (7) TestSingleRegion.Rd:38: Invalid URL: "https://www.jstor.org/stable/2336755"
* checking Rd metadata ... OK
* checking Rd cross-references ... OK
* checking for missing documentation entries ... OK
* checking for code/documentation mismatches ... OK
* checking Rd \usage sections ... OK
* checking Rd contents ... OK
* checking for unstated dependencies in examples ... OK
* checking contents of ‘data’ directory ... OK
* checking data for non-ASCII characters ... OK
* checking data for ASCII and uncompressed saves ... OK
* checking files in ‘vignettes’ ... OK
* checking examples ... OK
* checking for unstated dependencies in ‘tests’ ... OK
* checking tests ...
  Running ‘testthat.R’
 OK
* checking for unstated dependencies in vignettes ... OK
* checking package vignettes ... OK
* checking running R code from vignettes ... SKIPPED
* checking re-building of vignette outputs ... SKIPPED
* checking PDF version of manual ... OK
* DONE
Status: 1 WARNING
See
  ‘/Users/biocbuild/bbs-3.21-bioc/meat/rnaEditr.Rcheck/00check.log’
for details.
rnaEditr.Rcheck/00install.out
############################################################################## ############################################################################## ### ### Running command: ### ### /Library/Frameworks/R.framework/Resources/bin/R CMD INSTALL rnaEditr ### ############################################################################## ############################################################################## * installing to library ‘/Library/Frameworks/R.framework/Versions/4.5-arm64/Resources/library’ * installing *source* package ‘rnaEditr’ ... ** this is package ‘rnaEditr’ version ‘1.18.0’ ** using staged installation ** R ** data ** inst ** byte-compile and prepare package for lazy loading ** help *** installing help indices ** building package indices ** installing vignettes ** testing if installed package can be loaded from temporary location ** testing if installed package can be loaded from final location ** testing if installed package keeps a record of temporary installation path * DONE (rnaEditr)
rnaEditr.Rcheck/tests/testthat.Rout
R version 4.5.0 RC (2025-04-04 r88126) -- "How About a Twenty-Six"
Copyright (C) 2025 The R Foundation for Statistical Computing
Platform: aarch64-apple-darwin20
R is free software and comes with ABSOLUTELY NO WARRANTY.
You are welcome to redistribute it under certain conditions.
Type 'license()' or 'licence()' for distribution details.
R is a collaborative project with many contributors.
Type 'contributors()' for more information and
'citation()' on how to cite R or R packages in publications.
Type 'demo()' for some demos, 'help()' for on-line help, or
'help.start()' for an HTML browser interface to help.
Type 'q()' to quit R.
> library(testthat)
> library(rnaEditr)
> 
> test_check("rnaEditr")
|                                                    |  0%                      
|=================                                   |33.33333% ~0 s remaining  
|==================================                  |66.66667% ~0 s remaining  
|====================================================|100% ~0 s remaining       
|====================================================|100%                      Completed after 0 s 
|                                                    |  0%                      
|=================                                   |33.33333% ~1 s remaining  
|==================================                  |66.66667% ~0 s remaining  
|====================================================|100% ~0 s remaining       
|====================================================|100%                      Completed after 1 s 
|                                                    |  0%                      
|=================                                   |33.33333% ~0 s remaining  
|==================================                  |66.66667% ~0 s remaining  
|====================================================|100% ~0 s remaining       
|====================================================|100%                      Completed after 0 s 
|                                                    |  0%                      
|======                                              |12.5% ~0 s remaining      
|=============                                       | 25% ~0 s remaining       
|===================                                 |37.5% ~0 s remaining      
|==========================                          | 50% ~0 s remaining       
|================================                    |62.5% ~0 s remaining      
|=======================================             | 75% ~0 s remaining       
|=============================================       |87.5% ~0 s remaining      
|====================================================|100% ~0 s remaining       
|====================================================|100%                      Completed after 0 s 
|                                                    |  0%                      
|===                                                 |7.142857% ~0 s remaining  
|=======                                             |14.28571% ~0 s remaining  
|===========                                         |21.42857% ~0 s remaining  
|==============                                      |28.57143% ~0 s remaining  
|==================                                  |35.71429% ~0 s remaining  
|======================                              |42.85714% ~0 s remaining  
|==========================                          | 50% ~0 s remaining       
|=============================                       |57.14286% ~0 s remaining  
|=================================                   |64.28571% ~0 s remaining  
|=====================================               |71.42857% ~0 s remaining  
|========================================            |78.57143% ~0 s remaining  
|============================================        |85.71429% ~0 s remaining  
|================================================    |92.85714% ~0 s remaining  
|====================================================|100% ~0 s remaining       
|====================================================|100%                      Completed after 0 s 
|                                                    |  0%                      
|===                                                 |7.142857% ~0 s remaining  
|=======                                             |14.28571% ~0 s remaining  
|===========                                         |21.42857% ~0 s remaining  
|==============                                      |28.57143% ~0 s remaining  
|==================                                  |35.71429% ~0 s remaining  
|======================                              |42.85714% ~0 s remaining  
|==========================                          | 50% ~0 s remaining       
|=============================                       |57.14286% ~0 s remaining  
|=================================                   |64.28571% ~0 s remaining  
|=====================================               |71.42857% ~0 s remaining  
|========================================            |78.57143% ~0 s remaining  
|============================================        |85.71429% ~0 s remaining  
|================================================    |92.85714% ~0 s remaining  
|====================================================|100% ~0 s remaining       
|====================================================|100%                      Completed after 0 s 
|                                                    |  0%                      
|=================                                   |33.33333% ~0 s remaining  
|==================================                  |66.66667% ~0 s remaining  
|====================================================|100% ~0 s remaining       
|====================================================|100%                      Completed after 0 s 
|                                                    |  0%                      
|====                                                |7.692308% ~0 s remaining  
|========                                            |15.38462% ~0 s remaining  
|============                                        |23.07692% ~0 s remaining  
|================                                    |30.76923% ~0 s remaining  
|====================                                |38.46154% ~0 s remaining  
|========================                            |46.15385% ~0 s remaining  
|============================                        |53.84615% ~0 s remaining  
|================================                    |61.53846% ~0 s remaining  
|====================================                |69.23077% ~0 s remaining  
|========================================            |76.92308% ~0 s remaining  
|============================================        |84.61538% ~0 s remaining  
|================================================    |92.30769% ~0 s remaining  
|====================================================|100% ~0 s remaining       
|====================================================|100%                      Completed after 0 s 
|                                                    |  0%                      
|=================                                   |33.33333% ~0 s remaining  
|==================================                  |66.66667% ~0 s remaining  
|====================================================|100% ~0 s remaining       
|====================================================|100%                      Completed after 0 s 
|                                                    |  0%                      
|====                                                |7.692308% ~0 s remaining  
|========                                            |15.38462% ~0 s remaining  
|============                                        |23.07692% ~0 s remaining  
|================                                    |30.76923% ~0 s remaining  
|====================                                |38.46154% ~0 s remaining  
|========================                            |46.15385% ~0 s remaining  
|============================                        |53.84615% ~0 s remaining  
|================================                    |61.53846% ~0 s remaining  
|====================================                |69.23077% ~0 s remaining  
|========================================            |76.92308% ~0 s remaining  
|============================================        |84.61538% ~0 s remaining  
|================================================    |92.30769% ~0 s remaining  
|====================================================|100% ~0 s remaining       
|====================================================|100%                      Completed after 0 s 
|                                                    |  0%                      
|====                                                |7.692308% ~0 s remaining  
|========                                            |15.38462% ~0 s remaining  
|============                                        |23.07692% ~0 s remaining  
|================                                    |30.76923% ~0 s remaining  
|====================                                |38.46154% ~0 s remaining  
|========================                            |46.15385% ~0 s remaining  
|============================                        |53.84615% ~0 s remaining  
|================================                    |61.53846% ~0 s remaining  
|====================================                |69.23077% ~0 s remaining  
|========================================            |76.92308% ~0 s remaining  
|============================================        |84.61538% ~0 s remaining  
|================================================    |92.30769% ~0 s remaining  
|====================================================|100% ~0 s remaining       
|====================================================|100%                      Completed after 0 s 
[ FAIL 0 | WARN 0 | SKIP 0 | PASS 8 ]
> 
> proc.time()
   user  system elapsed 
  7.096   0.292   7.442 
rnaEditr.Rcheck/rnaEditr-Ex.timings
| name | user | system | elapsed | |
| AddMetaData | 0.186 | 0.013 | 0.224 | |
| AllCloseByRegions | 0.136 | 0.003 | 0.140 | |
| AllCoeditedRegions | 0.175 | 0.010 | 0.188 | |
| AnnotateResults | 0.691 | 0.015 | 0.720 | |
| CountSamplesPerGroup | 0.001 | 0.001 | 0.002 | |
| CreateEditingTable | 0.016 | 0.002 | 0.017 | |
| CreateOutputDF | 0.006 | 0.001 | 0.007 | |
| CreateRdrop | 0.004 | 0.001 | 0.005 | |
| FindCorrelatedRegions | 0.004 | 0.001 | 0.005 | |
| GetMinPairwiseCor | 0.001 | 0.001 | 0.003 | |
| GetSitesLocations | 0.029 | 0.002 | 0.031 | |
| MakeModelFormula | 0 | 0 | 0 | |
| MarkCoeditedSites | 0.004 | 0.001 | 0.005 | |
| OrderSitesByLocation | 0.001 | 0.000 | 0.001 | |
| PlotEditingCorrelations | 0.223 | 0.009 | 0.231 | |
| RegionSummaryMethod | 0.020 | 0.002 | 0.021 | |
| SingleCloseByRegion | 0.033 | 0.001 | 0.035 | |
| SingleCoeditedRegion | 0.056 | 0.006 | 0.062 | |
| SitesToRegion | 0.010 | 0.001 | 0.010 | |
| SummarizeAllRegions | 0.425 | 0.012 | 0.442 | |
| SummarizeSingleRegion | 0.033 | 0.001 | 0.035 | |
| TestAssociations | 0.423 | 0.019 | 0.446 | |
| TestSingleRegion | 0.018 | 0.003 | 0.020 | |
| TransformToGR | 0.031 | 0.001 | 0.036 | |