| Back to Multiple platform build/check report for BioC 3.21: simplified long |
|
This page was generated on 2025-10-16 11:41 -0400 (Thu, 16 Oct 2025).
| Hostname | OS | Arch (*) | R version | Installed pkgs |
|---|---|---|---|---|
| nebbiolo1 | Linux (Ubuntu 24.04.3 LTS) | x86_64 | 4.5.1 (2025-06-13) -- "Great Square Root" | 4833 |
| merida1 | macOS 12.7.6 Monterey | x86_64 | 4.5.1 RC (2025-06-05 r88288) -- "Great Square Root" | 4614 |
| kjohnson1 | macOS 13.7.5 Ventura | arm64 | 4.5.1 Patched (2025-06-14 r88325) -- "Great Square Root" | 4555 |
| kunpeng2 | Linux (openEuler 24.03 LTS) | aarch64 | R Under development (unstable) (2025-02-19 r87757) -- "Unsuffered Consequences" | 4586 |
| Click on any hostname to see more info about the system (e.g. compilers) (*) as reported by 'uname -p', except on Windows and Mac OS X | ||||
| Package 1775/2341 | Hostname | OS / Arch | INSTALL | BUILD | CHECK | BUILD BIN | ||||||||
| rhdf5client 1.30.1 (landing page) Vincent Carey
| nebbiolo1 | Linux (Ubuntu 24.04.3 LTS) / x86_64 | OK | OK | OK | |||||||||
| merida1 | macOS 12.7.6 Monterey / x86_64 | OK | OK | OK | OK | |||||||||
| kjohnson1 | macOS 13.7.5 Ventura / arm64 | OK | OK | OK | OK | |||||||||
| kunpeng2 | Linux (openEuler 24.03 LTS) / aarch64 | OK | OK | ERROR | ||||||||||
|
To the developers/maintainers of the rhdf5client package: - Allow up to 24 hours (and sometimes 48 hours) for your latest push to git@git.bioconductor.org:packages/rhdf5client.git to reflect on this report. See Troubleshooting Build Report for more information. - Use the following Renviron settings to reproduce errors and warnings. - If 'R CMD check' started to fail recently on the Linux builder(s) over a missing dependency, add the missing dependency to 'Suggests:' in your DESCRIPTION file. See Renviron.bioc for more information. - See Martin Grigorov's blog post for how to debug Linux ARM64 related issues on a x86_64 host. |
| Package: rhdf5client |
| Version: 1.30.1 |
| Command: /home/biocbuild/R/R/bin/R CMD check --install=check:rhdf5client.install-out.txt --library=/home/biocbuild/R/R/site-library --no-vignettes --timings rhdf5client_1.30.1.tar.gz |
| StartedAt: 2025-10-14 13:17:00 -0000 (Tue, 14 Oct 2025) |
| EndedAt: 2025-10-14 13:22:57 -0000 (Tue, 14 Oct 2025) |
| EllapsedTime: 357.4 seconds |
| RetCode: 1 |
| Status: ERROR |
| CheckDir: rhdf5client.Rcheck |
| Warnings: NA |
##############################################################################
##############################################################################
###
### Running command:
###
### /home/biocbuild/R/R/bin/R CMD check --install=check:rhdf5client.install-out.txt --library=/home/biocbuild/R/R/site-library --no-vignettes --timings rhdf5client_1.30.1.tar.gz
###
##############################################################################
##############################################################################
* using log directory ‘/home/biocbuild/bbs-3.21-bioc/meat/rhdf5client.Rcheck’
* using R Under development (unstable) (2025-02-19 r87757)
* using platform: aarch64-unknown-linux-gnu
* R was compiled by
aarch64-unknown-linux-gnu-gcc (GCC) 14.2.0
GNU Fortran (GCC) 14.2.0
* running under: openEuler 24.03 (LTS-SP1)
* using session charset: UTF-8
* using option ‘--no-vignettes’
* checking for file ‘rhdf5client/DESCRIPTION’ ... OK
* this is package ‘rhdf5client’ version ‘1.30.1’
* package encoding: UTF-8
* checking package namespace information ... OK
* checking package dependencies ... OK
* checking if this is a source package ... OK
* checking if there is a namespace ... OK
* checking for hidden files and directories ... OK
* checking for portable file names ... OK
* checking for sufficient/correct file permissions ... OK
* checking whether package ‘rhdf5client’ can be installed ... OK
* used C compiler: ‘aarch64-unknown-linux-gnu-gcc (GCC) 14.2.0’
* checking installed package size ... OK
* checking package directory ... OK
* checking ‘build’ directory ... OK
* checking DESCRIPTION meta-information ... OK
* checking top-level files ... OK
* checking for left-over files ... OK
* checking index information ... OK
* checking package subdirectories ... OK
* checking code files for non-ASCII characters ... OK
* checking R files for syntax errors ... OK
* checking whether the package can be loaded ... OK
* checking whether the package can be loaded with stated dependencies ... OK
* checking whether the package can be unloaded cleanly ... OK
* checking whether the namespace can be loaded with stated dependencies ... OK
* checking whether the namespace can be unloaded cleanly ... OK
* checking loading without being on the library search path ... OK
* checking dependencies in R code ... OK
* checking S3 generic/method consistency ... OK
* checking replacement functions ... OK
* checking foreign function calls ... OK
* checking R code for possible problems ... OK
* checking Rd files ... OK
* checking Rd metadata ... OK
* checking Rd cross-references ... OK
* checking for missing documentation entries ... OK
* checking for code/documentation mismatches ... OK
* checking Rd \usage sections ... OK
* checking Rd contents ... OK
* checking for unstated dependencies in examples ... OK
* checking line endings in C/C++/Fortran sources/headers ... OK
* checking compiled code ... NOTE
Note: information on .o files is not available
* checking files in ‘vignettes’ ... OK
* checking examples ... ERROR
Running examples in ‘rhdf5client-Ex.R’ failed
The error most likely occurred in:
> base::assign(".ptime", proc.time(), pos = "CheckExEnv")
> ### Name: HSDSArray
> ### Title: A DelayedArray backend for accessing a remote HDF5 server.
> ### Aliases: HSDSArray HSDSArray-class
>
> ### ** Examples
>
> if (check_hsds()) {
+ HSDSArray(URL_hsds(),
+ "hsds", "/shared/bioconductor/patelGBMSC.h5", "/assay001")
+ }
Error in curl::curl_fetch_memory(url, handle = handle) :
Timeout was reached [alserglab.wustl.edu]: Connection timed out after 10001 milliseconds
Calls: check_hsds ... request_fetch.write_memory -> <Anonymous> -> raise_libcurl_error
Execution halted
* checking for unstated dependencies in ‘tests’ ... OK
* checking tests ...
Running ‘testthat.R’
ERROR
Running the tests in ‘tests/testthat.R’ failed.
Last 13 lines of output:
<curl_error_operation_timedout/curl_error/error/condition>
Error in `curl::curl_fetch_memory(url, handle = handle)`: Timeout was reached [alserglab.wustl.edu]: OpenSSL SSL_read: SSL_ERROR_SYSCALL, errno 0
Backtrace:
▆
1. ├─rhdf5client::check_hsds() at test.R:106:2
2. │ └─httr::GET(tst)
3. │ └─httr:::request_perform(req, hu$handle$handle)
4. │ ├─httr:::request_fetch(req$output, req$url, handle)
5. │ └─httr:::request_fetch.write_memory(req$output, req$url, handle)
6. │ └─curl::curl_fetch_memory(url, handle = handle)
7. └─curl:::raise_libcurl_error(...)
[ FAIL 1 | WARN 0 | SKIP 1 | PASS 42 ]
Error: Test failures
Execution halted
* checking for unstated dependencies in vignettes ... OK
* checking package vignettes ... OK
* checking running R code from vignettes ... SKIPPED
* checking re-building of vignette outputs ... SKIPPED
* checking PDF version of manual ... OK
* DONE
Status: 2 ERRORs, 1 NOTE
See
‘/home/biocbuild/bbs-3.21-bioc/meat/rhdf5client.Rcheck/00check.log’
for details.
rhdf5client.Rcheck/00install.out
##############################################################################
##############################################################################
###
### Running command:
###
### /home/biocbuild/R/R/bin/R CMD INSTALL rhdf5client
###
##############################################################################
##############################################################################
* installing to library ‘/home/biocbuild/R/R-devel_2025-02-19/site-library’
* installing *source* package ‘rhdf5client’ ...
** this is package ‘rhdf5client’ version ‘1.30.1’
** using staged installation
** libs
using C compiler: ‘aarch64-unknown-linux-gnu-gcc (GCC) 14.2.0’
/opt/ohpc/pub/compiler/gcc/14.2.0/bin/aarch64-unknown-linux-gnu-gcc -std=gnu23 -I"/home/biocbuild/R/R/include" -DNDEBUG -I/usr/local/include -fPIC -g -O2 -Wall -Werror=format-security -c extract.c -o extract.o
extract.c: In function ‘extractBin’:
extract.c:101:52: warning: ‘rip’ may be used uninitialized [-Wmaybe-uninitialized]
101 | A[ia] = (Rf_isReal(resvec_sexp) ? rdp[ib] : rip[ib]);
| ^
extract.c:89:8: note: ‘rip’ was declared here
89 | int *rip;
| ^~~
extract.c:101:42: warning: ‘rdp’ may be used uninitialized [-Wmaybe-uninitialized]
101 | A[ia] = (Rf_isReal(resvec_sexp) ? rdp[ib] : rip[ib]);
| ^
extract.c:90:11: note: ‘rdp’ was declared here
90 | double *rdp;
| ^~~
/opt/ohpc/pub/compiler/gcc/14.2.0/bin/aarch64-unknown-linux-gnu-gcc -std=gnu23 -shared -L/home/biocbuild/R/R/lib -L/usr/local/lib -o rhdf5client.so extract.o -L/home/biocbuild/R/R/lib -lR
installing to /home/biocbuild/R/R-devel_2025-02-19/site-library/00LOCK-rhdf5client/00new/rhdf5client/libs
** R
** inst
** byte-compile and prepare package for lazy loading
** help
*** installing help indices
** building package indices
** installing vignettes
** testing if installed package can be loaded from temporary location
** checking absolute paths in shared objects and dynamic libraries
** testing if installed package can be loaded from final location
** testing if installed package keeps a record of temporary installation path
* DONE (rhdf5client)
rhdf5client.Rcheck/tests/testthat.Rout.fail
R Under development (unstable) (2025-02-19 r87757) -- "Unsuffered Consequences"
Copyright (C) 2025 The R Foundation for Statistical Computing
Platform: aarch64-unknown-linux-gnu
R is free software and comes with ABSOLUTELY NO WARRANTY.
You are welcome to redistribute it under certain conditions.
Type 'license()' or 'licence()' for distribution details.
R is a collaborative project with many contributors.
Type 'contributors()' for more information and
'citation()' on how to cite R or R packages in publications.
Type 'demo()' for some demos, 'help()' for on-line help, or
'help.start()' for an HTML browser interface to help.
Type 'q()' to quit R.
> library(testthat)
> library(rhdf5client)
Loading required package: DelayedArray
Loading required package: stats4
Loading required package: Matrix
Loading required package: BiocGenerics
Loading required package: generics
Attaching package: 'generics'
The following objects are masked from 'package:base':
as.difftime, as.factor, as.ordered, intersect, is.element, setdiff,
setequal, union
Attaching package: 'BiocGenerics'
The following objects are masked from 'package:stats':
IQR, mad, sd, var, xtabs
The following objects are masked from 'package:base':
Filter, Find, Map, Position, Reduce, anyDuplicated, aperm, append,
as.data.frame, basename, cbind, colnames, dirname, do.call,
duplicated, eval, evalq, get, grep, grepl, is.unsorted, lapply,
mapply, match, mget, order, paste, pmax, pmax.int, pmin, pmin.int,
rank, rbind, rownames, sapply, saveRDS, table, tapply, unique,
unsplit, which.max, which.min
Loading required package: MatrixGenerics
Loading required package: matrixStats
Attaching package: 'MatrixGenerics'
The following objects are masked from 'package:matrixStats':
colAlls, colAnyNAs, colAnys, colAvgsPerRowSet, colCollapse,
colCounts, colCummaxs, colCummins, colCumprods, colCumsums,
colDiffs, colIQRDiffs, colIQRs, colLogSumExps, colMadDiffs,
colMads, colMaxs, colMeans2, colMedians, colMins, colOrderStats,
colProds, colQuantiles, colRanges, colRanks, colSdDiffs, colSds,
colSums2, colTabulates, colVarDiffs, colVars, colWeightedMads,
colWeightedMeans, colWeightedMedians, colWeightedSds,
colWeightedVars, rowAlls, rowAnyNAs, rowAnys, rowAvgsPerColSet,
rowCollapse, rowCounts, rowCummaxs, rowCummins, rowCumprods,
rowCumsums, rowDiffs, rowIQRDiffs, rowIQRs, rowLogSumExps,
rowMadDiffs, rowMads, rowMaxs, rowMeans2, rowMedians, rowMins,
rowOrderStats, rowProds, rowQuantiles, rowRanges, rowRanks,
rowSdDiffs, rowSds, rowSums2, rowTabulates, rowVarDiffs, rowVars,
rowWeightedMads, rowWeightedMeans, rowWeightedMedians,
rowWeightedSds, rowWeightedVars
Loading required package: S4Vectors
Attaching package: 'S4Vectors'
The following objects are masked from 'package:Matrix':
expand, unname
The following object is masked from 'package:utils':
findMatches
The following objects are masked from 'package:base':
I, expand.grid, unname
Loading required package: IRanges
Loading required package: S4Arrays
Loading required package: abind
Attaching package: 'S4Arrays'
The following object is masked from 'package:abind':
abind
The following object is masked from 'package:base':
rowsum
Loading required package: SparseArray
Attaching package: 'DelayedArray'
The following objects are masked from 'package:base':
apply, scale, sweep
>
> test_check("rhdf5client")
[ FAIL 1 | WARN 0 | SKIP 1 | PASS 42 ]
══ Skipped tests (1) ═══════════════════════════════════════════════════════════
• empty test (1): 'test.R:211:1'
══ Failed tests ════════════════════════════════════════════════════════════════
── Error ('test.R:106:2'): Bad slices rejected ─────────────────────────────────
<curl_error_operation_timedout/curl_error/error/condition>
Error in `curl::curl_fetch_memory(url, handle = handle)`: Timeout was reached [alserglab.wustl.edu]: OpenSSL SSL_read: SSL_ERROR_SYSCALL, errno 0
Backtrace:
▆
1. ├─rhdf5client::check_hsds() at test.R:106:2
2. │ └─httr::GET(tst)
3. │ └─httr:::request_perform(req, hu$handle$handle)
4. │ ├─httr:::request_fetch(req$output, req$url, handle)
5. │ └─httr:::request_fetch.write_memory(req$output, req$url, handle)
6. │ └─curl::curl_fetch_memory(url, handle = handle)
7. └─curl:::raise_libcurl_error(...)
[ FAIL 1 | WARN 0 | SKIP 1 | PASS 42 ]
Error: Test failures
Execution halted
rhdf5client.Rcheck/rhdf5client-Ex.timings
| name | user | system | elapsed |