Back to Multiple platform build/check report for BioC 3.21:   simplified   long
ABCDEFGHIJKLMN[O]PQRSTUVWXYZ

This page was generated on 2025-02-15 11:40 -0500 (Sat, 15 Feb 2025).

HostnameOSArch (*)R versionInstalled pkgs
nebbiolo1Linux (Ubuntu 24.04.1 LTS)x86_64R Under development (unstable) (2025-01-20 r87609) -- "Unsuffered Consequences" 4720
palomino7Windows Server 2022 Datacenterx64R Under development (unstable) (2025-01-21 r87610 ucrt) -- "Unsuffered Consequences" 4482
lconwaymacOS 12.7.1 Montereyx86_64R Under development (unstable) (2025-01-22 r87618) -- "Unsuffered Consequences" 4493
kjohnson3macOS 13.7.1 Venturaarm64R Under development (unstable) (2025-01-20 r87609) -- "Unsuffered Consequences" 4446
Click on any hostname to see more info about the system (e.g. compilers)      (*) as reported by 'uname -p', except on Windows and Mac OS X

Package 1445/2295HostnameOS / ArchINSTALLBUILDCHECKBUILD BIN
oligoClasses 1.69.0  (landing page)
Benilton Carvalho and Robert Scharpf
Snapshot Date: 2025-02-14 13:40 -0500 (Fri, 14 Feb 2025)
git_url: https://git.bioconductor.org/packages/oligoClasses
git_branch: devel
git_last_commit: 37e0a0e
git_last_commit_date: 2024-10-29 09:28:15 -0500 (Tue, 29 Oct 2024)
nebbiolo1Linux (Ubuntu 24.04.1 LTS) / x86_64  OK    OK    ERROR  
palomino7Windows Server 2022 Datacenter / x64  OK    OK    ERROR    OK  
lconwaymacOS 12.7.1 Monterey / x86_64  OK    OK    ERROR    OK  
kjohnson3macOS 13.7.1 Ventura / arm64  OK    OK    ERROR    OK  


CHECK results for oligoClasses on nebbiolo1

To the developers/maintainers of the oligoClasses package:
- Allow up to 24 hours (and sometimes 48 hours) for your latest push to git@git.bioconductor.org:packages/oligoClasses.git to reflect on this report. See Troubleshooting Build Report for more information.
- Use the following Renviron settings to reproduce errors and warnings.
- If 'R CMD check' started to fail recently on the Linux builder(s) over a missing dependency, add the missing dependency to 'Suggests:' in your DESCRIPTION file. See Renviron.bioc for more information.

raw results


Summary

Package: oligoClasses
Version: 1.69.0
Command: /home/biocbuild/bbs-3.21-bioc/R/bin/R CMD check --install=check:oligoClasses.install-out.txt --library=/home/biocbuild/bbs-3.21-bioc/R/site-library --timings oligoClasses_1.69.0.tar.gz
StartedAt: 2025-02-15 00:34:58 -0500 (Sat, 15 Feb 2025)
EndedAt: 2025-02-15 00:35:02 -0500 (Sat, 15 Feb 2025)
EllapsedTime: 4.0 seconds
RetCode: 1
Status:   ERROR  
CheckDir: oligoClasses.Rcheck
Warnings: NA

Command output

##############################################################################
##############################################################################
###
### Running command:
###
###   /home/biocbuild/bbs-3.21-bioc/R/bin/R CMD check --install=check:oligoClasses.install-out.txt --library=/home/biocbuild/bbs-3.21-bioc/R/site-library --timings oligoClasses_1.69.0.tar.gz
###
##############################################################################
##############################################################################


* using log directory ‘/home/biocbuild/bbs-3.21-bioc/meat/oligoClasses.Rcheck’
* using R Under development (unstable) (2025-01-20 r87609)
* using platform: x86_64-pc-linux-gnu
* R was compiled by
    gcc (Ubuntu 13.3.0-6ubuntu2~24.04) 13.3.0
    GNU Fortran (Ubuntu 13.3.0-6ubuntu2~24.04) 13.3.0
* running under: Ubuntu 24.04.2 LTS
* using session charset: UTF-8
* checking for file ‘oligoClasses/DESCRIPTION’ ... OK
* this is package ‘oligoClasses’ version ‘1.69.0’
* checking package namespace information ... OK
* checking package dependencies ... ERROR
Packages suggested but not available:
  'pd.genomewidesnp.6', 'pd.genomewidesnp.5', 'pd.mapping50k.hind240',
  'pd.mapping50k.xba240', 'pd.mapping250k.sty', 'pd.mapping250k.nsp',
  'VanillaICE', 'crlmm'

Packages which this enhances but not available for checking:
  'doMPI', 'doRedis'

The suggested packages are required for a complete check.
Checking can be attempted without them by setting the environment
variable _R_CHECK_FORCE_SUGGESTS_ to a false value.

See section ‘The DESCRIPTION file’ in the ‘Writing R Extensions’
manual.
* DONE

Status: 1 ERROR
See
  ‘/home/biocbuild/bbs-3.21-bioc/meat/oligoClasses.Rcheck/00check.log’
for details.


Installation output


Tests output


Example timings