| Back to Multiple platform build/check report for BioC 3.21: simplified long |
|
This page was generated on 2025-04-22 13:16 -0400 (Tue, 22 Apr 2025).
| Hostname | OS | Arch (*) | R version | Installed pkgs |
|---|---|---|---|---|
| nebbiolo1 | Linux (Ubuntu 24.04.1 LTS) | x86_64 | 4.5.0 RC (2025-04-04 r88126) -- "How About a Twenty-Six" | 4831 |
| palomino7 | Windows Server 2022 Datacenter | x64 | 4.5.0 RC (2025-04-04 r88126 ucrt) -- "How About a Twenty-Six" | 4573 |
| lconway | macOS 12.7.1 Monterey | x86_64 | 4.5.0 RC (2025-04-04 r88126) -- "How About a Twenty-Six" | 4599 |
| kjohnson3 | macOS 13.7.1 Ventura | arm64 | 4.5.0 RC (2025-04-04 r88126) -- "How About a Twenty-Six" | 4553 |
| kunpeng2 | Linux (openEuler 24.03 LTS) | aarch64 | R Under development (unstable) (2025-02-19 r87757) -- "Unsuffered Consequences" | 4570 |
| Click on any hostname to see more info about the system (e.g. compilers) (*) as reported by 'uname -p', except on Windows and Mac OS X | ||||
| Package 1406/2341 | Hostname | OS / Arch | INSTALL | BUILD | CHECK | BUILD BIN | ||||||||
| multtest 2.64.0 (landing page) Katherine S. Pollard
| nebbiolo1 | Linux (Ubuntu 24.04.1 LTS) / x86_64 | OK | OK | WARNINGS | |||||||||
| palomino7 | Windows Server 2022 Datacenter / x64 | OK | OK | WARNINGS | OK | |||||||||
| lconway | macOS 12.7.1 Monterey / x86_64 | OK | OK | WARNINGS | OK | |||||||||
| kjohnson3 | macOS 13.7.1 Ventura / arm64 | OK | OK | WARNINGS | OK | |||||||||
| kunpeng2 | Linux (openEuler 24.03 LTS) / aarch64 | OK | OK | WARNINGS | ||||||||||
|
To the developers/maintainers of the multtest package: - Allow up to 24 hours (and sometimes 48 hours) for your latest push to git@git.bioconductor.org:packages/multtest.git to reflect on this report. See Troubleshooting Build Report for more information. - Use the following Renviron settings to reproduce errors and warnings. - If 'R CMD check' started to fail recently on the Linux builder(s) over a missing dependency, add the missing dependency to 'Suggests:' in your DESCRIPTION file. See Renviron.bioc for more information. |
| Package: multtest |
| Version: 2.64.0 |
| Command: /Library/Frameworks/R.framework/Resources/bin/R CMD check --install=check:multtest.install-out.txt --library=/Library/Frameworks/R.framework/Resources/library --no-vignettes --timings multtest_2.64.0.tar.gz |
| StartedAt: 2025-04-21 22:13:21 -0400 (Mon, 21 Apr 2025) |
| EndedAt: 2025-04-21 22:14:45 -0400 (Mon, 21 Apr 2025) |
| EllapsedTime: 84.0 seconds |
| RetCode: 0 |
| Status: WARNINGS |
| CheckDir: multtest.Rcheck |
| Warnings: 4 |
##############################################################################
##############################################################################
###
### Running command:
###
### /Library/Frameworks/R.framework/Resources/bin/R CMD check --install=check:multtest.install-out.txt --library=/Library/Frameworks/R.framework/Resources/library --no-vignettes --timings multtest_2.64.0.tar.gz
###
##############################################################################
##############################################################################
* using log directory ‘/Users/biocbuild/bbs-3.21-bioc/meat/multtest.Rcheck’
* using R version 4.5.0 RC (2025-04-04 r88126)
* using platform: x86_64-apple-darwin20
* R was compiled by
Apple clang version 14.0.0 (clang-1400.0.29.202)
GNU Fortran (GCC) 14.2.0
* running under: macOS Monterey 12.7.6
* using session charset: UTF-8
* using option ‘--no-vignettes’
* checking for file ‘multtest/DESCRIPTION’ ... OK
* this is package ‘multtest’ version ‘2.64.0’
* checking package namespace information ... OK
* checking package dependencies ... OK
* checking if this is a source package ... OK
* checking if there is a namespace ... OK
* checking for hidden files and directories ... OK
* checking for portable file names ... OK
* checking for sufficient/correct file permissions ... OK
* checking whether package ‘multtest’ can be installed ... WARNING
Found the following significant warnings:
random.c:48:6: warning: absolute value function 'abs' given an argument of type 'long' but has parameter of type 'int' which may cause truncation of value [-Wabsolute-value]
See ‘/Users/biocbuild/bbs-3.21-bioc/meat/multtest.Rcheck/00install.out’ for details.
* used C compiler: ‘Apple clang version 14.0.0 (clang-1400.0.29.202)’
* used SDK: ‘MacOSX11.3.sdk’
* checking installed package size ... OK
* checking package directory ... OK
* checking DESCRIPTION meta-information ... OK
* checking top-level files ... OK
* checking for left-over files ... OK
* checking index information ... OK
* checking package subdirectories ... OK
* checking code files for non-ASCII characters ... OK
* checking R files for syntax errors ... OK
* checking whether the package can be loaded ... OK
* checking whether the package can be loaded with stated dependencies ... OK
* checking whether the package can be unloaded cleanly ... OK
* checking whether the namespace can be loaded with stated dependencies ... OK
* checking whether the namespace can be unloaded cleanly ... OK
* checking whether startup messages can be suppressed ... OK
* checking dependencies in R code ... NOTE
'library' or 'require' call to ‘methods’ which was already attached by Depends.
Please remove these calls from your code.
* checking S3 generic/method consistency ... OK
* checking replacement functions ... OK
* checking foreign function calls ... OK
* checking R code for possible problems ... NOTE
File ‘multtest/R/zzz.R’:
.onLoad calls:
require(methods)
Package startup functions should not change the search path.
See section ‘Good practice’ in '?.onAttach'.
EBMTP: no visible global function definition for ‘makeCluster’
EBMTP: no visible global function definition for ‘clusterEvalQ’
EBMTP: no visible global function definition for ‘stopCluster’
MTP: no visible global function definition for ‘makeCluster’
MTP: no visible global function definition for ‘clusterEvalQ’
MTP: no visible global function definition for ‘stopCluster’
boot.null: no visible global function definition for ‘clusterApply’
boot.null: no visible global function definition for ‘clusterApplyLB’
EBupdate,EBMTP: no visible binding for global variable ‘y’
update,MTP: no visible binding for global variable ‘y’
Undefined global functions or variables:
clusterApply clusterApplyLB clusterEvalQ makeCluster stopCluster y
* checking Rd files ... NOTE
checkRd: (-1) mt.maxT.Rd:88: Escaped LaTeX specials: \#
checkRd: (-1) mt.maxT.Rd:91: Escaped LaTeX specials: \&
checkRd: (-1) mt.plot.Rd:37: Escaped LaTeX specials: \#
* checking Rd metadata ... OK
* checking Rd cross-references ... OK
* checking for missing documentation entries ... WARNING
Undocumented S4 methods:
generic '[' and siglist 'EBMTP,ANY,ANY,ANY'
generic '[' and siglist 'MTP,ANY,ANY,ANY'
All user-level objects in a package (including S4 classes and methods)
should have documentation entries.
See chapter ‘Writing R documentation files’ in the ‘Writing R
Extensions’ manual.
* checking for code/documentation mismatches ... OK
* checking Rd \usage sections ... NOTE
Documented arguments not in \usage in Rd file 'boot.null.Rd':
‘csnull’
Documented arguments not in \usage in Rd file 'meanX.Rd':
‘surv.object’
Objects in \usage without \alias in Rd file 'meanX.Rd':
‘corr.Tn’
Assignments in \usage in Rd file 'mt.internal.Rd':
mt.niceres <- function(res, X, index) mt.legend(x, y = NULL,
legend, fill = NULL, col = "black", lty, lwd, pch, angle = 45,
density = NULL, bty = "o", bg = par("bg"), pt.bg = NA, cex = 1,
pt.cex = cex, pt.lwd = lwd, xjust = 0, yjust = 1, x.intersp = 1,
y.intersp = 1, adj = c(0, 0.5), text.width = NULL, text.col = par("col"),
merge = do.lines && has.pch, trace = FALSE, plot = TRUE,
ncol = 1, horiz = FALSE, ...)
Functions with \usage entries need to have the appropriate \alias
entries, and all their arguments documented.
The \usage entries must correspond to syntactically valid R code.
See chapter ‘Writing R documentation files’ in the ‘Writing R
Extensions’ manual.
* checking Rd contents ... OK
* checking for unstated dependencies in examples ... OK
* checking contents of ‘data’ directory ... OK
* checking data for non-ASCII characters ... OK
* checking data for ASCII and uncompressed saves ... OK
* checking line endings in C/C++/Fortran sources/headers ... OK
* checking line endings in Makefiles ... OK
* checking compilation flags in Makevars ... OK
* checking for GNU extensions in Makefiles ... OK
* checking for portable use of $(BLAS_LIBS) and $(LAPACK_LIBS) ... OK
* checking use of PKG_*FLAGS in Makefiles ... OK
* checking compiled code ... WARNING
Note: information on .o files is not available
File ‘/Library/Frameworks/R.framework/Versions/4.5-x86_64/Resources/library/multtest/libs/multtest.so’:
Found ‘___stderrp’, possibly from ‘stderr’ (C)
Found ‘_sprintf’, possibly from ‘sprintf’ (C)
Compiled code should not call entry points which might terminate R nor
write to stdout/stderr instead of to the console, nor use Fortran I/O
nor system RNGs nor [v]sprintf. The detected symbols are linked into
the code but might come from libraries and not actually be called.
See ‘Writing portable packages’ in the ‘Writing R Extensions’ manual.
* checking files in ‘vignettes’ ... WARNING
Files in the 'vignettes' directory but no files in 'inst/doc':
‘MTP.pdf’ ‘MTP.tex’ ‘MTPALL.pdf’ ‘golub.R’ ‘multtest.bib’
‘multtest.pdf’
Package has no Sweave vignette sources and no VignetteBuilder field.
* checking examples ... OK
* checking package vignettes ... NOTE
Package has ‘vignettes’ subdirectory but apparently no vignettes.
Perhaps the ‘VignetteBuilder’ information is missing from the
DESCRIPTION file?
* checking PDF version of manual ... OK
* DONE
Status: 4 WARNINGs, 5 NOTEs
See
‘/Users/biocbuild/bbs-3.21-bioc/meat/multtest.Rcheck/00check.log’
for details.
multtest.Rcheck/00install.out
##############################################################################
##############################################################################
###
### Running command:
###
### /Library/Frameworks/R.framework/Resources/bin/R CMD INSTALL multtest
###
##############################################################################
##############################################################################
* installing to library ‘/Library/Frameworks/R.framework/Versions/4.5-x86_64/Resources/library’
* installing *source* package ‘multtest’ ...
** this is package ‘multtest’ version ‘2.64.0’
** using staged installation
** libs
using C compiler: ‘Apple clang version 14.0.0 (clang-1400.0.29.202)’
using SDK: ‘MacOSX11.3.sdk’
clang -arch x86_64 -I"/Library/Frameworks/R.framework/Resources/include" -DNDEBUG -I/opt/R/x86_64/include -DUSEDOUBLE -fPIC -falign-functions=64 -Wall -g -O2 -c Rpack.c -o Rpack.o
clang -arch x86_64 -I"/Library/Frameworks/R.framework/Resources/include" -DNDEBUG -I/opt/R/x86_64/include -DUSEDOUBLE -fPIC -falign-functions=64 -Wall -g -O2 -c VScount.c -o VScount.o
clang -arch x86_64 -I"/Library/Frameworks/R.framework/Resources/include" -DNDEBUG -I/opt/R/x86_64/include -DUSEDOUBLE -fPIC -falign-functions=64 -Wall -g -O2 -c block_sampling_fixed.c -o block_sampling_fixed.o
clang -arch x86_64 -I"/Library/Frameworks/R.framework/Resources/include" -DNDEBUG -I/opt/R/x86_64/include -DUSEDOUBLE -fPIC -falign-functions=64 -Wall -g -O2 -c bootloop.c -o bootloop.o
clang -arch x86_64 -I"/Library/Frameworks/R.framework/Resources/include" -DNDEBUG -I/opt/R/x86_64/include -DUSEDOUBLE -fPIC -falign-functions=64 -Wall -g -O2 -c mt.c -o mt.o
clang -arch x86_64 -I"/Library/Frameworks/R.framework/Resources/include" -DNDEBUG -I/opt/R/x86_64/include -DUSEDOUBLE -fPIC -falign-functions=64 -Wall -g -O2 -c pairt_sampling.c -o pairt_sampling.o
clang -arch x86_64 -I"/Library/Frameworks/R.framework/Resources/include" -DNDEBUG -I/opt/R/x86_64/include -DUSEDOUBLE -fPIC -falign-functions=64 -Wall -g -O2 -c pairt_sampling_fixed.c -o pairt_sampling_fixed.o
clang -arch x86_64 -I"/Library/Frameworks/R.framework/Resources/include" -DNDEBUG -I/opt/R/x86_64/include -DUSEDOUBLE -fPIC -falign-functions=64 -Wall -g -O2 -c random.c -o random.o
random.c:48:6: warning: absolute value function 'abs' given an argument of type 'long' but has parameter of type 'int' which may cause truncation of value [-Wabsolute-value]
z1=abs(seed); /*setting the seed to z1 and initialize it*/
^
random.c:48:6: note: use function 'labs' instead
z1=abs(seed); /*setting the seed to z1 and initialize it*/
^~~
labs
1 warning generated.
clang -arch x86_64 -I"/Library/Frameworks/R.framework/Resources/include" -DNDEBUG -I/opt/R/x86_64/include -DUSEDOUBLE -fPIC -falign-functions=64 -Wall -g -O2 -c sampling.c -o sampling.o
clang -arch x86_64 -I"/Library/Frameworks/R.framework/Resources/include" -DNDEBUG -I/opt/R/x86_64/include -DUSEDOUBLE -fPIC -falign-functions=64 -Wall -g -O2 -c sampling_fixed.c -o sampling_fixed.o
clang -arch x86_64 -I"/Library/Frameworks/R.framework/Resources/include" -DNDEBUG -I/opt/R/x86_64/include -DUSEDOUBLE -fPIC -falign-functions=64 -Wall -g -O2 -c stat_func.c -o stat_func.o
clang -arch x86_64 -I"/Library/Frameworks/R.framework/Resources/include" -DNDEBUG -I/opt/R/x86_64/include -DUSEDOUBLE -fPIC -falign-functions=64 -Wall -g -O2 -c stat_order.c -o stat_order.o
clang -arch x86_64 -dynamiclib -Wl,-headerpad_max_install_names -undefined dynamic_lookup -L/Library/Frameworks/R.framework/Resources/lib -L/opt/R/x86_64/lib -o multtest.so Rpack.o VScount.o block_sampling_fixed.o bootloop.o mt.o pairt_sampling.o pairt_sampling_fixed.o random.o sampling.o sampling_fixed.o stat_func.o stat_order.o -lm -F/Library/Frameworks/R.framework/.. -framework R
installing to /Library/Frameworks/R.framework/Versions/4.5-x86_64/Resources/library/00LOCK-multtest/00new/multtest/libs
** R
** data
** inst
** byte-compile and prepare package for lazy loading
** help
*** installing help indices
** building package indices
** installing vignettes
** testing if installed package can be loaded from temporary location
** checking absolute paths in shared objects and dynamic libraries
** testing if installed package can be loaded from final location
** testing if installed package keeps a record of temporary installation path
* DONE (multtest)
multtest.Rcheck/multtest-Ex.timings
| name | user | system | elapsed | |
| EBMTP-class | 0.000 | 0.001 | 0.000 | |
| EBMTP | 0.168 | 0.010 | 0.178 | |
| Hsets | 0.204 | 0.006 | 0.210 | |
| MTP-class | 0 | 0 | 0 | |
| MTP | 0.573 | 0.008 | 0.585 | |
| boot.null | 0.029 | 0.001 | 0.029 | |
| corr.null | 0.016 | 0.002 | 0.018 | |
| fwer2gfwer | 2.277 | 0.013 | 2.301 | |
| get.index | 0.275 | 0.011 | 0.287 | |
| meanX | 0.010 | 0.001 | 0.010 | |
| mt.maxT | 3.213 | 0.045 | 3.279 | |
| mt.plot | 0.244 | 0.009 | 0.256 | |
| mt.rawp2adjp | 0.220 | 0.004 | 0.226 | |
| mt.reject | 0.219 | 0.004 | 0.224 | |
| mt.sample.teststat | 0.101 | 0.009 | 0.111 | |
| mt.teststat | 0.158 | 0.017 | 0.175 | |
| ss.maxT | 0 | 0 | 0 | |
| wapply | 0.001 | 0.001 | 0.001 | |