##############################################################################
##############################################################################
###
### Running command:
###
### /home/biocbuild/bbs-3.21-bioc/R/bin/R CMD build --keep-empty-dirs --no-resave-data gINTomics
###
##############################################################################
##############################################################################
* checking for file ‘gINTomics/DESCRIPTION’ ... OK
* preparing ‘gINTomics’:
* checking DESCRIPTION meta-information ... OK
* installing the package to build vignettes
* creating vignettes ... ERROR
--- re-building ‘gINTomics.Rmd’ using rmarkdown
[2025-10-05 17:47:48] [TRACE] [OmnipathR] Reading JSON from `/home/biocbuild/.cache/OmnipathR/cache.json` (encoding: UTF-8).
[2025-10-05 17:47:48] [TRACE] [OmnipathR] JSON validation successful: TRUE
[2025-10-05 17:47:48] [INFO] [OmnipathR] Initialized cache: `/home/biocbuild/.cache/OmnipathR`.
[2025-10-05 17:47:48] [INFO] [OmnipathR] Package `OmnipathR` packaged: NA
[2025-10-05 17:47:48] [INFO] [OmnipathR] Package `OmnipathR` date/publication: 2025-10-05
[2025-10-05 17:47:48] [INFO] [OmnipathR] Package `OmnipathR` built: R 4.5.1; ; 2025-10-05 19:08:39 UTC; unix
[2025-10-05 17:47:48] [INFO] [OmnipathR] Package `OmnipathR` version: 3.16.2
[2025-10-05 17:47:48] [INFO] [OmnipathR] Package `OmnipathR` repository: Bioconductor 3.21
[2025-10-05 17:47:49] [INFO] [OmnipathR] Session info: [version=R version 4.5.1 (2025-06-13); os=Ubuntu 24.04.3 LTS; system=x86_64, linux-gnu; ui=X11; language=(EN); collate=C; ctype=en_US.UTF-8; tz=America/New_York; date=2025-10-05; pandoc=2.7.3 @ /usr/bin/ (via rmarkdown); quarto=1.5.57 @ /usr/local/bin/quarto]
[2025-10-05 17:47:49] [INFO] [OmnipathR] External libraries: [cairo=1.18.0; cairoFT=; pango=1.52.1; png=1.6.43; jpeg=8.0; tiff=LIBTIFF, Version 4.5.1; tcl=8.6.14; curl=8.5.0; zlib=1.3; bzlib=1.0.8, 13-Jul-2019; xz=5.4.5; deflate=1.19; PCRE=10.42 2022-12-11; ICU=74.2; TRE=TRE 0.8.0 R_fixes (BSD); iconv=glibc 2.39; readline=8.2; BLAS=/home/biocbuild/bbs-3.21-bioc/R/lib/libRblas.so; lapack=/usr/lib/x86_64-linux-gnu/lapack/liblapack.so.3.12.0; lapack_version=3.12.0]
[2025-10-05 17:47:49] [INFO] [OmnipathR] Loaded packages: abind 1.4-8(2024-09-12); AnnotationDbi 1.70.0(2025-10-05); backports 1.5.0(2024-05-23); Biobase 2.68.0(2025-10-05); BiocBaseUtils 1.10.0(2025-10-05); BiocGenerics 0.54.0(2025-10-05); BiocIO 1.18.0(2025-10-05); BiocManager 1.30.26(2025-06-05); BiocParallel 1.42.2(2025-10-05); BiocStyle 2.36.0(2025-10-05); Biostrings 2.76.0(2025-10-05); bit 4.6.0(2025-03-06); bit64 4.6.0-1(2025-01-16); bitops 1.0-9(2024-10-03); blob 1.2.4(2023-03-17); bookdown 0.45(2025-10-03); bslib 0.9.0(2025-01-30); cachem 1.1.0(2024-05-16); cellranger 1.1.0(2016-07-27); checkmate 2.3.3(2025-08-18); chromote 0.5.1(2025-04-24); circlize 0.4.16(2024-02-20); cli 3.6.5(2025-04-23); clisymbols 1.2.0(2017-05-21); clue 0.3-66(2024-11-13); cluster 2.1.8.1(2025-03-12); codetools 0.2-20(2024-03-31); colorspace 2.1-2(2025-09-22); ComplexHeatmap 2.24.1(2025-10-05); crayon 1.5.3(2024-06-20); curl 7.0.0(2025-08-19); DBI 1.2.3(2024-06-02); DelayedArray 0.34.1(2025-10-05); dichromat 2.0-0.1(2022-05-02); digest 0.6.37(2024-08-19); doParallel 1.0.17(2022-02-07); dplyr 1.1.4(2023-11-17); DT 0.34.0(2025-09-02); evaluate 1.0.5(2025-08-27); farver 2.1.2(2024-05-13); fastmap 1.2.0(2024-05-15); fontawesome 0.5.3(2024-11-16); foreach 1.5.2(2022-02-02); fs 1.6.6(2025-04-12); generics 0.1.4(2025-05-09); GenomeInfoDb 1.44.3(2025-10-05); GenomeInfoDbData 1.2.14(2025-06-19); GenomicAlignments 1.44.0(2025-10-05); GenomicFeatures 1.60.0(2025-10-05); GenomicRanges 1.60.0(2025-10-05); GetoptLong 1.0.5(2020-12-15); ggplot2 4.0.0(2025-09-11); gINTomics 1.4.0(2025-10-05); GlobalOptions 0.1.2(2020-06-10); glue 1.8.0(2024-09-30); gtable 0.3.6(2024-10-25); hms 1.1.3(2023-03-21); htmltools 0.5.8.1(2024-04-04); htmlwidgets 1.6.4(2023-12-06); httpuv 1.6.16(2025-04-16); httr 1.4.7(2023-08-15); httr2 1.2.1(2025-07-22); igraph 2.1.4(2025-01-23); InteractiveComplexHeatmap 1.16.0(2025-10-05); IRanges 2.42.0(2025-10-05); iterators 1.0.14(2022-02-05); jquerylib 0.1.4(2021-04-26); jsonlite 2.0.0(2025-03-27); kableExtra 1.4.0(2024-01-24); KEGGREST 1.48.1(2025-10-05); knitr 1.50(2025-03-16); later 1.4.4(2025-08-27); lattice 0.22-7(2025-04-02); lifecycle 1.0.4(2023-11-07); logger 0.4.1(2025-09-11); lubridate 1.9.4(2024-12-08); magrittr 2.0.4(2025-09-12); MASS 7.3-65(2025-02-28); Matrix 1.7-4(2025-08-28); MatrixGenerics 1.20.0(2025-10-05); matrixStats 1.5.0(2025-01-07); memoise 2.0.1(2021-11-26); MethylMix 2.38.0(2025-10-05); mime 0.13(2025-03-17); MultiAssayExperiment 1.34.0(2025-10-05); OmnipathR 3.16.2(2025-10-05); pillar 1.11.1(2025-09-17); pkgconfig 2.0.3(2019-09-22); png 0.1-8(2022-11-29); prettyunits 1.2.0(2023-09-24); processx 3.8.6(2025-02-21); progress 1.2.3(2023-12-06); promises 1.3.3(2025-05-29); ps 1.9.1(2025-04-12); purrr 1.1.0(2025-07-10); R.methodsS3 1.8.2(2022-06-13); R.oo 1.27.1(2025-05-02); R.utils 2.13.0(2025-02-24); R6 2.6.1(2025-02-15); rappdirs 0.3.3(2021-01-31); RColorBrewer 1.1-3(2022-04-03); Rcpp 1.1.0(2025-07-02); RCurl 1.98-1.17(2025-03-22); readr 2.1.5(2024-01-10); readxl 1.4.5(2025-03-07); restfulr 0.0.16(2025-06-27); rjson 0.2.23(2024-09-16); rlang 1.1.6(2025-04-11); rmarkdown 2.30(2025-09-28); Rsamtools 2.24.1(2025-10-05); RSQLite 2.4.3(2025-08-20); rstudioapi 0.17.1(2024-10-22); rtracklayer 1.68.0(2025-10-05); rvest 1.0.5(2025-08-29); S4Arrays 1.8.1(2025-10-05); S4Vectors 0.46.0(2025-10-05); S7 0.2.0(2024-11-07); sass 0.4.10(2025-04-11); scales 1.4.0(2025-04-24); sessioninfo 1.2.3(2025-02-05); shape 1.4.6.1(2024-02-23); shiny 1.11.1(2025-07-03); SparseArray 1.8.1(2025-10-05); stringi 1.8.7(2025-03-27); stringr 1.5.2(2025-09-08); SummarizedExperiment 1.38.1(2025-10-05); svglite 2.2.1(2025-05-12); systemfonts 1.3.1(2025-10-01); textshaping 1.0.3(2025-09-02); tibble 3.3.0(2025-06-08); tidyr 1.3.1(2024-01-24); tidyselect 1.2.1(2024-03-11); timechange 0.3.0(2024-01-18); tzdb 0.5.0(2025-03-15); UCSC.utils 1.4.0(2025-10-05); vctrs 0.6.5(2023-12-01); viridisLite 0.4.2(2023-05-02); websocket 1.4.4(2025-04-10); withr 3.0.2(2024-10-28); xfun 0.53(2025-08-19); XML 3.99-0.19(2025-08-22); xml2 1.4.0(2025-08-20); xtable 1.8-4(2019-04-21); XVector 0.48.0(2025-10-05); yaml 2.3.10(2024-07-26); zip 2.3.3(2025-05-13)
[2025-10-05 17:47:49] [INFO] [OmnipathR] CURL: version: 8.5.0; headers: 8.5.0; ssl_version: OpenSSL/3.0.13; libz_version: 1.3; libssh_version: libssh/0.10.6/openssl/zlib; libidn_version: 2.3.7; host: x86_64-pc-linux-gnu; protocols: dict, file, ftp, ftps, gopher, gophers, http, https, imap, imaps, ldap, ldaps, mqtt, pop3, pop3s, rtmp, rtmpe, rtmps, rtmpt, rtmpte, rtmpts, rtsp, scp, sftp, smb, smbs, smtp, smtps, telnet, tftp; ipv6: TRUE; http2: TRUE; idn: TRUE; url_parser: TRUE
[2025-10-05 17:47:49] [TRACE] [OmnipathR] Running on a build server, wiping cache.
[2025-10-05 17:47:49] [TRACE] [OmnipathR] Cache is at `/home/biocbuild/.cache/OmnipathR`.
[2025-10-05 17:47:49] [TRACE] [OmnipathR] Contains 1 files.
[2025-10-05 17:47:49] [TRACE] [OmnipathR] Cache is locked: FALSE.
[2025-10-05 17:47:49] [TRACE] [OmnipathR] Reading JSON from `/home/biocbuild/.cache/OmnipathR/cache.json` (encoding: UTF-8).
[2025-10-05 17:47:49] [TRACE] [OmnipathR] JSON validation successful: TRUE
[2025-10-05 17:47:49] [SUCCESS] [OmnipathR] Removing all cache contents from `/home/biocbuild/.cache/OmnipathR`.
[2025-10-05 17:47:49] [TRACE] [OmnipathR] Pandoc version: `2.7.3`.
[2025-10-05 17:47:49] [TRACE] [OmnipathR] Reading JSON from `/home/biocbuild/bbs-3.21-bioc/R/site-library/OmnipathR/db/db_def.json` (encoding: UTF-8).
[2025-10-05 17:47:49] [TRACE] [OmnipathR] JSON validation successful: TRUE
[2025-10-05 17:47:49] [TRACE] [OmnipathR] Reading JSON from `/home/biocbuild/bbs-3.21-bioc/R/site-library/OmnipathR/internal/magic_bytes.json` (encoding: UTF-8).
[2025-10-05 17:47:49] [TRACE] [OmnipathR] JSON validation successful: TRUE
[2025-10-05 17:47:49] [TRACE] [OmnipathR] Reading JSON from `/home/biocbuild/bbs-3.21-bioc/R/site-library/OmnipathR/internal/urls.json` (encoding: UTF-8).
[2025-10-05 17:47:49] [TRACE] [OmnipathR] JSON validation successful: TRUE
[2025-10-05 17:47:49] [TRACE] [OmnipathR] Reading JSON from `/home/biocbuild/bbs-3.21-bioc/R/site-library/OmnipathR/internal/id_types.json` (encoding: UTF-8).
[2025-10-05 17:47:49] [TRACE] [OmnipathR] JSON validation successful: TRUE
[2025-10-05 17:47:49] [TRACE] [OmnipathR] Cache locked: FALSE
[2025-10-05 17:48:14] [TRACE] [OmnipathR] Processing args for OmniPath query
[2025-10-05 17:48:14] [TRACE] [OmnipathR] Arguments for OmniPath query: [organisms=9606,query_type=interactions,datasets=tf_target]
[2025-10-05 17:48:14] [INFO] [OmnipathR] Loading database `Ensembl and OMA organism names`.
[2025-10-05 17:48:14] [TRACE] [OmnipathR] Reading JSON from `/home/biocbuild/.cache/OmnipathR/cache.json` (encoding: UTF-8).
[2025-10-05 17:48:14] [TRACE] [OmnipathR] JSON validation successful: TRUE
[2025-10-05 17:48:14] [INFO] [OmnipathR] Looking up in cache `https://www.ensembl.org/info/about/species.html`: key=7332486db7400730697234bad76ca0c8e4d00799, no version available.
[2025-10-05 17:48:14] [TRACE] [OmnipathR] Reading JSON from `/home/biocbuild/.cache/OmnipathR/cache.json` (encoding: UTF-8).
[2025-10-05 17:48:14] [TRACE] [OmnipathR] JSON validation successful: TRUE
[2025-10-05 17:48:14] [INFO] [OmnipathR] Created new version for cache record 7332486db7400730697234bad76ca0c8e4d00799: version 1.
[2025-10-05 17:48:14] [TRACE] [OmnipathR] Cache file path: /home/biocbuild/.cache/OmnipathR/7332486db7400730697234bad76ca0c8e4d00799-1.html
[2025-10-05 17:48:14] [INFO] [OmnipathR] Retrieving URL: `https://www.ensembl.org/info/about/species.html`
[2025-10-05 17:48:14] [TRACE] [OmnipathR] Downloading by `httr2` in `download_base`.
[2025-10-05 17:48:14] [TRACE] [OmnipathR] Attempt 1/3: `https://www.ensembl.org/info/about/species.html`
[2025-10-05 17:48:14] [TRACE] [OmnipathR] Preparing httr2 request to URL `https://www.ensembl.org/info/about/species.html`.
[2025-10-05 17:48:14] [TRACE] [OmnipathR] HTTP headers: [User-Agent=Mozilla/5.0 (X11; Linux x86_64; rv:120.0) Gecko/20100101 Firefox/120.0]
[2025-10-05 17:48:14] [TRACE] [OmnipathR] The following curl options are not available: tcp_keepcnt
[2025-10-05 17:48:14] [TRACE] [OmnipathR] Curl options: [connecttimeout=10,timeout=300,debugfunction=<function>,verbose=FALSE,tcp_keepalive=TRUE,tcp_keepintvl=10,tcp_keepidle=10,upkeep_interval_ms=30000,ssl_verifypeer=1,ssl_verifyhost=2]
[2025-10-05 17:48:14] [TRACE] [OmnipathR] HTTP headers: [User-Agent=Mozilla/5.0 (X11; Linux x86_64; rv:120.0) Gecko/20100101 Firefox/120.0]
[2025-10-05 17:48:14] [TRACE] [OmnipathR] Sending HTTP request.
[2025-10-05 17:49:44] [WARN] [OmnipathR] Failed to download `https://www.ensembl.org/info/about/species.html` (attempt 1/3); error: HTTP 504 Gateway Timeout.
[2025-10-05 17:49:49] [TRACE] [OmnipathR] Attempt 2/3: `https://www.ensembl.org/info/about/species.html`
[2025-10-05 17:49:49] [TRACE] [OmnipathR] Preparing httr2 request to URL `https://www.ensembl.org/info/about/species.html`.
[2025-10-05 17:49:49] [TRACE] [OmnipathR] HTTP headers: [User-Agent=Mozilla/5.0 (X11; Linux x86_64; rv:120.0) Gecko/20100101 Firefox/120.0]
[2025-10-05 17:49:49] [TRACE] [OmnipathR] The following curl options are not available: tcp_keepcnt
[2025-10-05 17:49:49] [TRACE] [OmnipathR] Curl options: [connecttimeout=10,timeout=300,debugfunction=<function>,verbose=FALSE,tcp_keepalive=TRUE,tcp_keepintvl=10,tcp_keepidle=10,upkeep_interval_ms=30000,ssl_verifypeer=1,ssl_verifyhost=2]
[2025-10-05 17:49:49] [TRACE] [OmnipathR] HTTP headers: [User-Agent=Mozilla/5.0 (X11; Linux x86_64; rv:120.0) Gecko/20100101 Firefox/120.0]
[2025-10-05 17:49:49] [TRACE] [OmnipathR] Sending HTTP request.
[2025-10-05 17:51:20] [WARN] [OmnipathR] Failed to download `https://www.ensembl.org/info/about/species.html` (attempt 2/3); error: HTTP 504 Gateway Timeout.
[2025-10-05 17:51:25] [TRACE] [OmnipathR] Attempt 3/3: `https://www.ensembl.org/info/about/species.html`
[2025-10-05 17:51:25] [TRACE] [OmnipathR] Preparing httr2 request to URL `https://www.ensembl.org/info/about/species.html`.
[2025-10-05 17:51:25] [TRACE] [OmnipathR] HTTP headers: [User-Agent=Mozilla/5.0 (X11; Linux x86_64; rv:120.0) Gecko/20100101 Firefox/120.0]
[2025-10-05 17:51:25] [TRACE] [OmnipathR] The following curl options are not available: tcp_keepcnt
[2025-10-05 17:51:25] [TRACE] [OmnipathR] Curl options: [connecttimeout=10,timeout=300,debugfunction=<function>,verbose=FALSE,tcp_keepalive=TRUE,tcp_keepintvl=10,tcp_keepidle=10,upkeep_interval_ms=30000,ssl_verifypeer=1,ssl_verifyhost=2]
[2025-10-05 17:51:25] [TRACE] [OmnipathR] HTTP headers: [User-Agent=Mozilla/5.0 (X11; Linux x86_64; rv:120.0) Gecko/20100101 Firefox/120.0]
[2025-10-05 17:51:25] [TRACE] [OmnipathR] Sending HTTP request.
[2025-10-05 17:52:56] [ERROR] [OmnipathR] Failed to download `https://www.ensembl.org/info/about/species.html` (attempt 3/3); error: HTTP 504 Gateway Timeout.
[2025-10-05 17:52:56] [INFO] [OmnipathR] Package `OmnipathR` packaged: NA
[2025-10-05 17:52:56] [INFO] [OmnipathR] Package `OmnipathR` date/publication: 2025-10-05
[2025-10-05 17:52:56] [INFO] [OmnipathR] Package `OmnipathR` built: R 4.5.1; ; 2025-10-05 19:08:39 UTC; unix
[2025-10-05 17:52:56] [INFO] [OmnipathR] Package `OmnipathR` version: 3.16.2
[2025-10-05 17:52:56] [INFO] [OmnipathR] Package `OmnipathR` repository: Bioconductor 3.21
[2025-10-05 17:52:56] [INFO] [OmnipathR] Session info: [version=R version 4.5.1 (2025-06-13); os=Ubuntu 24.04.3 LTS; system=x86_64, linux-gnu; ui=X11; language=(EN); collate=C; ctype=en_US.UTF-8; tz=America/New_York; date=2025-10-05; pandoc=2.7.3 @ /usr/bin/ (via rmarkdown); quarto=1.5.57 @ /usr/local/bin/quarto]
[2025-10-05 17:52:56] [INFO] [OmnipathR] External libraries: [cairo=1.18.0; cairoFT=; pango=1.52.1; png=1.6.43; jpeg=8.0; tiff=LIBTIFF, Version 4.5.1; tcl=8.6.14; curl=8.5.0; zlib=1.3; bzlib=1.0.8, 13-Jul-2019; xz=5.4.5; deflate=1.19; PCRE=10.42 2022-12-11; ICU=74.2; TRE=TRE 0.8.0 R_fixes (BSD); iconv=glibc 2.39; readline=8.2; BLAS=/home/biocbuild/bbs-3.21-bioc/R/lib/libRblas.so; lapack=/usr/lib/x86_64-linux-gnu/lapack/liblapack.so.3.12.0; lapack_version=3.12.0]
[2025-10-05 17:52:57] [INFO] [OmnipathR] Loaded packages: abind 1.4-8(2024-09-12); AnnotationDbi 1.70.0(2025-10-05); ape 5.8-1(2024-12-16); aplot 0.2.9(2025-09-12); backports 1.5.0(2024-05-23); Biobase 2.68.0(2025-10-05); BiocBaseUtils 1.10.0(2025-10-05); BiocFileCache 2.16.2(2025-10-05); BiocGenerics 0.54.0(2025-10-05); BiocIO 1.18.0(2025-10-05); BiocManager 1.30.26(2025-06-05); BiocParallel 1.42.2(2025-10-05); BiocStyle 2.36.0(2025-10-05); biomaRt 2.64.0(2025-10-05); Biostrings 2.76.0(2025-10-05); bit 4.6.0(2025-03-06); bit64 4.6.0-1(2025-01-16); bitops 1.0-9(2024-10-03); blob 1.2.4(2023-03-17); bookdown 0.45(2025-10-03); bslib 0.9.0(2025-01-30); cachem 1.1.0(2024-05-16); callr 3.7.6(2024-03-25); cellranger 1.1.0(2016-07-27); checkmate 2.3.3(2025-08-18); chromote 0.5.1(2025-04-24); circlize 0.4.16(2024-02-20); cli 3.6.5(2025-04-23); clisymbols 1.2.0(2017-05-21); clue 0.3-66(2024-11-13); cluster 2.1.8.1(2025-03-12); clusterProfiler 4.16.0(2025-10-05); codetools 0.2-20(2024-03-31); colorspace 2.1-2(2025-09-22); ComplexHeatmap 2.24.1(2025-10-05); cowplot 1.2.0(2025-07-07); crayon 1.5.3(2024-06-20); curl 7.0.0(2025-08-19); data.table 1.17.8(2025-07-10); DBI 1.2.3(2024-06-02); dbplyr 2.5.1(2025-09-10); DelayedArray 0.34.1(2025-10-05); dichromat 2.0-0.1(2022-05-02); digest 0.6.37(2024-08-19); doParallel 1.0.17(2022-02-07); DOSE 4.2.0(2025-10-05); dplyr 1.1.4(2023-11-17); DT 0.34.0(2025-09-02); edgeR 4.6.3(2025-10-05); enrichplot 1.28.4(2025-10-05); evaluate 1.0.5(2025-08-27); farver 2.1.2(2024-05-13); fastmap 1.2.0(2024-05-15); fastmatch 1.1-6(2024-12-23); fgsea 1.34.2(2025-10-05); filelock 1.0.3(2023-12-11); fontawesome 0.5.3(2024-11-16); foreach 1.5.2(2022-02-02); fs 1.6.6(2025-04-12); generics 0.1.4(2025-05-09); GenomeInfoDb 1.44.3(2025-10-05); GenomeInfoDbData 1.2.14(2025-06-19); GenomicAlignments 1.44.0(2025-10-05); GenomicFeatures 1.60.0(2025-10-05); GenomicRanges 1.60.0(2025-10-05); GetoptLong 1.0.5(2020-12-15); ggforce 0.5.0(2025-06-18); ggfun 0.2.0(2025-07-15); ggplot2 4.0.0(2025-09-11); ggplotify 0.1.3(2025-09-20); ggraph 2.2.2(2025-08-24); ggrepel 0.9.6(2024-09-07); ggridges 0.5.7(2025-08-27); ggtangle 0.0.7(2025-06-30); ggtree 3.16.3(2025-10-05); ggvenn 0.1.10(2023-03-31); gINTomics 1.4.0(2025-10-05); GlobalOptions 0.1.2(2020-06-10); glue 1.8.0(2024-09-30); GO.db 3.21.0(2025-06-19); GOSemSim 2.34.0(2025-10-05); graph 1.86.0(2025-10-05); graphite 1.54.0(2025-10-05); graphlayouts 1.2.2(2025-01-23); gridExtra 2.3(2017-09-09); gridGraphics 0.5-1(2020-12-13); gson 0.1.0(2023-03-07); gtable 0.3.6(2024-10-25); gtools 3.9.5(2023-11-20); hms 1.1.3(2023-03-21); htmltools 0.5.8.1(2024-04-04); htmlwidgets 1.6.4(2023-12-06); httpuv 1.6.16(2025-04-16); httr 1.4.7(2023-08-15); httr2 1.2.1(2025-07-22); igraph 2.1.4(2025-01-23); InteractiveComplexHeatmap 1.16.0(2025-10-05); IRanges 2.42.0(2025-10-05); iterators 1.0.14(2022-02-05); jquerylib 0.1.4(2021-04-26); jsonlite 2.0.0(2025-03-27); kableExtra 1.4.0(2024-01-24); KEGGREST 1.48.1(2025-10-05); knitr 1.50(2025-03-16); later 1.4.4(2025-08-27); lattice 0.22-7(2025-04-02); lazyeval 0.2.2(2019-03-15); lifecycle 1.0.4(2023-11-07); limma 3.64.3(2025-10-05); locfit 1.5-9.12(2025-03-05); logger 0.4.1(2025-09-11); lubridate 1.9.4(2024-12-08); magrittr 2.0.4(2025-09-12); MASS 7.3-65(2025-02-28); Matrix 1.7-4(2025-08-28); MatrixGenerics 1.20.0(2025-10-05); matrixStats 1.5.0(2025-01-07); memoise 2.0.1(2021-11-26); MethylMix 2.38.0(2025-10-05); mime 0.13(2025-03-17); MultiAssayExperiment 1.34.0(2025-10-05); nlme 3.1-168(2025-03-31); OmnipathR 3.16.2(2025-10-05); org.Hs.eg.db 3.21.0(2025-06-19); org.Mm.eg.db 3.21.0(2025-06-19); patchwork 1.3.2(2025-08-25); pillar 1.11.1(2025-09-17); pkgconfig 2.0.3(2019-09-22); plotly 4.11.0(2025-06-19); plyr 1.8.9(2023-10-02); png 0.1-8(2022-11-29); polyclip 1.10-7(2024-07-23); prettyunits 1.2.0(2023-09-24); processx 3.8.6(2025-02-21); progress 1.2.3(2023-12-06); promises 1.3.3(2025-05-29); ps 1.9.1(2025-04-12); purrr 1.1.0(2025-07-10); qvalue 2.40.0(2025-10-05); R.methodsS3 1.8.2(2022-06-13); R.oo 1.27.1(2025-05-02); R.utils 2.13.0(2025-02-24); R6 2.6.1(2025-02-15); randomForest 4.7-1.2(2024-09-22); rappdirs 0.3.3(2021-01-31); RColorBrewer 1.1-3(2022-04-03); Rcpp 1.1.0(2025-07-02); RCurl 1.98-1.17(2025-03-22); reactome.db 1.92.0(2025-06-19); ReactomePA 1.52.0(2025-10-05); readr 2.1.5(2024-01-10); readxl 1.4.5(2025-03-07); reshape2 1.4.4(2020-04-09); restfulr 0.0.16(2025-06-27); rjson 0.2.23(2024-09-16); rlang 1.1.6(2025-04-11); rmarkdown 2.30(2025-09-28); Rsamtools 2.24.1(2025-10-05); RSQLite 2.4.3(2025-08-20); rstudioapi 0.17.1(2024-10-22); rtracklayer 1.68.0(2025-10-05); rvest 1.0.5(2025-08-29); S4Arrays 1.8.1(2025-10-05); S4Vectors 0.46.0(2025-10-05); S7 0.2.0(2024-11-07); sass 0.4.10(2025-04-11); scales 1.4.0(2025-04-24); sessioninfo 1.2.3(2025-02-05); shape 1.4.6.1(2024-02-23); shiny 1.11.1(2025-07-03); shiny.gosling 1.4.0(2025-10-05); shinydashboard 0.7.3(2025-04-21); shinyjs 2.1.0(2021-12-23); SparseArray 1.8.1(2025-10-05); statmod 1.5.0(2023-01-06); stringi 1.8.7(2025-03-27); stringr 1.5.2(2025-09-08); SummarizedExperiment 1.38.1(2025-10-05); svglite 2.2.1(2025-05-12); systemfonts 1.3.1(2025-10-01); textshaping 1.0.3(2025-09-02); tibble 3.3.0(2025-06-08); tidygraph 1.3.1(2024-01-30); tidyr 1.3.1(2024-01-24); tidyselect 1.2.1(2024-03-11); tidytree 0.4.6(2023-12-12); timechange 0.3.0(2024-01-18); treeio 1.32.0(2025-10-05); tweenr 2.0.3(2024-02-26); TxDb.Hsapiens.UCSC.hg38.knownGene 3.21.0(2025-06-19); TxDb.Mmusculus.UCSC.mm10.knownGene 3.10.0(2025-06-19); tzdb 0.5.0(2025-03-15); UCSC.utils 1.4.0(2025-10-05); vctrs 0.6.5(2023-12-01); viridis 0.6.5(2024-01-29); viridisLite 0.4.2(2023-05-02); visNetwork 2.1.4(2025-09-04); websocket 1.4.4(2025-04-10); withr 3.0.2(2024-10-28); xfun 0.53(2025-08-19); XML 3.99-0.19(2025-08-22); xml2 1.4.0(2025-08-20); xtable 1.8-4(2019-04-21); XVector 0.48.0(2025-10-05); yaml 2.3.10(2024-07-26); yulab.utils 0.2.1(2025-08-19); zip 2.3.3(2025-05-13)
[2025-10-05 17:52:57] [INFO] [OmnipathR] CURL: version: 8.5.0; headers: 8.5.0; ssl_version: OpenSSL/3.0.13; libz_version: 1.3; libssh_version: libssh/0.10.6/openssl/zlib; libidn_version: 2.3.7; host: x86_64-pc-linux-gnu; protocols: dict, file, ftp, ftps, gopher, gophers, http, https, imap, imaps, ldap, ldaps, mqtt, pop3, pop3s, rtmp, rtmpe, rtmps, rtmpt, rtmpte, rtmpts, rtsp, scp, sftp, smb, smbs, smtp, smtps, telnet, tftp; ipv6: TRUE; http2: TRUE; idn: TRUE; url_parser: TRUE
Quitting from gINTomics.Rmd:138-142 [unnamed-chunk-9]
~~~~~~~~~~~~~~~~~~~~~~~~~~~~~~~~~~~~~~~~~~~~~~~~~~~~~~~~~~~~~~~~~~~~~~~~~~~~~~~~
NULL
~~~~~~~~~~~~~~~~~~~~~~~~~~~~~~~~~~~~~~~~~~~~~~~~~~~~~~~~~~~~~~~~~~~~~~~~~~~~~~~~
Error: processing vignette 'gINTomics.Rmd' failed with diagnostics:
ℹ In index: 1.
ℹ With name: hsa.
Caused by error in `map_int()`:
ℹ In index: 1.
Caused by error in `req_perform()`:
! HTTP 504 Gateway Timeout.
--- failed re-building ‘gINTomics.Rmd’
SUMMARY: processing the following file failed:
‘gINTomics.Rmd’
Error: Vignette re-building failed.
Execution halted