Back to Multiple platform build/check report for BioC 3.21:   simplified   long
ABCDE[F]GHIJKLMNOPQRSTUVWXYZ

This page was generated on 2025-02-11 11:40 -0500 (Tue, 11 Feb 2025).

HostnameOSArch (*)R versionInstalled pkgs
nebbiolo1Linux (Ubuntu 24.04.1 LTS)x86_64R Under development (unstable) (2025-01-20 r87609) -- "Unsuffered Consequences" 4719
palomino7Windows Server 2022 Datacenterx64R Under development (unstable) (2025-01-21 r87610 ucrt) -- "Unsuffered Consequences" 4480
lconwaymacOS 12.7.1 Montereyx86_64R Under development (unstable) (2025-01-22 r87618) -- "Unsuffered Consequences" 4491
kjohnson3macOS 13.7.1 Venturaarm64R Under development (unstable) (2025-01-20 r87609) -- "Unsuffered Consequences" 4444
Click on any hostname to see more info about the system (e.g. compilers)      (*) as reported by 'uname -p', except on Windows and Mac OS X

Package 749/2295HostnameOS / ArchINSTALLBUILDCHECKBUILD BIN
fmcsR 1.49.0  (landing page)
Thomas Girke
Snapshot Date: 2025-02-10 13:40 -0500 (Mon, 10 Feb 2025)
git_url: https://git.bioconductor.org/packages/fmcsR
git_branch: devel
git_last_commit: aacfd16
git_last_commit_date: 2024-10-29 09:42:23 -0500 (Tue, 29 Oct 2024)
nebbiolo1Linux (Ubuntu 24.04.1 LTS) / x86_64  OK    OK    OK  UNNEEDED, same version is already published
palomino7Windows Server 2022 Datacenter / x64  OK    OK    WARNINGS    OK  UNNEEDED, same version is already published
lconwaymacOS 12.7.1 Monterey / x86_64  OK    OK    OK    OK  UNNEEDED, same version is already published
kjohnson3macOS 13.7.1 Ventura / arm64  OK    OK    OK    OK  UNNEEDED, same version is already published


CHECK results for fmcsR on palomino7

To the developers/maintainers of the fmcsR package:
- Allow up to 24 hours (and sometimes 48 hours) for your latest push to git@git.bioconductor.org:packages/fmcsR.git to reflect on this report. See Troubleshooting Build Report for more information.
- Use the following Renviron settings to reproduce errors and warnings.
- If 'R CMD check' started to fail recently on the Linux builder(s) over a missing dependency, add the missing dependency to 'Suggests:' in your DESCRIPTION file. See Renviron.bioc for more information.

raw results


Summary

Package: fmcsR
Version: 1.49.0
Command: E:\biocbuild\bbs-3.21-bioc\R\bin\R.exe CMD check --no-multiarch --install=check:fmcsR.install-out.txt --library=E:\biocbuild\bbs-3.21-bioc\R\library --no-vignettes --timings fmcsR_1.49.0.tar.gz
StartedAt: 2025-02-11 01:25:12 -0500 (Tue, 11 Feb 2025)
EndedAt: 2025-02-11 01:27:47 -0500 (Tue, 11 Feb 2025)
EllapsedTime: 155.6 seconds
RetCode: 0
Status:   WARNINGS  
CheckDir: fmcsR.Rcheck
Warnings: 2

Command output

##############################################################################
##############################################################################
###
### Running command:
###
###   E:\biocbuild\bbs-3.21-bioc\R\bin\R.exe CMD check --no-multiarch --install=check:fmcsR.install-out.txt --library=E:\biocbuild\bbs-3.21-bioc\R\library --no-vignettes --timings fmcsR_1.49.0.tar.gz
###
##############################################################################
##############################################################################


* using log directory 'E:/biocbuild/bbs-3.21-bioc/meat/fmcsR.Rcheck'
* using R Under development (unstable) (2025-01-21 r87610 ucrt)
* using platform: x86_64-w64-mingw32
* R was compiled by
    gcc.exe (GCC) 13.3.0
    GNU Fortran (GCC) 13.3.0
* running under: Windows Server 2022 x64 (build 20348)
* using session charset: UTF-8
* using option '--no-vignettes'
* checking for file 'fmcsR/DESCRIPTION' ... OK
* checking extension type ... Package
* this is package 'fmcsR' version '1.49.0'
* checking package namespace information ... OK
* checking package dependencies ... OK
* checking if this is a source package ... OK
* checking if there is a namespace ... OK
* checking for hidden files and directories ... OK
* checking for portable file names ... OK
* checking whether package 'fmcsR' can be installed ... WARNING
Found the following significant warnings:
  MCSCompound.cpp:87:23: warning: 'void* memcpy(void*, const void*, size_t)' writing to an object of type 'struct FMCS::MCSCompound::Atom' with no trivial copy-assignment; use copy-assignment or copy-initialization instead [-Wclass-memaccess]
  MCSCompound.cpp:123:19: warning: 'void* memcpy(void*, const void*, size_t)' writing to an object of type 'struct FMCS::MCSCompound::Atom' with no trivial copy-assignment; use copy-assignment or copy-initialization instead [-Wclass-memaccess]
See 'E:/biocbuild/bbs-3.21-bioc/meat/fmcsR.Rcheck/00install.out' for details.
* used C++ compiler: 'G__~1.EXE (GCC) 13.3.0'
* checking installed package size ... OK
* checking package directory ... OK
* checking 'build' directory ... OK
* checking DESCRIPTION meta-information ... NOTE
Packages listed in more than one of Depends, Imports, Suggests, Enhances:
  'methods' 'ChemmineR'
A package should be listed in only one of these fields.
* checking top-level files ... OK
* checking for left-over files ... OK
* checking index information ... OK
* checking package subdirectories ... WARNING
Invalid citation information in 'inst/CITATION':
  Error in (function (bibtype, textVersion = NULL, header = NULL, footer = NULL,     key = NULL, ..., other = list(), mheader = NULL, mfooter = NULL) {    BibTeX_names <- names(BibLaTeX_entry_field_db)    args <- c(list(...), other)    if (!length(args))         return(structure(list(), class = "bibentry"))    if (any(vapply(names(args), .is_not_nonempty_text, FALSE)))         stop("all fields have to be named")    args <- c(list(bibtype = bibtype, textVersion = textVersion,         header = header, footer = footer, key = key), list(...))    args <- lapply(args, .listify)    other <- lapply(other, .listify)    max_length <- max(vapply(c(args, other), length, 0L))    args_length <- vapply(args, length, 0L)    if (!all(args_length_ok <- args_length %in% c(1L, max_length)))         warning(gettextf("Not all arguments are of the same length, %s: %s",             "the following need to be recycled", paste(names(args)[!args_length_ok],                 collapse = ", ")), domain = NA)    args <- lapply(args, function(x) rep(x, length.out = max_length))    other_length <- vapply(other, length, 0L)    if (!all(other_length_ok <- other_length %in% c(1L, max_length)))         warning(gettextf("Not all arguments are of the same length, %s: %s",             "the following need to be recycled", paste(names(other)[!other_length_ok],                 collapse = ", ")), domain = NA)    other <- lapply(other, function(x) rep(x, length.out = max_length))    bibentry1 <- function(bibtype, textVersion, header = NULL,         footer = NULL, key = NULL, ..., other = list()) {        bibtype <- as.character(bibtype)        stopifnot(length(bibtype) == 1L)        pos <- match(tolower(bibtype), tolower(BibTeX_names))        if (is.na(pos))             stop(gettextf("%s has to be one of %s", sQuote("bibtype"),                 paste(BibTeX_names, collapse = ", ")), domain = NA)        bibtype <- BibTeX_names[pos]        rval <- c(list(...), other)        rval <- rval[!vapply(rval, .is_not_nonempty_text, FALSE)]        fields <- tolower(names(rval))        names(rval) <- fields        attr(rval, "bibtype") <- bibtype        .BibEntryCheckBibEntry1(rval)        pos <- fields %in% .BibEntryNameList        if (any(pos)) {            for (i in which(pos)) if (!inherits(rval[[i]], "person"))                 rval[[i]] <- ArrangeAuthors(rval[[i]])        }        pos <- fields %in% c("dateobj") | pos        if (any(!pos)) {            for (i in which(!pos)) rval[[i]] <- as.character(rval[[i]])        }        attr(rval, "key") <- if (is.null(key))             NULL        else as.character(key)        if (is.null(rval[["dateobj"]])) {            tdate <- try(ProcessDates(rval), TRUE)            if (!inherits(tdate, "try-error"))                 attr(rval, "dateobj") <- tdate        }        else {            attr(rval, "dateobj") <- rval[["dateobj"]]            rval[["dateobj"]] <- NULL        }        if (!is.null(textVersion))             attr(rval, "textVersion") <- as.character(textVersion)        if (!.is_not_nonempty_text(header))             attr(rval, "header") <- paste(header, collapse = "\n")        if (!.is_not_nonempty_text(footer))             attr(rval, "footer") <- paste(footer, collapse = "\n")        return(rval)    }    rval <- lapply(seq_along(args$bibtype), function(i) do.call("bibentry1",         c(lapply(args, "[[", i), list(other = lapply(other, "[[",             i)))))    if (!.is_not_nonempty_text(mheader))         attr(rval, "mheader") <- paste(mheader, collapse = "\n")    if (!.is_not_nonempty_text(mfooter))         attr(rval, "mfooter") <- paste(mfooter, collapse = "\n")    class(rval) <- c("BibEntry", "bibentry")    rval})(year = "2025", key = "_2025"): argument "bibtype" is missing, with no default
* checking code files for non-ASCII characters ... OK
* checking R files for syntax errors ... OK
* checking whether the package can be loaded ... OK
* checking whether the package can be loaded with stated dependencies ... OK
* checking whether the package can be unloaded cleanly ... OK
* checking whether the namespace can be loaded with stated dependencies ... OK
* checking whether the namespace can be unloaded cleanly ... OK
* checking dependencies in R code ... NOTE
'library' or 'require' call to 'ChemmineR' which was already attached by Depends.
  Please remove these calls from your code.
Namespaces in Imports field not imported from:
  'BiocGenerics' 'RUnit' 'methods'
  All declared Imports should be used.
Package in Depends field not imported from: 'methods'
  These packages need to be imported from (in the NAMESPACE file)
  for when this namespace is loaded but not attached.
* checking S3 generic/method consistency ... OK
* checking replacement functions ... OK
* checking foreign function calls ... OK
* checking R code for possible problems ... NOTE
fmcs: no visible global function definition for 'as'
fmcs: no visible global function definition for 'new'
fmcsBatch: no visible global function definition for 'as'
fmcsBatch : score: no visible global function definition for 'as'
plotMCS: no visible global function definition for 'par'
coerce,list-MCS: no visible global function definition for 'new'
Undefined global functions or variables:
  as new par
Consider adding
  importFrom("graphics", "par")
  importFrom("methods", "as", "new")
to your NAMESPACE file (and ensure that your DESCRIPTION Imports field
contains 'methods').
* checking Rd files ... OK
* checking Rd metadata ... OK
* checking Rd cross-references ... OK
* checking for missing documentation entries ... OK
* checking for code/documentation mismatches ... OK
* checking Rd \usage sections ... OK
* checking Rd contents ... OK
* checking for unstated dependencies in examples ... OK
* checking contents of 'data' directory ... OK
* checking data for non-ASCII characters ... OK
* checking data for ASCII and uncompressed saves ... OK
* checking line endings in shell scripts ... OK
* checking line endings in C/C++/Fortran sources/headers ... OK
* checking line endings in Makefiles ... OK
* checking compilation flags in Makevars ... NOTE
Package has both 'src/Makevars.in' and 'src/Makevars'.
Installation with --no-configure' is unlikely to work.  If you intended
'src/Makevars' to be used on Windows, rename it to 'src/Makevars.win'
otherwise remove it.  If 'configure' created 'src/Makevars', you need a
'cleanup' script.
* checking for GNU extensions in Makefiles ... OK
* checking for portable use of $(BLAS_LIBS) and $(LAPACK_LIBS) ... OK
* checking use of PKG_*FLAGS in Makefiles ... OK
* checking compiled code ... NOTE
Note: information on .o files for x64 is not available
File 'E:/biocbuild/bbs-3.21-bioc/R/library/fmcsR/libs/x64/fmcsR.dll':
  Found '_exit', possibly from '_exit' (C)
  Found 'abort', possibly from 'abort' (C), 'runtime' (Fortran)
  Found 'exit', possibly from 'exit' (C), 'stop' (Fortran)

Compiled code should not call entry points which might terminate R nor
write to stdout/stderr instead of to the console, nor use Fortran I/O
nor system RNGs nor [v]sprintf. The detected symbols are linked into
the code but might come from libraries and not actually be called.

See 'Writing portable packages' in the 'Writing R Extensions' manual.
* checking files in 'vignettes' ... OK
* checking examples ... OK
Examples with CPU (user + system) or elapsed time > 5s
              user system elapsed
fmcsR-package 1.82   0.01    9.97
fmcsBatch     0.10   0.00    8.05
* checking for unstated dependencies in vignettes ... OK
* checking package vignettes ... OK
* checking running R code from vignettes ... SKIPPED
* checking re-building of vignette outputs ... SKIPPED
* checking PDF version of manual ... OK
* DONE

Status: 2 WARNINGs, 5 NOTEs
See
  'E:/biocbuild/bbs-3.21-bioc/meat/fmcsR.Rcheck/00check.log'
for details.


Installation output

fmcsR.Rcheck/00install.out

##############################################################################
##############################################################################
###
### Running command:
###
###   E:\biocbuild\bbs-3.21-bioc\R\bin\R.exe CMD INSTALL fmcsR
###
##############################################################################
##############################################################################


* installing to library 'E:/biocbuild/bbs-3.21-bioc/R/library'
* installing *source* package 'fmcsR' ...
** this is package 'fmcsR' version '1.49.0'
** using staged installation

   **********************************************
   WARNING: this package has a configure script
         It probably needs manual configuration
   **********************************************


** libs
using C++ compiler: 'G__~1.EXE (GCC) 13.3.0'
g++ -std=gnu++17  -I"E:/biocbuild/bbs-3.21-bioc/R/include" -DNDEBUG -DSTRICT_R_HEADERS -DR_NO_REMAP    -I"C:/rtools44/x86_64-w64-mingw32.static.posix/include"      -O2 -Wall  -mfpmath=sse -msse2 -mstackrealign   -DR_NO_REMAP -c MCS.cpp -o MCS.o
MCS.cpp: In member function 'void FMCS::MCS::calculate()':
MCS.cpp:108:35: warning: comparison of integer expressions of different signedness: 'int' and 'size_t' {aka 'long long unsigned int'} [-Wsign-compare]
  108 |                 for (int i = 0; i < atomCountOne; ++i) {
      |                                 ~~^~~~~~~~~~~~~~
MCS.cpp:116:35: warning: comparison of integer expressions of different signedness: 'int' and 'size_t' {aka 'long long unsigned int'} [-Wsign-compare]
  116 |                 for (int i = 0; i < atomCountTwo; ++i) {
      |                                 ~~^~~~~~~~~~~~~~
In file included from MCSCompound.h:15,
                 from MCS.h:12,
                 from MCS.cpp:3:
MCSList.h: In instantiation of 'bool FMCS::MCSList<T>::contains(const T&) const [with T = long long unsigned int]':
MCS.cpp:381:44:   required from here
MCSList.h:143:27: warning: comparison of integer expressions of different signedness: 'int' and 'const size_t' {aka 'const long long unsigned int'} [-Wsign-compare]
  143 |         for (int i = 0; i < length; ++i) {
      |                         ~~^~~~~~~~
g++ -std=gnu++17  -I"E:/biocbuild/bbs-3.21-bioc/R/include" -DNDEBUG -DSTRICT_R_HEADERS -DR_NO_REMAP    -I"C:/rtools44/x86_64-w64-mingw32.static.posix/include"      -O2 -Wall  -mfpmath=sse -msse2 -mstackrealign   -DR_NO_REMAP -c MCSCompound.cpp -o MCSCompound.o
In file included from MCSCompound.cpp:5:
MCSRingDetector.h: In constructor 'FMCS::MCSRingDetector::Ring::Ring(const FMCS::MCSRingDetector::Edge&, const FMCS::MCSCompound*)':
MCSRingDetector.h:86:35: warning: comparison of integer expressions of different signedness: 'int' and 'std::vector<int>::size_type' {aka 'long long unsigned int'} [-Wsign-compare]
   86 |                 for (int i = 0; i < this->vertexPath.size(); ++i) {
      |                                 ~~^~~~~~~~~~~~~~~~~~~~~~~~~
MCSRingDetector.h: In member function 'int FMCS::MCSRingDetector::Ring::rightVertex(size_t) const':
MCSRingDetector.h:142:33: warning: comparison of integer expressions of different signedness: 'int' and 'std::vector<int>::size_type' {aka 'long long unsigned int'} [-Wsign-compare]
  142 |                 if (vertexIndex < vertexPath.size()-1) {
      |                     ~~~~~~~~~~~~^~~~~~~~~~~~~~~~~~~~~
MCSCompound.cpp: In copy constructor 'FMCS::MCSCompound::MCSCompound(const FMCS::MCSCompound&)':
MCSCompound.cpp:87:23: warning: 'void* memcpy(void*, const void*, size_t)' writing to an object of type 'struct FMCS::MCSCompound::Atom' with no trivial copy-assignment; use copy-assignment or copy-initialization instead [-Wclass-memaccess]
   87 |                 memcpy(atoms, other.atoms, sizeof(Atom) * other.atomCount);
      |                 ~~~~~~^~~~~~~~~~~~~~~~~~~~~~~~~~~~~~~~~~~~~~~~~~~~~~~~~~~~
In file included from MCSCompound.cpp:4:
MCSCompound.h:26:16: note: 'struct FMCS::MCSCompound::Atom' declared here
   26 |         struct Atom {
      |                ^~~~
MCSCompound.cpp: In member function 'const FMCS::MCSCompound& FMCS::MCSCompound::operator=(const FMCS::MCSCompound&)':
MCSCompound.cpp:123:19: warning: 'void* memcpy(void*, const void*, size_t)' writing to an object of type 'struct FMCS::MCSCompound::Atom' with no trivial copy-assignment; use copy-assignment or copy-initialization instead [-Wclass-memaccess]
  123 |             memcpy(atoms, that.atoms, sizeof(Atom) * that.atomCount);
      |             ~~~~~~^~~~~~~~~~~~~~~~~~~~~~~~~~~~~~~~~~~~~~~~~~~~~~~~~~
MCSCompound.h:26:16: note: 'struct FMCS::MCSCompound::Atom' declared here
   26 |         struct Atom {
      |                ^~~~
MCSCompound.cpp: In member function 'void FMCS::MCSCompound::read(const std::string&)':
MCSCompound.cpp:157:27: warning: comparison of integer expressions of different signedness: 'int' and 'size_t' {aka 'long long unsigned int'} [-Wsign-compare]
  157 |         for (int i = 0; i < bondCount; ++i) {
      |                         ~~^~~~~~~~~~~
MCSCompound.cpp: In member function 'std::string FMCS::MCSCompound::subgraph(const size_t*, size_t, const std::string&) const':
MCSCompound.cpp:194:27: warning: comparison of integer expressions of different signedness: 'int' and 'size_t' {aka 'long long unsigned int'} [-Wsign-compare]
  194 |         for (int i = 0; i < indexLength; ++i) {
      |                         ~~^~~~~~~~~~~~~
MCSCompound.cpp: In member function 'const FMCS::MCSCompound::Bond* FMCS::MCSCompound::getBond(size_t, size_t) const':
MCSCompound.cpp:467:26: warning: comparison of integer expressions of different signedness: 'int' and 'const size_t' {aka 'const long long unsigned int'} [-Wsign-compare]
  467 |         for(int i = 0; i < bondCount; ++i) {
      |                        ~~^~~~~~~~~~~
g++ -std=gnu++17  -I"E:/biocbuild/bbs-3.21-bioc/R/include" -DNDEBUG -DSTRICT_R_HEADERS -DR_NO_REMAP    -I"C:/rtools44/x86_64-w64-mingw32.static.posix/include"      -O2 -Wall  -mfpmath=sse -msse2 -mstackrealign   -DR_NO_REMAP -c MCSMap.cpp -o MCSMap.o
In file included from MCSMap.h:8,
                 from MCSMap.cpp:3:
MCSList.h: In instantiation of 'bool FMCS::MCSList<T>::contains(const T&) const [with T = long long unsigned int]':
MCSMap.cpp:28:32:   required from here
MCSList.h:143:27: warning: comparison of integer expressions of different signedness: 'int' and 'const size_t' {aka 'const long long unsigned int'} [-Wsign-compare]
  143 |         for (int i = 0; i < length; ++i) {
      |                         ~~^~~~~~~~
g++ -std=gnu++17  -I"E:/biocbuild/bbs-3.21-bioc/R/include" -DNDEBUG -DSTRICT_R_HEADERS -DR_NO_REMAP    -I"C:/rtools44/x86_64-w64-mingw32.static.posix/include"      -O2 -Wall  -mfpmath=sse -msse2 -mstackrealign   -DR_NO_REMAP -c MCSRingDetector.cpp -o MCSRingDetector.o
In file included from MCSRingDetector.cpp:13:
MCSRingDetector.h: In constructor 'FMCS::MCSRingDetector::Ring::Ring(const FMCS::MCSRingDetector::Edge&, const FMCS::MCSCompound*)':
MCSRingDetector.h:86:35: warning: comparison of integer expressions of different signedness: 'int' and 'std::vector<int>::size_type' {aka 'long long unsigned int'} [-Wsign-compare]
   86 |                 for (int i = 0; i < this->vertexPath.size(); ++i) {
      |                                 ~~^~~~~~~~~~~~~~~~~~~~~~~~~
MCSRingDetector.h: In member function 'int FMCS::MCSRingDetector::Ring::rightVertex(size_t) const':
MCSRingDetector.h:142:33: warning: comparison of integer expressions of different signedness: 'int' and 'std::vector<int>::size_type' {aka 'long long unsigned int'} [-Wsign-compare]
  142 |                 if (vertexIndex < vertexPath.size()-1) {
      |                     ~~~~~~~~~~~~^~~~~~~~~~~~~~~~~~~~~
MCSRingDetector.cpp: In member function 'void FMCS::MCSRingDetector::sortVertexQueue()':
MCSRingDetector.cpp:93:27: warning: comparison of integer expressions of different signedness: 'int' and 'std::vector<int>::size_type' {aka 'long long unsigned int'} [-Wsign-compare]
   93 |         for (int i = 0; i < vertexQueue.size(); ++i) {
      |                         ~~^~~~~~~~~~~~~~~~~~~~
MCSRingDetector.cpp:94:31: warning: comparison of integer expressions of different signedness: 'int' and 'size_t' {aka 'long long unsigned int'} [-Wsign-compare]
   94 |             for (int j = 0; j < queueSize-1-i; ++j ) {
      |                             ~~^~~~~~~~~~~~~~~
MCSRingDetector.cpp: In member function 'void FMCS::MCSRingDetector::convert()':
MCSRingDetector.cpp:149:31: warning: comparison of integer expressions of different signedness: 'int' and 'size_t' {aka 'long long unsigned int'} [-Wsign-compare]
  149 |             for (int j = 0; j < degree; ++j) {
      |                             ~~^~~~~~~~
MCSRingDetector.cpp: In member function 'void FMCS::MCSRingDetector::detect()':
MCSRingDetector.cpp:175:13: warning: unused variable 'aromaticCount' [-Wunused-variable]
  175 |         int aromaticCount = 0;
      |             ^~~~~~~~~~~~~
MCSRingDetector.cpp: In member function 'bool FMCS::MCSRingDetector::Ring::isSp2Hybridized(size_t, int, bool&) const':
MCSRingDetector.cpp:194:19: warning: comparison of integer expressions of different signedness: 'int' and 'std::vector<int>::size_type' {aka 'long long unsigned int'} [-Wsign-compare]
  194 |         if (level > vertexPath.size()) {
      |             ~~~~~~^~~~~~~~~~~~~~~~~~~
g++ -std=gnu++17  -I"E:/biocbuild/bbs-3.21-bioc/R/include" -DNDEBUG -DSTRICT_R_HEADERS -DR_NO_REMAP    -I"C:/rtools44/x86_64-w64-mingw32.static.posix/include"      -O2 -Wall  -mfpmath=sse -msse2 -mstackrealign   -DR_NO_REMAP -c fmcs_R_wrap.cpp -o fmcs_R_wrap.o
fmcs_R_wrap.cpp: In function 'void fmcs_R_wrap(const char**, const char**, int*, int*, int*, int*, int*, int*, int*, const char**, const char**, const char**, const char**, const char**)':
fmcs_R_wrap.cpp:74:45: warning: 'matchType' may be used uninitialized [-Wmaybe-uninitialized]
   74 |             matchType, runningMode, *timeout);
      |                                             ^
fmcs_R_wrap.cpp:42:24: note: 'matchType' was declared here
   42 |         MCS::MatchType matchType;
      |                        ^~~~~~~~~
fmcs_R_wrap.cpp:74:45: warning: 'runningMode' may be used uninitialized [-Wmaybe-uninitialized]
   74 |             matchType, runningMode, *timeout);
      |                                             ^
fmcs_R_wrap.cpp:52:26: note: 'runningMode' was declared here
   52 |         MCS::RunningMode runningMode;
      |                          ^~~~~~~~~~~
g++ -std=gnu++17  -I"E:/biocbuild/bbs-3.21-bioc/R/include" -DNDEBUG -DSTRICT_R_HEADERS -DR_NO_REMAP    -I"C:/rtools44/x86_64-w64-mingw32.static.posix/include"      -O2 -Wall  -mfpmath=sse -msse2 -mstackrealign   -DR_NO_REMAP -c util.cpp -o util.o
util.cpp: In function 'std::string getUpper(const std::string&)':
util.cpp:11:23: warning: comparison of integer expressions of different signedness: 'int' and 'std::__cxx11::basic_string<char>::size_type' {aka 'long long unsigned int'} [-Wsign-compare]
   11 |     for (int i = 0; i < upper.length(); ++i) {
      |                     ~~^~~~~~~~~~~~~~~~
g++ -std=gnu++17 -shared -s -static-libgcc -o fmcsR.dll tmp.def MCS.o MCSCompound.o MCSMap.o MCSRingDetector.o fmcs_R_wrap.o util.o -LC:/rtools44/x86_64-w64-mingw32.static.posix/lib/x64 -LC:/rtools44/x86_64-w64-mingw32.static.posix/lib -LE:/biocbuild/bbs-3.21-bioc/R/bin/x64 -lR
installing to E:/biocbuild/bbs-3.21-bioc/R/library/00LOCK-fmcsR/00new/fmcsR/libs/x64
** R
** data
** inst
** byte-compile and prepare package for lazy loading
** help
*** installing help indices
** building package indices
** installing vignettes
** testing if installed package can be loaded from temporary location
** testing if installed package can be loaded from final location
** testing if installed package keeps a record of temporary installation path
* DONE (fmcsR)

Tests output


Example timings

fmcsR.Rcheck/fmcsR-Ex.timings

nameusersystemelapsed
MCS-class1.550.471.50
fmcs2.080.022.10
fmcsBatch0.100.008.05
fmcsR-package1.820.019.97
fmcstest0.020.000.01
mcs2sdfset0.530.020.55
plotMCS0.500.060.56