| Back to Multiple platform build/check report for BioC 3.21: simplified long |
|
This page was generated on 2025-10-16 11:39 -0400 (Thu, 16 Oct 2025).
| Hostname | OS | Arch (*) | R version | Installed pkgs |
|---|---|---|---|---|
| nebbiolo1 | Linux (Ubuntu 24.04.3 LTS) | x86_64 | 4.5.1 (2025-06-13) -- "Great Square Root" | 4833 |
| merida1 | macOS 12.7.6 Monterey | x86_64 | 4.5.1 RC (2025-06-05 r88288) -- "Great Square Root" | 4614 |
| kjohnson1 | macOS 13.7.5 Ventura | arm64 | 4.5.1 Patched (2025-06-14 r88325) -- "Great Square Root" | 4555 |
| kunpeng2 | Linux (openEuler 24.03 LTS) | aarch64 | R Under development (unstable) (2025-02-19 r87757) -- "Unsuffered Consequences" | 4586 |
| Click on any hostname to see more info about the system (e.g. compilers) (*) as reported by 'uname -p', except on Windows and Mac OS X | ||||
| Package 743/2341 | Hostname | OS / Arch | INSTALL | BUILD | CHECK | BUILD BIN | ||||||||
| flowCore 2.20.0 (landing page) Mike Jiang
| nebbiolo1 | Linux (Ubuntu 24.04.3 LTS) / x86_64 | OK | OK | WARNINGS | |||||||||
| merida1 | macOS 12.7.6 Monterey / x86_64 | OK | OK | WARNINGS | OK | |||||||||
| kjohnson1 | macOS 13.7.5 Ventura / arm64 | OK | OK | WARNINGS | OK | |||||||||
| kunpeng2 | Linux (openEuler 24.03 LTS) / aarch64 | OK | OK | WARNINGS | ||||||||||
|
To the developers/maintainers of the flowCore package: - Allow up to 24 hours (and sometimes 48 hours) for your latest push to git@git.bioconductor.org:packages/flowCore.git to reflect on this report. See Troubleshooting Build Report for more information. - Use the following Renviron settings to reproduce errors and warnings. - If 'R CMD check' started to fail recently on the Linux builder(s) over a missing dependency, add the missing dependency to 'Suggests:' in your DESCRIPTION file. See Renviron.bioc for more information. |
| Package: flowCore |
| Version: 2.20.0 |
| Command: /Library/Frameworks/R.framework/Resources/bin/R CMD check --install=check:flowCore.install-out.txt --library=/Library/Frameworks/R.framework/Resources/library --no-vignettes --timings flowCore_2.20.0.tar.gz |
| StartedAt: 2025-10-14 03:54:08 -0400 (Tue, 14 Oct 2025) |
| EndedAt: 2025-10-14 03:59:22 -0400 (Tue, 14 Oct 2025) |
| EllapsedTime: 314.1 seconds |
| RetCode: 0 |
| Status: WARNINGS |
| CheckDir: flowCore.Rcheck |
| Warnings: 3 |
##############################################################################
##############################################################################
###
### Running command:
###
### /Library/Frameworks/R.framework/Resources/bin/R CMD check --install=check:flowCore.install-out.txt --library=/Library/Frameworks/R.framework/Resources/library --no-vignettes --timings flowCore_2.20.0.tar.gz
###
##############################################################################
##############################################################################
* using log directory ‘/Users/biocbuild/bbs-3.21-bioc/meat/flowCore.Rcheck’
* using R version 4.5.1 RC (2025-06-05 r88288)
* using platform: x86_64-apple-darwin20
* R was compiled by
Apple clang version 14.0.0 (clang-1400.0.29.202)
GNU Fortran (GCC) 14.2.0
* running under: macOS Monterey 12.7.6
* using session charset: UTF-8
* using option ‘--no-vignettes’
* checking for file ‘flowCore/DESCRIPTION’ ... OK
* this is package ‘flowCore’ version ‘2.20.0’
* package encoding: UTF-8
* checking package namespace information ... OK
* checking package dependencies ... OK
* checking if this is a source package ... OK
* checking if there is a namespace ... OK
* checking for hidden files and directories ... OK
* checking for portable file names ... OK
* checking for sufficient/correct file permissions ... OK
* checking whether package ‘flowCore’ can be installed ... OK
* used C++ compiler: ‘Apple clang version 14.0.0 (clang-1400.0.29.202)’
* used SDK: ‘MacOSX11.3.sdk’
* checking C++ specification ... OK
* checking installed package size ... INFO
installed size is 9.1Mb
sub-directories of 1Mb or more:
R 1.2Mb
data 5.4Mb
extdata 1.1Mb
* checking package directory ... OK
* checking ‘build’ directory ... OK
* checking DESCRIPTION meta-information ... OK
* checking top-level files ... OK
* checking for left-over files ... OK
* checking index information ... OK
* checking package subdirectories ... OK
* checking code files for non-ASCII characters ... OK
* checking R files for syntax errors ... OK
* checking whether the package can be loaded ... OK
* checking whether the package can be loaded with stated dependencies ... OK
* checking whether the package can be unloaded cleanly ... OK
* checking whether the namespace can be loaded with stated dependencies ... OK
* checking whether the namespace can be unloaded cleanly ... OK
* checking dependencies in R code ... NOTE
Namespace in Imports field not imported from: ‘Rcpp’
All declared Imports should be used.
* checking S3 generic/method consistency ... OK
* checking replacement functions ... OK
* checking foreign function calls ... OK
* checking R code for possible problems ... NOTE
eval,compensatedParameter-missing : <anonymous>: no visible binding for
global variable ‘mat’
eval,compensatedParameter-missing : <anonymous>: no visible binding for
global variable ‘msv’
show,flowFrame: no visible global function definition for
‘capture.output’
Undefined global functions or variables:
capture.output mat msv
Consider adding
importFrom("utils", "capture.output")
to your NAMESPACE file.
* checking Rd files ... NOTE
checkRd: (-1) identifier-methods.Rd:36: Escaped LaTeX specials: \^
checkRd: (-1) quadraticTransform.Rd:26: Escaped LaTeX specials: \^
checkRd: (-1) read.FCS.Rd:26: Escaped LaTeX specials: \$
* checking Rd metadata ... OK
* checking Rd cross-references ... NOTE
Non-topic package-anchored link(s) in Rd file 'flowFrame-class.Rd':
‘[Biobase:class.AnnotatedDataFrame]{AnnotatedDataFrame}’
‘[Biobase:class.AnnotatedDataFrame]{AnnotatedDataFrames}’
Non-topic package-anchored link(s) in Rd file 'flowSet-class.Rd':
‘[Biobase:class.AnnotatedDataFrame]{AnnotatedDataFrame}’
Non-topic package-anchored link(s) in Rd file 'parameters-methods.Rd':
‘[Biobase:class.AnnotatedDataFrame]{AnnotatedDataFrame}’
Non-topic package-anchored link(s) in Rd file 'read.flowSet.Rd':
‘[Biobase:class.AnnotatedDataFrame]{AnnotatedDataFrame}’
See section 'Cross-references' in the 'Writing R Extensions' manual.
* checking for missing documentation entries ... WARNING
Undocumented code objects:
‘multiRangeGate’
Undocumented S4 classes:
‘multiRangeGate’
Undocumented S4 methods:
generic '%in%' and siglist 'flowFrame,multiRangeGate'
generic 'show' and siglist 'multiRangeGate'
All user-level objects in a package (including S4 classes and methods)
should have documentation entries.
See chapter ‘Writing R documentation files’ in the ‘Writing R
Extensions’ manual.
* checking for code/documentation mismatches ... OK
* checking Rd \usage sections ... OK
* checking Rd contents ... OK
* checking for unstated dependencies in examples ... OK
* checking contents of ‘data’ directory ... OK
* checking data for non-ASCII characters ... OK
* checking data for ASCII and uncompressed saves ... OK
* checking line endings in C/C++/Fortran sources/headers ... OK
* checking line endings in Makefiles ... OK
* checking compilation flags in Makevars ... WARNING
Non-portable flags in variable 'PKG_CPPFLAGS':
-w -Wfatal-errors
* checking for GNU extensions in Makefiles ... OK
* checking for portable use of $(BLAS_LIBS) and $(LAPACK_LIBS) ... OK
* checking use of PKG_*FLAGS in Makefiles ... OK
* checking compiled code ... WARNING
Note: information on .o files is not available
File ‘/Library/Frameworks/R.framework/Versions/4.5-x86_64/Resources/library/flowCore/libs/flowCore.so’:
Found ‘__ZNSt3__14cerrE’, possibly from ‘std::cerr’ (C++)
Found ‘_rand’, possibly from ‘rand’ (C)
Found ‘_sprintf’, possibly from ‘sprintf’ (C)
Found ‘_srand’, possibly from ‘srand’ (C)
Compiled code should not call entry points which might terminate R nor
write to stdout/stderr instead of to the console, nor use Fortran I/O
nor system RNGs nor [v]sprintf. The detected symbols are linked into
the code but might come from libraries and not actually be called.
See ‘Writing portable packages’ in the ‘Writing R Extensions’ manual.
* checking sizes of PDF files under ‘inst/doc’ ... OK
* checking installed files from ‘inst/doc’ ... OK
* checking files in ‘vignettes’ ... OK
* checking examples ... OK
Examples with CPU (user + system) or elapsed time > 5s
user system elapsed
filterResultList-class 9.607 0.402 10.969
flowFrame-class 7.673 0.305 8.494
flowSet-class 5.706 0.240 6.615
biexponentialTransform 5.678 0.117 6.560
* checking for unstated dependencies in ‘tests’ ... OK
* checking tests ...
Running ‘testthat.R’
OK
* checking for unstated dependencies in vignettes ... OK
* checking package vignettes ... OK
* checking running R code from vignettes ... SKIPPED
* checking re-building of vignette outputs ... SKIPPED
* checking PDF version of manual ... OK
* DONE
Status: 3 WARNINGs, 4 NOTEs
See
‘/Users/biocbuild/bbs-3.21-bioc/meat/flowCore.Rcheck/00check.log’
for details.
flowCore.Rcheck/00install.out
############################################################################## ############################################################################## ### ### Running command: ### ### /Library/Frameworks/R.framework/Resources/bin/R CMD INSTALL flowCore ### ############################################################################## ############################################################################## * installing to library ‘/Library/Frameworks/R.framework/Versions/4.5-x86_64/Resources/library’ * installing *source* package ‘flowCore’ ... ** this is package ‘flowCore’ version ‘2.20.0’ ** using staged installation ** libs using C++ compiler: ‘Apple clang version 14.0.0 (clang-1400.0.29.202)’ using C++17 using SDK: ‘MacOSX11.3.sdk’ clang++ -arch x86_64 -std=gnu++17 -I"/Library/Frameworks/R.framework/Resources/include" -DNDEBUG -DBOOST_NO_AUTO_PTR -w -Wfatal-errors -I'/Library/Frameworks/R.framework/Versions/4.5-x86_64/Resources/library/cpp11/include' -I'/Library/Frameworks/R.framework/Versions/4.5-x86_64/Resources/library/BH/include' -I'/Library/Frameworks/R.framework/Versions/4.5-x86_64/Resources/library/cytolib/include' -I'/Library/Frameworks/R.framework/Versions/4.5-x86_64/Resources/library/RProtoBufLib/include' -I/opt/R/x86_64/include -fPIC -falign-functions=64 -Wall -g -O2 -c FastLogicle.cpp -o FastLogicle.o clang++ -arch x86_64 -std=gnu++17 -I"/Library/Frameworks/R.framework/Resources/include" -DNDEBUG -DBOOST_NO_AUTO_PTR -w -Wfatal-errors -I'/Library/Frameworks/R.framework/Versions/4.5-x86_64/Resources/library/cpp11/include' -I'/Library/Frameworks/R.framework/Versions/4.5-x86_64/Resources/library/BH/include' -I'/Library/Frameworks/R.framework/Versions/4.5-x86_64/Resources/library/cytolib/include' -I'/Library/Frameworks/R.framework/Versions/4.5-x86_64/Resources/library/RProtoBufLib/include' -I/opt/R/x86_64/include -fPIC -falign-functions=64 -Wall -g -O2 -c Hyperlog.cpp -o Hyperlog.o clang++ -arch x86_64 -std=gnu++17 -I"/Library/Frameworks/R.framework/Resources/include" -DNDEBUG -DBOOST_NO_AUTO_PTR -w -Wfatal-errors -I'/Library/Frameworks/R.framework/Versions/4.5-x86_64/Resources/library/cpp11/include' -I'/Library/Frameworks/R.framework/Versions/4.5-x86_64/Resources/library/BH/include' -I'/Library/Frameworks/R.framework/Versions/4.5-x86_64/Resources/library/cytolib/include' -I'/Library/Frameworks/R.framework/Versions/4.5-x86_64/Resources/library/RProtoBufLib/include' -I/opt/R/x86_64/include -fPIC -falign-functions=64 -Wall -g -O2 -c Logicle.cpp -o Logicle.o clang++ -arch x86_64 -std=gnu++17 -I"/Library/Frameworks/R.framework/Resources/include" -DNDEBUG -DBOOST_NO_AUTO_PTR -w -Wfatal-errors -I'/Library/Frameworks/R.framework/Versions/4.5-x86_64/Resources/library/cpp11/include' -I'/Library/Frameworks/R.framework/Versions/4.5-x86_64/Resources/library/BH/include' -I'/Library/Frameworks/R.framework/Versions/4.5-x86_64/Resources/library/cytolib/include' -I'/Library/Frameworks/R.framework/Versions/4.5-x86_64/Resources/library/RProtoBufLib/include' -I/opt/R/x86_64/include -fPIC -falign-functions=64 -Wall -g -O2 -c biexponential.cpp -o biexponential.o clang++ -arch x86_64 -std=gnu++17 -I"/Library/Frameworks/R.framework/Resources/include" -DNDEBUG -DBOOST_NO_AUTO_PTR -w -Wfatal-errors -I'/Library/Frameworks/R.framework/Versions/4.5-x86_64/Resources/library/cpp11/include' -I'/Library/Frameworks/R.framework/Versions/4.5-x86_64/Resources/library/BH/include' -I'/Library/Frameworks/R.framework/Versions/4.5-x86_64/Resources/library/cytolib/include' -I'/Library/Frameworks/R.framework/Versions/4.5-x86_64/Resources/library/RProtoBufLib/include' -I/opt/R/x86_64/include -fPIC -falign-functions=64 -Wall -g -O2 -c convertRawBytes.cpp -o convertRawBytes.o clang++ -arch x86_64 -std=gnu++17 -I"/Library/Frameworks/R.framework/Resources/include" -DNDEBUG -DBOOST_NO_AUTO_PTR -w -Wfatal-errors -I'/Library/Frameworks/R.framework/Versions/4.5-x86_64/Resources/library/cpp11/include' -I'/Library/Frameworks/R.framework/Versions/4.5-x86_64/Resources/library/BH/include' -I'/Library/Frameworks/R.framework/Versions/4.5-x86_64/Resources/library/cytolib/include' -I'/Library/Frameworks/R.framework/Versions/4.5-x86_64/Resources/library/RProtoBufLib/include' -I/opt/R/x86_64/include -fPIC -falign-functions=64 -Wall -g -O2 -c cpp11.cpp -o cpp11.o clang++ -arch x86_64 -std=gnu++17 -I"/Library/Frameworks/R.framework/Resources/include" -DNDEBUG -DBOOST_NO_AUTO_PTR -w -Wfatal-errors -I'/Library/Frameworks/R.framework/Versions/4.5-x86_64/Resources/library/cpp11/include' -I'/Library/Frameworks/R.framework/Versions/4.5-x86_64/Resources/library/BH/include' -I'/Library/Frameworks/R.framework/Versions/4.5-x86_64/Resources/library/cytolib/include' -I'/Library/Frameworks/R.framework/Versions/4.5-x86_64/Resources/library/RProtoBufLib/include' -I/opt/R/x86_64/include -fPIC -falign-functions=64 -Wall -g -O2 -c fcsTextParse.cpp -o fcsTextParse.o clang++ -arch x86_64 -std=gnu++17 -I"/Library/Frameworks/R.framework/Resources/include" -DNDEBUG -DBOOST_NO_AUTO_PTR -w -Wfatal-errors -I'/Library/Frameworks/R.framework/Versions/4.5-x86_64/Resources/library/cpp11/include' -I'/Library/Frameworks/R.framework/Versions/4.5-x86_64/Resources/library/BH/include' -I'/Library/Frameworks/R.framework/Versions/4.5-x86_64/Resources/library/cytolib/include' -I'/Library/Frameworks/R.framework/Versions/4.5-x86_64/Resources/library/RProtoBufLib/include' -I/opt/R/x86_64/include -fPIC -falign-functions=64 -Wall -g -O2 -c hyperlogTransform.cpp -o hyperlogTransform.o clang++ -arch x86_64 -std=gnu++17 -I"/Library/Frameworks/R.framework/Resources/include" -DNDEBUG -DBOOST_NO_AUTO_PTR -w -Wfatal-errors -I'/Library/Frameworks/R.framework/Versions/4.5-x86_64/Resources/library/cpp11/include' -I'/Library/Frameworks/R.framework/Versions/4.5-x86_64/Resources/library/BH/include' -I'/Library/Frameworks/R.framework/Versions/4.5-x86_64/Resources/library/cytolib/include' -I'/Library/Frameworks/R.framework/Versions/4.5-x86_64/Resources/library/RProtoBufLib/include' -I/opt/R/x86_64/include -fPIC -falign-functions=64 -Wall -g -O2 -c inPolygon.cpp -o inPolygon.o clang++ -arch x86_64 -std=gnu++17 -I"/Library/Frameworks/R.framework/Resources/include" -DNDEBUG -DBOOST_NO_AUTO_PTR -w -Wfatal-errors -I'/Library/Frameworks/R.framework/Versions/4.5-x86_64/Resources/library/cpp11/include' -I'/Library/Frameworks/R.framework/Versions/4.5-x86_64/Resources/library/BH/include' -I'/Library/Frameworks/R.framework/Versions/4.5-x86_64/Resources/library/cytolib/include' -I'/Library/Frameworks/R.framework/Versions/4.5-x86_64/Resources/library/RProtoBufLib/include' -I/opt/R/x86_64/include -fPIC -falign-functions=64 -Wall -g -O2 -c inPolytope.cpp -o inPolytope.o clang++ -arch x86_64 -std=gnu++17 -I"/Library/Frameworks/R.framework/Resources/include" -DNDEBUG -DBOOST_NO_AUTO_PTR -w -Wfatal-errors -I'/Library/Frameworks/R.framework/Versions/4.5-x86_64/Resources/library/cpp11/include' -I'/Library/Frameworks/R.framework/Versions/4.5-x86_64/Resources/library/BH/include' -I'/Library/Frameworks/R.framework/Versions/4.5-x86_64/Resources/library/cytolib/include' -I'/Library/Frameworks/R.framework/Versions/4.5-x86_64/Resources/library/RProtoBufLib/include' -I/opt/R/x86_64/include -fPIC -falign-functions=64 -Wall -g -O2 -c logicleTransform.cpp -o logicleTransform.o clang++ -arch x86_64 -std=gnu++17 -I"/Library/Frameworks/R.framework/Resources/include" -DNDEBUG -DBOOST_NO_AUTO_PTR -w -Wfatal-errors -I'/Library/Frameworks/R.framework/Versions/4.5-x86_64/Resources/library/cpp11/include' -I'/Library/Frameworks/R.framework/Versions/4.5-x86_64/Resources/library/BH/include' -I'/Library/Frameworks/R.framework/Versions/4.5-x86_64/Resources/library/cytolib/include' -I'/Library/Frameworks/R.framework/Versions/4.5-x86_64/Resources/library/RProtoBufLib/include' -I/opt/R/x86_64/include -fPIC -falign-functions=64 -Wall -g -O2 -c poly_centroid.cpp -o poly_centroid.o clang++ -arch x86_64 -std=gnu++17 -I"/Library/Frameworks/R.framework/Resources/include" -DNDEBUG -DBOOST_NO_AUTO_PTR -w -Wfatal-errors -I'/Library/Frameworks/R.framework/Versions/4.5-x86_64/Resources/library/cpp11/include' -I'/Library/Frameworks/R.framework/Versions/4.5-x86_64/Resources/library/BH/include' -I'/Library/Frameworks/R.framework/Versions/4.5-x86_64/Resources/library/cytolib/include' -I'/Library/Frameworks/R.framework/Versions/4.5-x86_64/Resources/library/RProtoBufLib/include' -I/opt/R/x86_64/include -fPIC -falign-functions=64 -Wall -g -O2 -c sortBytes.cpp -o sortBytes.o clang++ -arch x86_64 -std=gnu++17 -I"/Library/Frameworks/R.framework/Resources/include" -DNDEBUG -DBOOST_NO_AUTO_PTR -w -Wfatal-errors -I'/Library/Frameworks/R.framework/Versions/4.5-x86_64/Resources/library/cpp11/include' -I'/Library/Frameworks/R.framework/Versions/4.5-x86_64/Resources/library/BH/include' -I'/Library/Frameworks/R.framework/Versions/4.5-x86_64/Resources/library/cytolib/include' -I'/Library/Frameworks/R.framework/Versions/4.5-x86_64/Resources/library/RProtoBufLib/include' -I/opt/R/x86_64/include -fPIC -falign-functions=64 -Wall -g -O2 -c uint2double.cpp -o uint2double.o clang++ -arch x86_64 -std=gnu++17 -I"/Library/Frameworks/R.framework/Resources/include" -DNDEBUG -DBOOST_NO_AUTO_PTR -w -Wfatal-errors -I'/Library/Frameworks/R.framework/Versions/4.5-x86_64/Resources/library/cpp11/include' -I'/Library/Frameworks/R.framework/Versions/4.5-x86_64/Resources/library/BH/include' -I'/Library/Frameworks/R.framework/Versions/4.5-x86_64/Resources/library/cytolib/include' -I'/Library/Frameworks/R.framework/Versions/4.5-x86_64/Resources/library/RProtoBufLib/include' -I/opt/R/x86_64/include -fPIC -falign-functions=64 -Wall -g -O2 -c zeroin.cpp -o zeroin.o clang++ -arch x86_64 -std=gnu++17 -dynamiclib -Wl,-headerpad_max_install_names -undefined dynamic_lookup -L/Library/Frameworks/R.framework/Resources/lib -L/opt/R/x86_64/lib -o flowCore.so FastLogicle.o Hyperlog.o Logicle.o biexponential.o convertRawBytes.o cpp11.o fcsTextParse.o hyperlogTransform.o inPolygon.o inPolytope.o logicleTransform.o poly_centroid.o sortBytes.o uint2double.o zeroin.o /Library/Frameworks/R.framework/Versions/4.5-x86_64/Resources/library/cytolib/lib/libcytolib.a -F/Library/Frameworks/R.framework/.. -framework R if [ `uname -s` = 'Darwin' ]; then install_name_tool -change /usr/local/clang4/lib/libc++.1.dylib /usr/lib/libc++.1.dylib flowCore.so; fi installing to /Library/Frameworks/R.framework/Versions/4.5-x86_64/Resources/library/00LOCK-flowCore/00new/flowCore/libs ** R ** data ** inst ** byte-compile and prepare package for lazy loading ** help *** installing help indices ** building package indices ** installing vignettes ** testing if installed package can be loaded from temporary location ** checking absolute paths in shared objects and dynamic libraries ** testing if installed package can be loaded from final location ** testing if installed package keeps a record of temporary installation path * DONE (flowCore)
flowCore.Rcheck/tests/testthat.Rout
R version 4.5.1 RC (2025-06-05 r88288) -- "Great Square Root"
Copyright (C) 2025 The R Foundation for Statistical Computing
Platform: x86_64-apple-darwin20
R is free software and comes with ABSOLUTELY NO WARRANTY.
You are welcome to redistribute it under certain conditions.
Type 'license()' or 'licence()' for distribution details.
R is a collaborative project with many contributors.
Type 'contributors()' for more information and
'citation()' on how to cite R or R packages in publications.
Type 'demo()' for some demos, 'help()' for on-line help, or
'help.start()' for an HTML browser interface to help.
Type 'q()' to quit R.
> library(testthat)
> library(flowCore)
> library(flowStats)
Warning message:
replacing previous import 'flowViz::contour' by 'graphics::contour' when loading 'flowStats'
>
>
> test_check("flowCore")
Loading required package: BiocGenerics
Loading required package: generics
Attaching package: 'generics'
The following objects are masked from 'package:base':
as.difftime, as.factor, as.ordered, intersect, is.element, setdiff,
setequal, union
Attaching package: 'BiocGenerics'
The following object is masked from 'package:flowStats':
normalize
The following object is masked from 'package:flowCore':
normalize
The following objects are masked from 'package:stats':
IQR, mad, sd, var, xtabs
The following objects are masked from 'package:base':
Filter, Find, Map, Position, Reduce, anyDuplicated, aperm, append,
as.data.frame, basename, cbind, colnames, dirname, do.call,
duplicated, eval, evalq, get, grep, grepl, is.unsorted, lapply,
mapply, match, mget, order, paste, pmax, pmax.int, pmin, pmin.int,
rank, rbind, rownames, sapply, saveRDS, table, tapply, unique,
unsplit, which.max, which.min
Welcome to Bioconductor
Vignettes contain introductory material; view with
'browseVignettes()'. To cite Bioconductor, see
'citation("Biobase")', and for packages 'citation("pkgname")'.
[ FAIL 0 | WARN 2 | SKIP 3 | PASS 324 ]
══ Skipped tests (3) ═══════════════════════════════════════════════════════════
• dir.exists(dataPath) is not TRUE (1): 'test-IO-internal.R:4:1'
• file.exists(filename) is not TRUE (2): 'test-IO.R:32:3', 'test-IO.R:40:3'
[ FAIL 0 | WARN 2 | SKIP 3 | PASS 324 ]
>
> #devtools::test("~/rglab/workspace/flowCore")
>
> proc.time()
user system elapsed
41.626 2.319 47.352
flowCore.Rcheck/flowCore-Ex.timings
| name | user | system | elapsed | |
| EHtrans-class | 0.117 | 0.014 | 0.138 | |
| FCSTransTransform | 2.481 | 0.087 | 2.784 | |
| Subset-methods | 0.426 | 0.037 | 0.528 | |
| arcsinhTransform | 0.117 | 0.017 | 0.152 | |
| asinht-class | 0.046 | 0.006 | 0.062 | |
| asinhtGml2-class | 0.050 | 0.007 | 0.065 | |
| biexponentialTransform | 5.678 | 0.117 | 6.560 | |
| boundaryFilter-class | 0.153 | 0.004 | 0.189 | |
| characterOrNumeric-class | 0.001 | 0.001 | 0.002 | |
| characterOrParameters-class | 0.001 | 0.001 | 0.002 | |
| characterOrTransformation-class | 0.002 | 0.001 | 0.003 | |
| coerce | 0.089 | 0.007 | 0.108 | |
| collapse_desc | 2.448 | 0.080 | 2.813 | |
| compensatedParameter-class | 0.235 | 0.011 | 0.266 | |
| compensation-class | 0.519 | 0.045 | 0.599 | |
| decompensate | 0.089 | 0.013 | 0.117 | |
| dg1polynomial-class | 0.059 | 0.022 | 0.089 | |
| each_col | 0.045 | 0.003 | 0.049 | |
| ellipsoidGate-class | 0.120 | 0.004 | 0.139 | |
| exponential-class | 0.043 | 0.001 | 0.047 | |
| expressionFilter-class | 0.168 | 0.004 | 0.180 | |
| filter-methods | 2.567 | 0.058 | 2.859 | |
| filter-on-methods | 0.165 | 0.003 | 0.183 | |
| filterList-class | 0.009 | 0.001 | 0.010 | |
| filterResult-class | 0.001 | 0.001 | 0.003 | |
| filterResultList-class | 9.607 | 0.402 | 10.969 | |
| filterSummary-class | 0.533 | 0.023 | 0.627 | |
| filterSummaryList-class | 2.544 | 0.048 | 2.764 | |
| flowFrame-class | 7.673 | 0.305 | 8.494 | |
| flowSet-class | 5.706 | 0.240 | 6.615 | |
| fr_append_cols | 2.364 | 0.026 | 2.499 | |
| fsApply | 0.214 | 0.009 | 0.235 | |
| getIndexSort | 0.038 | 0.002 | 0.041 | |
| hyperlog-class | 2.324 | 0.031 | 2.452 | |
| hyperlogtGml2-class | 0.046 | 0.002 | 0.050 | |
| identifier-methods | 0.037 | 0.002 | 0.040 | |
| inverseLogicleTransform | 2.434 | 0.025 | 2.593 | |
| invsplitscale-class | 0.045 | 0.002 | 0.052 | |
| keyword-methods | 2.415 | 0.055 | 2.590 | |
| kmeansFilter-class | 0.248 | 0.007 | 0.266 | |
| linearTransform | 0.056 | 0.002 | 0.075 | |
| lintGml2-class | 0.047 | 0.003 | 0.051 | |
| lnTransform | 2.981 | 0.066 | 3.191 | |
| logTransform | 0.065 | 0.003 | 0.073 | |
| logarithm-class | 0.044 | 0.003 | 0.050 | |
| logicalFilterResult-class | 0.001 | 0.001 | 0.002 | |
| logicleTransform | 2.465 | 0.037 | 2.643 | |
| logicletGml2-class | 0.065 | 0.002 | 0.069 | |
| logtGml2-class | 0.046 | 0.003 | 0.050 | |
| manyFilterResult-class | 0.001 | 0.001 | 0.003 | |
| markernames | 2.381 | 0.035 | 2.538 | |
| multipleFilterResult-class | 0.002 | 0.002 | 0.003 | |
| parameters-methods | 0.043 | 0.003 | 0.046 | |
| polygonGate-class | 0.112 | 0.005 | 0.123 | |
| quadGate-class | 0.700 | 0.030 | 0.761 | |
| quadratic-class | 0.042 | 0.001 | 0.046 | |
| quadraticTransform | 0.053 | 0.001 | 0.055 | |
| ratio-class | 0.044 | 0.001 | 0.046 | |
| ratiotGml2-class | 0.040 | 0.002 | 0.042 | |
| read.FCS | 0.135 | 0.008 | 0.152 | |
| read.FCSheader | 0.010 | 0.008 | 0.019 | |
| read.flowSet | 0.167 | 0.003 | 0.176 | |
| rectangleGate-class | 0.169 | 0.005 | 0.185 | |
| rotate_gate | 0.001 | 0.000 | 0.000 | |
| sampleFilter-class | 0.091 | 0.004 | 0.102 | |
| scaleTransform | 0.053 | 0.002 | 0.056 | |
| scale_gate | 0.000 | 0.000 | 0.001 | |
| shift_gate | 0.000 | 0.001 | 0.000 | |
| singleParameterTransform-class | 0.002 | 0.002 | 0.004 | |
| sinht-class | 0.044 | 0.002 | 0.047 | |
| split-methods | 2.945 | 0.051 | 3.156 | |
| splitScaleTransform | 3.305 | 0.049 | 3.681 | |
| splitscale-class | 0.044 | 0.001 | 0.055 | |
| squareroot-class | 0.042 | 0.002 | 0.045 | |
| timeFilter-class | 3.988 | 0.071 | 4.754 | |
| transform-class | 0.002 | 0.001 | 0.003 | |
| transform | 3.121 | 0.028 | 3.422 | |
| transformFilter-class | 0.205 | 0.016 | 0.238 | |
| transformList-class | 2.363 | 0.024 | 2.591 | |
| transformMap-class | 0.001 | 0.001 | 0.001 | |
| transform_gate | 0.001 | 0.001 | 0.001 | |
| truncateTransform | 0.053 | 0.002 | 0.062 | |
| unitytransform-class | 0.037 | 0.001 | 0.042 | |
| write.FCS | 0.082 | 0.007 | 0.097 | |
| write.flowSet | 2.607 | 0.052 | 2.839 | |