| Back to Multiple platform build/check report for BioC 3.21: simplified long |
|
This page was generated on 2025-10-16 11:41 -0400 (Thu, 16 Oct 2025).
| Hostname | OS | Arch (*) | R version | Installed pkgs |
|---|---|---|---|---|
| nebbiolo1 | Linux (Ubuntu 24.04.3 LTS) | x86_64 | 4.5.1 (2025-06-13) -- "Great Square Root" | 4833 |
| merida1 | macOS 12.7.6 Monterey | x86_64 | 4.5.1 RC (2025-06-05 r88288) -- "Great Square Root" | 4614 |
| kjohnson1 | macOS 13.7.5 Ventura | arm64 | 4.5.1 Patched (2025-06-14 r88325) -- "Great Square Root" | 4555 |
| kunpeng2 | Linux (openEuler 24.03 LTS) | aarch64 | R Under development (unstable) (2025-02-19 r87757) -- "Unsuffered Consequences" | 4586 |
| Click on any hostname to see more info about the system (e.g. compilers) (*) as reported by 'uname -p', except on Windows and Mac OS X | ||||
| Package 734/2341 | Hostname | OS / Arch | INSTALL | BUILD | CHECK | BUILD BIN | ||||||||
| flagme 1.64.0 (landing page) Mark Robinson
| nebbiolo1 | Linux (Ubuntu 24.04.3 LTS) / x86_64 | OK | OK | WARNINGS | |||||||||
| merida1 | macOS 12.7.6 Monterey / x86_64 | OK | OK | WARNINGS | OK | |||||||||
| kjohnson1 | macOS 13.7.5 Ventura / arm64 | OK | OK | WARNINGS | OK | |||||||||
| kunpeng2 | Linux (openEuler 24.03 LTS) / aarch64 | OK | OK | WARNINGS | ||||||||||
|
To the developers/maintainers of the flagme package: - Allow up to 24 hours (and sometimes 48 hours) for your latest push to git@git.bioconductor.org:packages/flagme.git to reflect on this report. See Troubleshooting Build Report for more information. - Use the following Renviron settings to reproduce errors and warnings. - If 'R CMD check' started to fail recently on the Linux builder(s) over a missing dependency, add the missing dependency to 'Suggests:' in your DESCRIPTION file. See Renviron.bioc for more information. - See Martin Grigorov's blog post for how to debug Linux ARM64 related issues on a x86_64 host. |
| Package: flagme |
| Version: 1.64.0 |
| Command: /home/biocbuild/R/R/bin/R CMD check --install=check:flagme.install-out.txt --library=/home/biocbuild/R/R/site-library --no-vignettes --timings flagme_1.64.0.tar.gz |
| StartedAt: 2025-10-14 09:11:05 -0000 (Tue, 14 Oct 2025) |
| EndedAt: 2025-10-14 09:29:47 -0000 (Tue, 14 Oct 2025) |
| EllapsedTime: 1121.9 seconds |
| RetCode: 0 |
| Status: WARNINGS |
| CheckDir: flagme.Rcheck |
| Warnings: 2 |
##############################################################################
##############################################################################
###
### Running command:
###
### /home/biocbuild/R/R/bin/R CMD check --install=check:flagme.install-out.txt --library=/home/biocbuild/R/R/site-library --no-vignettes --timings flagme_1.64.0.tar.gz
###
##############################################################################
##############################################################################
* using log directory ‘/home/biocbuild/bbs-3.21-bioc/meat/flagme.Rcheck’
* using R Under development (unstable) (2025-02-19 r87757)
* using platform: aarch64-unknown-linux-gnu
* R was compiled by
aarch64-unknown-linux-gnu-gcc (GCC) 14.2.0
GNU Fortran (GCC) 14.2.0
* running under: openEuler 24.03 (LTS-SP1)
* using session charset: UTF-8
* using option ‘--no-vignettes’
* checking for file ‘flagme/DESCRIPTION’ ... OK
* this is package ‘flagme’ version ‘1.64.0’
* package encoding: UTF-8
* checking package namespace information ... OK
* checking package dependencies ... OK
* checking if this is a source package ... OK
* checking if there is a namespace ... OK
* checking for hidden files and directories ... OK
* checking for portable file names ... OK
* checking for sufficient/correct file permissions ... OK
* checking whether package ‘flagme’ can be installed ... OK
* used C compiler: ‘aarch64-unknown-linux-gnu-gcc (GCC) 14.2.0’
* checking installed package size ... OK
* checking package directory ... OK
* checking ‘build’ directory ... OK
* checking DESCRIPTION meta-information ... OK
* checking top-level files ... OK
* checking for left-over files ... OK
* checking index information ... OK
* checking package subdirectories ... OK
* checking code files for non-ASCII characters ... OK
* checking R files for syntax errors ... OK
* checking whether the package can be loaded ... OK
* checking whether the package can be loaded with stated dependencies ... OK
* checking whether the package can be unloaded cleanly ... OK
* checking whether the namespace can be loaded with stated dependencies ... OK
* checking whether the namespace can be unloaded cleanly ... OK
* checking loading without being on the library search path ... OK
* checking whether startup messages can be suppressed ... OK
* checking dependencies in R code ... NOTE
Unexported object imported by a ':::' call: ‘xcms:::rectUnique’
See the note in ?`:::` about the use of this operator.
* checking S3 generic/method consistency ... OK
* checking replacement functions ... OK
* checking foreign function calls ... OK
* checking R code for possible problems ... NOTE
addXCMSPeaks: no visible global function definition for ‘bpparam’
addXCMSPeaks: no visible global function definition for ‘sampnames’
addXCMSPeaks : <anonymous> : <anonymous>: no visible global function
definition for ‘setNames’
importSpec : <anonymous>: no visible global function definition for
‘setNames’
Undefined global functions or variables:
bpparam sampnames setNames
Consider adding
importFrom("stats", "setNames")
to your NAMESPACE file.
* checking Rd files ... OK
* checking Rd metadata ... OK
* checking Rd cross-references ... WARNING
Missing link(s) in Rd file 'addXCMSPeaks.Rd':
‘[xcms]{findPeaks-matchedFilter}’ ‘[xcms]{findPeaks-centWave}’
‘[xcms]{peaksDataset}’
Missing link(s) in Rd file 'plotAlignment-peaksAlignment-method.Rd':
‘plotAlignment’
Missing link(s) in Rd file 'plotClustAlignment-clusterAlignment-method.Rd':
‘plotAlignment’
See section 'Cross-references' in the 'Writing R Extensions' manual.
Found the following Rd file(s) with Rd \link{} targets missing package
anchors:
plotAlignment-peaksAlignment-method.Rd: plotAlignment
plotClustAlignment-clusterAlignment-method.Rd: plotAlignment
Please provide package anchors for all Rd \link{} targets not in the
package itself and the base packages.
* checking for missing documentation entries ... WARNING
Undocumented code objects:
‘plotAlignment’ ‘plotChrom’ ‘plotClustAlignment’
Undocumented S4 methods:
generic 'show' and siglist 'betweenAlignment'
All user-level objects in a package (including S4 classes and methods)
should have documentation entries.
See chapter ‘Writing R documentation files’ in the ‘Writing R
Extensions’ manual.
* checking for code/documentation mismatches ... OK
* checking Rd \usage sections ... OK
* checking Rd contents ... OK
* checking for unstated dependencies in examples ... OK
* checking line endings in C/C++/Fortran sources/headers ... OK
* checking compiled code ... NOTE
Note: information on .o files is not available
* checking files in ‘vignettes’ ... OK
* checking examples ... OK
Examples with CPU (user + system) or elapsed time > 5s
user system elapsed
plotAlignedFrags 116.072 19.555 75.644
dynRT 63.347 11.028 53.850
addXCMSPeaks 65.465 8.267 53.939
corPrt 60.261 12.989 52.349
progressiveAlignment-class 61.518 10.172 50.660
retFatMatrix 58.701 11.983 50.730
plotFrags 59.081 10.678 49.417
plotAlignment-peaksAlignment-method 59.224 9.876 48.624
peaksAlignment-class 59.290 8.969 48.907
ndpRT 57.629 9.605 47.721
imputePeaks 14.668 0.203 14.978
plotChrom-peaksDataset-method 12.385 0.108 12.523
rmaFitUnit 11.123 0.148 11.296
gatherInfo 10.668 0.195 10.912
clusterAlignment 10.549 0.284 10.859
dp 10.401 0.271 10.701
calcTimeDiffs 10.100 0.443 10.569
multipleAlignment-class 10.412 0.072 10.538
normDotProduct 8.236 0.569 8.895
plotClustAlignment-clusterAlignment-method 7.863 0.028 7.908
addAMDISPeaks 7.618 0.163 7.896
peaksDataset 7.548 0.019 7.587
plotImage 6.257 0.335 6.607
addChromaTOFPeaks 5.174 0.123 5.321
* checking for unstated dependencies in vignettes ... OK
* checking package vignettes ... OK
* checking running R code from vignettes ... SKIPPED
* checking re-building of vignette outputs ... SKIPPED
* checking PDF version of manual ... OK
* DONE
Status: 2 WARNINGs, 3 NOTEs
See
‘/home/biocbuild/bbs-3.21-bioc/meat/flagme.Rcheck/00check.log’
for details.
flagme.Rcheck/00install.out
##############################################################################
##############################################################################
###
### Running command:
###
### /home/biocbuild/R/R/bin/R CMD INSTALL flagme
###
##############################################################################
##############################################################################
* installing to library ‘/home/biocbuild/R/R-devel_2025-02-19/site-library’
* installing *source* package ‘flagme’ ...
** this is package ‘flagme’ version ‘1.64.0’
** using staged installation
** libs
using C compiler: ‘aarch64-unknown-linux-gnu-gcc (GCC) 14.2.0’
/opt/ohpc/pub/compiler/gcc/14.2.0/bin/aarch64-unknown-linux-gnu-gcc -std=gnu23 -I"/home/biocbuild/R/R/include" -DNDEBUG -I/usr/local/include -fPIC -g -O2 -Wall -Werror=format-security -c dp.c -o dp.o
dp.c: In function ‘dp’:
dp.c:264:35: warning: ‘tb’ may be used uninitialized [-Wmaybe-uninitialized]
264 | phi[(i+1)+(j+1)*(nr+1)] = tb;
| ~~~~~~~~~~~~~~~~~~~~~~~~^~~~
dp.c:217:30: note: ‘tb’ was declared here
217 | int i,j, nr=*nr_, nc=*nc_, tb, count=0, done=0;
| ^~
dp.c:263:33: warning: ‘cur_min’ may be used uninitialized [-Wmaybe-uninitialized]
263 | D[(i+1)+(j+1)*(nr+1)] = cur_min;
| ~~~~~~~~~~~~~~~~~~~~~~^~~~~~~~~
dp.c:218:21: note: ‘cur_min’ was declared here
218 | double gap=*gap_, cur_min, a, b, c;
| ^~~~~~~
/opt/ohpc/pub/compiler/gcc/14.2.0/bin/aarch64-unknown-linux-gnu-gcc -std=gnu23 -I"/home/biocbuild/R/R/include" -DNDEBUG -I/usr/local/include -fPIC -g -O2 -Wall -Werror=format-security -c init.c -o init.o
/opt/ohpc/pub/compiler/gcc/14.2.0/bin/aarch64-unknown-linux-gnu-gcc -std=gnu23 -I"/home/biocbuild/R/R/include" -DNDEBUG -I/usr/local/include -fPIC -g -O2 -Wall -Werror=format-security -c pearson.c -o pearson.o
/opt/ohpc/pub/compiler/gcc/14.2.0/bin/aarch64-unknown-linux-gnu-gcc -std=gnu23 -shared -L/home/biocbuild/R/R/lib -L/usr/local/lib -o flagme.so dp.o init.o pearson.o -L/home/biocbuild/R/R/lib -lR
installing to /home/biocbuild/R/R-devel_2025-02-19/site-library/00LOCK-flagme/00new/flagme/libs
** R
** inst
** byte-compile and prepare package for lazy loading
** help
*** installing help indices
** building package indices
** installing vignettes
** testing if installed package can be loaded from temporary location
** checking absolute paths in shared objects and dynamic libraries
** testing if installed package can be loaded from final location
** testing if installed package keeps a record of temporary installation path
* DONE (flagme)
flagme.Rcheck/flagme-Ex.timings
| name | user | system | elapsed | |
| addAMDISPeaks | 7.618 | 0.163 | 7.896 | |
| addChromaTOFPeaks | 5.174 | 0.123 | 5.321 | |
| addXCMSPeaks | 65.465 | 8.267 | 53.939 | |
| betweenAlignment | 0.000 | 0.000 | 0.001 | |
| calcTimeDiffs | 10.100 | 0.443 | 10.569 | |
| clusterAlignment | 10.549 | 0.284 | 10.859 | |
| corPrt | 60.261 | 12.989 | 52.349 | |
| dp | 10.401 | 0.271 | 10.701 | |
| dynRT | 63.347 | 11.028 | 53.850 | |
| gatherInfo | 10.668 | 0.195 | 10.912 | |
| imputePeaks | 14.668 | 0.203 | 14.978 | |
| multipleAlignment-class | 10.412 | 0.072 | 10.538 | |
| ndpRT | 57.629 | 9.605 | 47.721 | |
| normDotProduct | 8.236 | 0.569 | 8.895 | |
| parseChromaTOF | 2.792 | 0.088 | 2.890 | |
| parseELU | 2.724 | 0.123 | 2.855 | |
| peaksAlignment-class | 59.290 | 8.969 | 48.907 | |
| peaksDataset | 7.548 | 0.019 | 7.587 | |
| plotAlignedFrags | 116.072 | 19.555 | 75.644 | |
| plotAlignment-peaksAlignment-method | 59.224 | 9.876 | 48.624 | |
| plotChrom-peaksDataset-method | 12.385 | 0.108 | 12.523 | |
| plotClustAlignment-clusterAlignment-method | 7.863 | 0.028 | 7.908 | |
| plotFrags | 59.081 | 10.678 | 49.417 | |
| plotImage | 6.257 | 0.335 | 6.607 | |
| progressiveAlignment-class | 61.518 | 10.172 | 50.660 | |
| retFatMatrix | 58.701 | 11.983 | 50.730 | |
| rmaFitUnit | 11.123 | 0.148 | 11.296 | |