Back to Multiple platform build/check report for BioC 3.21:   simplified   long
AB[C]DEFGHIJKLMNOPQRSTUVWXYZ

This page was generated on 2025-02-13 11:42 -0500 (Thu, 13 Feb 2025).

HostnameOSArch (*)R versionInstalled pkgs
nebbiolo1Linux (Ubuntu 24.04.1 LTS)x86_64R Under development (unstable) (2025-01-20 r87609) -- "Unsuffered Consequences" 4719
palomino7Windows Server 2022 Datacenterx64R Under development (unstable) (2025-01-21 r87610 ucrt) -- "Unsuffered Consequences" 4481
lconwaymacOS 12.7.1 Montereyx86_64R Under development (unstable) (2025-01-22 r87618) -- "Unsuffered Consequences" 4492
kjohnson3macOS 13.7.1 Venturaarm64R Under development (unstable) (2025-01-20 r87609) -- "Unsuffered Consequences" 4445
Click on any hostname to see more info about the system (e.g. compilers)      (*) as reported by 'uname -p', except on Windows and Mac OS X

Package 478/2295HostnameOS / ArchINSTALLBUILDCHECKBUILD BIN
customCMPdb 1.17.0  (landing page)
Yuzhu Duan
Snapshot Date: 2025-02-12 13:40 -0500 (Wed, 12 Feb 2025)
git_url: https://git.bioconductor.org/packages/customCMPdb
git_branch: devel
git_last_commit: c0072d4
git_last_commit_date: 2024-10-29 10:51:28 -0500 (Tue, 29 Oct 2024)
nebbiolo1Linux (Ubuntu 24.04.1 LTS) / x86_64  OK    OK    OK  UNNEEDED, same version is already published
palomino7Windows Server 2022 Datacenter / x64  OK    OK    OK    OK  UNNEEDED, same version is already published
lconwaymacOS 12.7.1 Monterey / x86_64  OK    ERROR  skippedskipped
kjohnson3macOS 13.7.1 Ventura / arm64  OK    OK    OK    OK  UNNEEDED, same version is already published


BUILD results for customCMPdb on lconway

To the developers/maintainers of the customCMPdb package:
- Allow up to 24 hours (and sometimes 48 hours) for your latest push to git@git.bioconductor.org:packages/customCMPdb.git to reflect on this report. See Troubleshooting Build Report for more information.
- Use the following Renviron settings to reproduce errors and warnings.
- If 'R CMD check' started to fail recently on the Linux builder(s) over a missing dependency, add the missing dependency to 'Suggests:' in your DESCRIPTION file. See Renviron.bioc for more information.

raw results


Summary

Package: customCMPdb
Version: 1.17.0
Command: /Library/Frameworks/R.framework/Resources/bin/R CMD build --keep-empty-dirs --no-resave-data customCMPdb
StartedAt: 2025-02-12 16:23:46 -0500 (Wed, 12 Feb 2025)
EndedAt: 2025-02-12 16:24:14 -0500 (Wed, 12 Feb 2025)
EllapsedTime: 28.6 seconds
RetCode: 1
Status:   ERROR  
PackageFile: None
PackageFileSize: NA

Command output

##############################################################################
##############################################################################
###
### Running command:
###
###   /Library/Frameworks/R.framework/Resources/bin/R CMD build --keep-empty-dirs --no-resave-data customCMPdb
###
##############################################################################
##############################################################################


* checking for file ‘customCMPdb/DESCRIPTION’ ... OK
* preparing ‘customCMPdb’:
* checking DESCRIPTION meta-information ... OK
* installing the package to build vignettes
* creating vignettes ... ERROR
--- re-building ‘customCMPdb.Rmd’ using rmarkdown

		Information on package 'customCMPdb'

Description:

Package:                customCMPdb
Title:                  Customize and Query Compound Annotation
                        Database
Description:            This package serves as a query interface for
                        important community collections of small
                        molecules, while also allowing users to include
                        custom compound collections.
Version:                1.17.0
Authors@R:              c(person("Yuzhu", "Duan", role = c("aut",
                        "cre"), email = "yduan004@ucr.edu"),
                        person("Thomas", "Girke", role = "aut", email =
                        "thomas.girke@ucr.edu"))
Depends:                R (>= 4.0)
Imports:                AnnotationHub, RSQLite, XML, utils, ChemmineR,
                        methods, stats, rappdirs, BiocFileCache
Suggests:               knitr, rmarkdown, testthat, BiocStyle
License:                Artistic-2.0
biocViews:              Software, Cheminformatics,AnnotationHubSoftware
Encoding:               UTF-8
VignetteBuilder:        knitr
URL:                    https://github.com/yduan004/customCMPdb/
BugReports:             https://github.com/yduan004/customCMPdb/issues
RoxygenNote:            7.1.2
NeedsCompilation:       no
git_url:                https://git.bioconductor.org/packages/customCMPdb
git_branch:             devel
git_last_commit:        c0072d4
git_last_commit_date:   2024-10-29
Repository:             Bioconductor 3.21
Date/Publication:       2025-02-12
Author:                 Yuzhu Duan [aut, cre], Thomas Girke [aut]
Maintainer:             Yuzhu Duan <yduan004@ucr.edu>
Built:                  R 4.5.0; ; 2025-02-12 21:23:47 UTC; unix

Index:

addCustomAnnot          Add/Delete Custom Annotation
buildCMAPdb             Build CMAP Database
buildDrugAgeDB          Build DrugAge Annotation Database
customCMPdb-package     Customize and Query Compound Annotation
                        Database
dbxml2df                Convert drugbank database (xml file) into
                        dataframe.
df2SQLite               Store drugbank dataframe into an SQLite
                        database
loadAnnot               Load Compound Annotation Database
loadSDFwithName         Load Compound Structures from Four Resources
processDrugage          Process Source DrugAge Dataset
queryAnnotDB            Annotation Queries with Compound IDs


Quitting from lines 98-104 [sql] (customCMPdb.Rmd)
Error: processing vignette 'customCMPdb.Rmd' failed with diagnostics:
no such table: drugAgeAnnot
--- failed re-building ‘customCMPdb.Rmd’

SUMMARY: processing the following file failed:
  ‘customCMPdb.Rmd’

Error: Vignette re-building failed.
Execution halted