Back to Multiple platform build/check report for BioC 3.21:   simplified   long
[A]BCDEFGHIJKLMNOPQRSTUVWXYZ

This page was generated on 2025-02-18 11:40 -0500 (Tue, 18 Feb 2025).

HostnameOSArch (*)R versionInstalled pkgs
nebbiolo1Linux (Ubuntu 24.04.1 LTS)x86_64R Under development (unstable) (2025-01-20 r87609) -- "Unsuffered Consequences" 4720
palomino7Windows Server 2022 Datacenterx64R Under development (unstable) (2025-01-21 r87610 ucrt) -- "Unsuffered Consequences" 4482
lconwaymacOS 12.7.1 Montereyx86_64R Under development (unstable) (2025-01-22 r87618) -- "Unsuffered Consequences" 4493
kjohnson3macOS 13.7.1 Venturaarm64R Under development (unstable) (2025-01-20 r87609) -- "Unsuffered Consequences" 4446
Click on any hostname to see more info about the system (e.g. compilers)      (*) as reported by 'uname -p', except on Windows and Mac OS X

Package 67/2295HostnameOS / ArchINSTALLBUILDCHECKBUILD BIN
animalcules 1.23.0  (landing page)
Jessica McClintock
Snapshot Date: 2025-02-17 13:40 -0500 (Mon, 17 Feb 2025)
git_url: https://git.bioconductor.org/packages/animalcules
git_branch: devel
git_last_commit: 1f256fc
git_last_commit_date: 2024-10-29 10:37:18 -0500 (Tue, 29 Oct 2024)
nebbiolo1Linux (Ubuntu 24.04.1 LTS) / x86_64  OK    OK    OK  UNNEEDED, same version is already published
palomino7Windows Server 2022 Datacenter / x64  OK    OK    ERROR    OK  
lconwaymacOS 12.7.1 Monterey / x86_64  OK    OK    OK    OK  NO, package depends on 'DESeq2' which is only available as a source package that needs compilation
kjohnson3macOS 13.7.1 Ventura / arm64  OK    OK    OK    OK  NO, package depends on 'DESeq2' which is only available as a source package that needs compilation


CHECK results for animalcules on palomino7

To the developers/maintainers of the animalcules package:
- Allow up to 24 hours (and sometimes 48 hours) for your latest push to git@git.bioconductor.org:packages/animalcules.git to reflect on this report. See Troubleshooting Build Report for more information.
- Use the following Renviron settings to reproduce errors and warnings.
- If 'R CMD check' started to fail recently on the Linux builder(s) over a missing dependency, add the missing dependency to 'Suggests:' in your DESCRIPTION file. See Renviron.bioc for more information.

raw results


Summary

Package: animalcules
Version: 1.23.0
Command: E:\biocbuild\bbs-3.21-bioc\R\bin\R.exe CMD check --no-multiarch --install=check:animalcules.install-out.txt --library=E:\biocbuild\bbs-3.21-bioc\R\library --no-vignettes --timings animalcules_1.23.0.tar.gz
StartedAt: 2025-02-17 22:27:30 -0500 (Mon, 17 Feb 2025)
EndedAt: 2025-02-17 22:32:50 -0500 (Mon, 17 Feb 2025)
EllapsedTime: 319.4 seconds
RetCode: 1
Status:   ERROR  
CheckDir: animalcules.Rcheck
Warnings: NA

Command output

##############################################################################
##############################################################################
###
### Running command:
###
###   E:\biocbuild\bbs-3.21-bioc\R\bin\R.exe CMD check --no-multiarch --install=check:animalcules.install-out.txt --library=E:\biocbuild\bbs-3.21-bioc\R\library --no-vignettes --timings animalcules_1.23.0.tar.gz
###
##############################################################################
##############################################################################


* using log directory 'E:/biocbuild/bbs-3.21-bioc/meat/animalcules.Rcheck'
* using R Under development (unstable) (2025-01-21 r87610 ucrt)
* using platform: x86_64-w64-mingw32
* R was compiled by
    gcc.exe (GCC) 13.3.0
    GNU Fortran (GCC) 13.3.0
* running under: Windows Server 2022 x64 (build 20348)
* using session charset: UTF-8
* using option '--no-vignettes'
* checking for file 'animalcules/DESCRIPTION' ... OK
* this is package 'animalcules' version '1.23.0'
* package encoding: UTF-8
* checking package namespace information ... OK
* checking package dependencies ... OK
* checking if this is a source package ... OK
* checking if there is a namespace ... OK
* checking for hidden files and directories ... OK
* checking for portable file names ... OK
* checking whether package 'animalcules' can be installed ... OK
* checking installed package size ... OK
* checking package directory ... OK
* checking 'build' directory ... OK
* checking DESCRIPTION meta-information ... OK
* checking top-level files ... OK
* checking for left-over files ... OK
* checking index information ... OK
* checking package subdirectories ... OK
* checking code files for non-ASCII characters ... OK
* checking R files for syntax errors ... OK
* checking whether the package can be loaded ... OK
* checking whether the package can be loaded with stated dependencies ... OK
* checking whether the package can be unloaded cleanly ... OK
* checking whether the namespace can be loaded with stated dependencies ... OK
* checking whether the namespace can be unloaded cleanly ... OK
* checking dependencies in R code ... OK
* checking S3 generic/method consistency ... OK
* checking replacement functions ... OK
* checking foreign function calls ... OK
* checking R code for possible problems ... OK
* checking Rd files ... OK
* checking Rd metadata ... OK
* checking Rd cross-references ... OK
* checking for missing documentation entries ... OK
* checking for code/documentation mismatches ... OK
* checking Rd \usage sections ... OK
* checking Rd contents ... OK
* checking for unstated dependencies in examples ... OK
* checking files in 'vignettes' ... OK
* checking examples ... ERROR
Running examples in 'animalcules-Ex.R' failed
The error most likely occurred in:

> base::assign(".ptime", proc.time(), pos = "CheckExEnv")
> ### Name: find_taxonomy_300
> ### Title: Find the taxonomy for maximum 300 tids
> ### Aliases: find_taxonomy_300
> 
> ### ** Examples
> 
> taxonLevels <- find_taxonomy_300(tids = 1200)
Error: HTTP failure: 400
<?xml version="1.0" encoding="UTF-8" ?>
<!DOCTYPE eEfetchResult PUBLIC "-//NLM//DTD efetch 20131226//EN" "https://eutils.ncbi.nlm.nih.gov/eutils/dtd/20131226/efetch.dtd">
<eFetchResult>
	<ERROR> Error: External viewer error: Empty Response. Bytes read: 0 Status: Timeout</ERROR>
</eFetchResult>
Execution halted
Examples with CPU (user + system) or elapsed time > 5s
               user system elapsed
dimred_tsne    7.89   0.22    8.12
find_biomarker 4.72   0.24    5.26
* checking for unstated dependencies in 'tests' ... OK
* checking tests ...
  Running 'testthat.R'
 OK
* checking for unstated dependencies in vignettes ... OK
* checking package vignettes ... OK
* checking running R code from vignettes ... SKIPPED
* checking re-building of vignette outputs ... SKIPPED
* checking PDF version of manual ... OK
* DONE

Status: 1 ERROR
See
  'E:/biocbuild/bbs-3.21-bioc/meat/animalcules.Rcheck/00check.log'
for details.


Installation output

animalcules.Rcheck/00install.out

##############################################################################
##############################################################################
###
### Running command:
###
###   E:\biocbuild\bbs-3.21-bioc\R\bin\R.exe CMD INSTALL animalcules
###
##############################################################################
##############################################################################


* installing to library 'E:/biocbuild/bbs-3.21-bioc/R/library'
* installing *source* package 'animalcules' ...
** this is package 'animalcules' version '1.23.0'
** using staged installation
** R
** inst
** byte-compile and prepare package for lazy loading
** help
*** installing help indices
** building package indices
** installing vignettes
** testing if installed package can be loaded from temporary location
** testing if installed package can be loaded from final location
** testing if installed package keeps a record of temporary installation path
* DONE (animalcules)

Tests output

animalcules.Rcheck/tests/testthat.Rout


R Under development (unstable) (2025-01-21 r87610 ucrt) -- "Unsuffered Consequences"
Copyright (C) 2025 The R Foundation for Statistical Computing
Platform: x86_64-w64-mingw32/x64

R is free software and comes with ABSOLUTELY NO WARRANTY.
You are welcome to redistribute it under certain conditions.
Type 'license()' or 'licence()' for distribution details.

R is a collaborative project with many contributors.
Type 'contributors()' for more information and
'citation()' on how to cite R or R packages in publications.

Type 'demo()' for some demos, 'help()' for on-line help, or
'help.start()' for an HTML browser interface to help.
Type 'q()' to quit R.

> library(testthat)
> library(animalcules)
> 
> test_check("animalcules")
[ FAIL 0 | WARN 0 | SKIP 0 | PASS 38 ]
> 
> proc.time()
   user  system elapsed 
  29.98    1.51   32.09 

Example timings

animalcules.Rcheck/animalcules-Ex.timings

nameusersystemelapsed
alpha_div_boxplot0.710.102.83
alpha_div_test000
counts_to_logcpm000
counts_to_relabu000
df_char_to_factor000
differential_abundance4.340.084.43
dimred_pca0.210.060.26
dimred_pcoa0.320.020.35
dimred_tsne7.890.228.12
dimred_umap0.610.010.69
diversities000
diversities_help000
diversity_beta_boxplot0.300.030.33
diversity_beta_heatmap0.270.030.29
diversity_beta_test0.200.000.21
do_alpha_div_test0.110.000.11
filter_categorize0.330.110.45
filter_summary_bar_density0.220.030.27
filter_summary_pie_box0.250.050.30
find_biomarker4.720.245.26
find_taxon_mat0.180.000.92
find_taxonomy0.030.000.50