| Back to Multiple platform build/check report for BioC 3.21: simplified long |
|
This page was generated on 2025-10-16 11:39 -0400 (Thu, 16 Oct 2025).
| Hostname | OS | Arch (*) | R version | Installed pkgs |
|---|---|---|---|---|
| nebbiolo1 | Linux (Ubuntu 24.04.3 LTS) | x86_64 | 4.5.1 (2025-06-13) -- "Great Square Root" | 4833 |
| merida1 | macOS 12.7.6 Monterey | x86_64 | 4.5.1 RC (2025-06-05 r88288) -- "Great Square Root" | 4614 |
| kjohnson1 | macOS 13.7.5 Ventura | arm64 | 4.5.1 Patched (2025-06-14 r88325) -- "Great Square Root" | 4555 |
| kunpeng2 | Linux (openEuler 24.03 LTS) | aarch64 | R Under development (unstable) (2025-02-19 r87757) -- "Unsuffered Consequences" | 4586 |
| Click on any hostname to see more info about the system (e.g. compilers) (*) as reported by 'uname -p', except on Windows and Mac OS X | ||||
| Package 2284/2341 | Hostname | OS / Arch | INSTALL | BUILD | CHECK | BUILD BIN | ||||||||
| VariantExperiment 1.22.0 (landing page) Qian Liu
| nebbiolo1 | Linux (Ubuntu 24.04.3 LTS) / x86_64 | OK | OK | OK | |||||||||
| merida1 | macOS 12.7.6 Monterey / x86_64 | OK | ERROR | skipped | skipped | |||||||||
| kjohnson1 | macOS 13.7.5 Ventura / arm64 | OK | ERROR | skipped | skipped | |||||||||
| kunpeng2 | Linux (openEuler 24.03 LTS) / aarch64 | OK | OK | NA | ||||||||||
|
To the developers/maintainers of the VariantExperiment package: - Allow up to 24 hours (and sometimes 48 hours) for your latest push to git@git.bioconductor.org:packages/VariantExperiment.git to reflect on this report. See Troubleshooting Build Report for more information. - Use the following Renviron settings to reproduce errors and warnings. - If 'R CMD check' started to fail recently on the Linux builder(s) over a missing dependency, add the missing dependency to 'Suggests:' in your DESCRIPTION file. See Renviron.bioc for more information. |
| Package: VariantExperiment |
| Version: 1.22.0 |
| Command: /Library/Frameworks/R.framework/Resources/bin/R CMD build --keep-empty-dirs --no-resave-data VariantExperiment |
| StartedAt: 2025-10-13 23:28:17 -0400 (Mon, 13 Oct 2025) |
| EndedAt: 2025-10-13 23:29:36 -0400 (Mon, 13 Oct 2025) |
| EllapsedTime: 78.8 seconds |
| RetCode: 1 |
| Status: ERROR |
| PackageFile: None |
| PackageFileSize: NA |
##############################################################################
##############################################################################
###
### Running command:
###
### /Library/Frameworks/R.framework/Resources/bin/R CMD build --keep-empty-dirs --no-resave-data VariantExperiment
###
##############################################################################
##############################################################################
* checking for file ‘VariantExperiment/DESCRIPTION’ ... OK
* preparing ‘VariantExperiment’:
* checking DESCRIPTION meta-information ... OK
* installing the package to build vignettes
* creating vignettes ... ERROR
--- re-building ‘VariantExperiment-class.Rmd’ using rmarkdown
Quitting from VariantExperiment-class.Rmd:244-248 [makeVariantExperimentFromVCF]
~~~~~~~~~~~~~~~~~~~~~~~~~~~~~~~~~~~~~~~~~~~~~~~~~~~~~~~~~~~~~~~~~~~~~~~~~~~~~~~~
<error/rlang_error>
Error in `seqGetData()`:
! The GDS node "$ref" does not exist.
---
Backtrace:
▆
1. └─VariantExperiment::makeVariantExperimentFromVCF(vcf, out.dir = tempfile())
2. └─VariantExperiment::makeVariantExperimentFromGDS(...)
3. └─VariantExperiment::makeVariantExperimentFromSEQGDS(...)
4. └─VariantExperiment:::.rowRanges_seqgds(...)
5. └─VariantExperiment:::.granges_seqgds(seqgdsfile)
6. ├─SeqArray::granges(f)
7. └─SeqArray::granges(f)
8. └─SeqArray::seqGetData(x, "$ref")
~~~~~~~~~~~~~~~~~~~~~~~~~~~~~~~~~~~~~~~~~~~~~~~~~~~~~~~~~~~~~~~~~~~~~~~~~~~~~~~~
Error: processing vignette 'VariantExperiment-class.Rmd' failed with diagnostics:
The GDS node "$ref" does not exist.
--- failed re-building ‘VariantExperiment-class.Rmd’
SUMMARY: processing the following file failed:
‘VariantExperiment-class.Rmd’
Error: Vignette re-building failed.
Execution halted