| Back to Multiple platform build/check report for BioC 3.21: simplified long | 
  | 
This page was generated on 2025-10-16 11:39 -0400 (Thu, 16 Oct 2025).
| Hostname | OS | Arch (*) | R version | Installed pkgs | 
|---|---|---|---|---|
| nebbiolo1 | Linux (Ubuntu 24.04.3 LTS) | x86_64 | 4.5.1 (2025-06-13) -- "Great Square Root" | 4833 | 
| merida1 | macOS 12.7.6 Monterey | x86_64 | 4.5.1 RC (2025-06-05 r88288) -- "Great Square Root" | 4614 | 
| kjohnson1 | macOS 13.7.5 Ventura | arm64 | 4.5.1 Patched (2025-06-14 r88325) -- "Great Square Root" | 4555 | 
| kunpeng2 | Linux (openEuler 24.03 LTS) | aarch64 | R Under development (unstable) (2025-02-19 r87757) -- "Unsuffered Consequences" | 4586 | 
| Click on any hostname to see more info about the system (e.g. compilers) (*) as reported by 'uname -p', except on Windows and Mac OS X | ||||
| Package 2268/2341 | Hostname | OS / Arch | INSTALL | BUILD | CHECK | BUILD BIN | ||||||||
| Ularcirc 1.26.0  (landing page) David Humphreys 
  | nebbiolo1 | Linux (Ubuntu 24.04.3 LTS) / x86_64 | OK | OK | WARNINGS | |||||||||
| merida1 | macOS 12.7.6 Monterey / x86_64 | OK | OK | WARNINGS | OK | |||||||||
| kjohnson1 | macOS 13.7.5 Ventura / arm64 | OK | OK | WARNINGS | OK | |||||||||
| kunpeng2 | Linux (openEuler 24.03 LTS) / aarch64 | OK | OK | NA | ||||||||||
| 
To the developers/maintainers of the Ularcirc package: - Allow up to 24 hours (and sometimes 48 hours) for your latest push to git@git.bioconductor.org:packages/Ularcirc.git to reflect on this report. See Troubleshooting Build Report for more information. - Use the following Renviron settings to reproduce errors and warnings. - If 'R CMD check' started to fail recently on the Linux builder(s) over a missing dependency, add the missing dependency to 'Suggests:' in your DESCRIPTION file. See Renviron.bioc for more information.  | 
| Package: Ularcirc | 
| Version: 1.26.0 | 
| Command: /Library/Frameworks/R.framework/Resources/bin/R CMD check --install=check:Ularcirc.install-out.txt --library=/Library/Frameworks/R.framework/Resources/library --no-vignettes --timings Ularcirc_1.26.0.tar.gz | 
| StartedAt: 2025-10-14 12:03:49 -0400 (Tue, 14 Oct 2025) | 
| EndedAt: 2025-10-14 12:07:08 -0400 (Tue, 14 Oct 2025) | 
| EllapsedTime: 199.3 seconds | 
| RetCode: 0 | 
| Status: WARNINGS | 
| CheckDir: Ularcirc.Rcheck | 
| Warnings: 1 | 
##############################################################################
##############################################################################
###
### Running command:
###
###   /Library/Frameworks/R.framework/Resources/bin/R CMD check --install=check:Ularcirc.install-out.txt --library=/Library/Frameworks/R.framework/Resources/library --no-vignettes --timings Ularcirc_1.26.0.tar.gz
###
##############################################################################
##############################################################################
* using log directory ‘/Users/biocbuild/bbs-3.21-bioc/meat/Ularcirc.Rcheck’
* using R version 4.5.1 RC (2025-06-05 r88288)
* using platform: x86_64-apple-darwin20
* R was compiled by
    Apple clang version 14.0.0 (clang-1400.0.29.202)
    GNU Fortran (GCC) 14.2.0
* running under: macOS Monterey 12.7.6
* using session charset: UTF-8
* using option ‘--no-vignettes’
* checking for file ‘Ularcirc/DESCRIPTION’ ... OK
* checking extension type ... Package
* this is package ‘Ularcirc’ version ‘1.26.0’
* package encoding: UTF-8
* checking package namespace information ... OK
* checking package dependencies ... INFO
Imports includes 26 non-default packages.
Importing from so many packages makes the package vulnerable to any of
them becoming unavailable.  Move as many as possible to Suggests and
use conditionally.
* checking if this is a source package ... OK
* checking if there is a namespace ... OK
* checking for hidden files and directories ... OK
* checking for portable file names ... OK
* checking for sufficient/correct file permissions ... OK
* checking whether package ‘Ularcirc’ can be installed ... OK
* checking installed package size ... OK
* checking package directory ... OK
* checking ‘build’ directory ... OK
* checking DESCRIPTION meta-information ... OK
* checking top-level files ... OK
* checking for left-over files ... OK
* checking index information ... OK
* checking package subdirectories ... OK
* checking code files for non-ASCII characters ... OK
* checking R files for syntax errors ... OK
* checking whether the package can be loaded ... OK
* checking whether the package can be loaded with stated dependencies ... OK
* checking whether the package can be unloaded cleanly ... OK
* checking whether the namespace can be loaded with stated dependencies ... OK
* checking whether the namespace can be unloaded cleanly ... OK
* checking dependencies in R code ... NOTE
Namespaces in Imports field not imported from:
  ‘DT’ ‘GenomeInfoDb’ ‘GenomeInfoDbData’ ‘Organism.dplyr’ ‘ggplot2’
  ‘ggrepel’ ‘mirbase.db’ ‘moments’ ‘shinyFiles’ ‘shinydashboard’
  ‘shinyjs’ ‘yaml’
  All declared Imports should be used.
* checking S3 generic/method consistency ... OK
* checking replacement functions ... OK
* checking foreign function calls ... OK
* checking R code for possible problems ... NOTE
FilterChimericJuncs: no visible global function definition for
  ‘Filter_by_Data_Set’
FilterChimericJuncs: no visible binding for global variable
  ‘strandDonor’
FilterChimericJuncs: no visible binding for global variable
  ‘startDonor’
FilterChimericJuncs: no visible binding for global variable
  ‘startAcceptor’
Junction_Sequence_from_Genome: no visible global function definition
  for ‘extractGenomeSequence’
SelectUniqueJunctions : filtersteps: no visible global function
  definition for ‘.’
SelectUniqueJunctions : filtersteps: no visible binding for global
  variable ‘type’
SelectUniqueJunctions: no visible binding for global variable
  ‘BSjuncName’
SelectUniqueJunctions: no visible binding for global variable
  ‘JuncType’
SelectUniqueJunctions: no visible binding for global variable
  ‘strandDonor’
loadSTAR_chimeric: no visible binding for global variable
  ‘..returnColIdx’
Undefined global functions or variables:
  . ..returnColIdx BSjuncName Filter_by_Data_Set JuncType
  extractGenomeSequence startAcceptor startDonor strandDonor type
* checking Rd files ... OK
* checking Rd metadata ... OK
* checking Rd cross-references ... OK
* checking for missing documentation entries ... OK
* checking for code/documentation mismatches ... OK
* checking Rd \usage sections ... WARNING
Undocumented arguments in Rd file 'Junction_Sequence_from_Genome.Rd'
  ‘SelectUniqueJunct_Value’
Documented arguments not in \usage in Rd file 'Junction_Sequence_from_Genome.Rd':
  ‘SelectUniqueJunct_value’
Functions with \usage entries need to have the appropriate \alias
entries, and all their arguments documented.
The \usage entries must correspond to syntactically valid R code.
See chapter ‘Writing R documentation files’ in the ‘Writing R
Extensions’ manual.
* checking Rd contents ... OK
* checking for unstated dependencies in examples ... OK
* checking files in ‘vignettes’ ... OK
* checking examples ... OK
Examples with CPU (user + system) or elapsed time > 5s
                            user system elapsed
Compatible_Annotation_DBs 18.827  0.899  20.238
bsj_to_circRNA_sequence    5.408  0.353   6.278
plot_AllJunctions          4.325  0.641   5.540
* checking for unstated dependencies in vignettes ... OK
* checking package vignettes ... OK
* checking running R code from vignettes ... SKIPPED
* checking re-building of vignette outputs ... SKIPPED
* checking PDF version of manual ... OK
* DONE
Status: 1 WARNING, 2 NOTEs
See
  ‘/Users/biocbuild/bbs-3.21-bioc/meat/Ularcirc.Rcheck/00check.log’
for details.
Ularcirc.Rcheck/00install.out
############################################################################## ############################################################################## ### ### Running command: ### ### /Library/Frameworks/R.framework/Resources/bin/R CMD INSTALL Ularcirc ### ############################################################################## ############################################################################## * installing to library ‘/Library/Frameworks/R.framework/Versions/4.5-x86_64/Resources/library’ * installing *source* package ‘Ularcirc’ ... ** this is package ‘Ularcirc’ version ‘1.26.0’ ** using staged installation ** R ** inst ** byte-compile and prepare package for lazy loading ** help *** installing help indices ** building package indices ** installing vignettes ** testing if installed package can be loaded from temporary location ** testing if installed package can be loaded from final location ** testing if installed package keeps a record of temporary installation path * DONE (Ularcirc)
Ularcirc.Rcheck/Ularcirc-Ex.timings
| name | user | system | elapsed | |
| BSJ_details | 0.002 | 0.002 | 0.005 | |
| Compatible_Annotation_DBs | 18.827 | 0.899 | 20.238 | |
| FilterChimericJuncs | 0.288 | 0.026 | 0.320 | |
| Ularcirc | 0.000 | 0.000 | 0.001 | |
| bsj_fastq_generate | 0.101 | 0.004 | 0.117 | |
| bsj_to_circRNA_sequence | 5.408 | 0.353 | 6.278 | |
| chimericStats | 1.128 | 0.018 | 1.188 | |
| plot_AllJunctions | 4.325 | 0.641 | 5.540 | |