| Back to Multiple platform build/check report for BioC 3.21: simplified long |
|
This page was generated on 2025-04-22 13:19 -0400 (Tue, 22 Apr 2025).
| Hostname | OS | Arch (*) | R version | Installed pkgs |
|---|---|---|---|---|
| nebbiolo1 | Linux (Ubuntu 24.04.1 LTS) | x86_64 | 4.5.0 RC (2025-04-04 r88126) -- "How About a Twenty-Six" | 4831 |
| palomino7 | Windows Server 2022 Datacenter | x64 | 4.5.0 RC (2025-04-04 r88126 ucrt) -- "How About a Twenty-Six" | 4573 |
| lconway | macOS 12.7.1 Monterey | x86_64 | 4.5.0 RC (2025-04-04 r88126) -- "How About a Twenty-Six" | 4599 |
| kjohnson3 | macOS 13.7.1 Ventura | arm64 | 4.5.0 RC (2025-04-04 r88126) -- "How About a Twenty-Six" | 4553 |
| kunpeng2 | Linux (openEuler 24.03 LTS) | aarch64 | R Under development (unstable) (2025-02-19 r87757) -- "Unsuffered Consequences" | 4570 |
| Click on any hostname to see more info about the system (e.g. compilers) (*) as reported by 'uname -p', except on Windows and Mac OS X | ||||
| Package 2167/2341 | Hostname | OS / Arch | INSTALL | BUILD | CHECK | BUILD BIN | ||||||||
| TCGAbiolinks 2.36.0 (landing page) Tiago Chedraoui Silva
| nebbiolo1 | Linux (Ubuntu 24.04.1 LTS) / x86_64 | OK | OK | ERROR | |||||||||
| palomino7 | Windows Server 2022 Datacenter / x64 | OK | OK | WARNINGS | OK | |||||||||
| lconway | macOS 12.7.1 Monterey / x86_64 | OK | OK | WARNINGS | OK | |||||||||
| kjohnson3 | macOS 13.7.1 Ventura / arm64 | OK | OK | ERROR | OK | |||||||||
| kunpeng2 | Linux (openEuler 24.03 LTS) / aarch64 | OK | OK | WARNINGS | ||||||||||
|
To the developers/maintainers of the TCGAbiolinks package: - Allow up to 24 hours (and sometimes 48 hours) for your latest push to git@git.bioconductor.org:packages/TCGAbiolinks.git to reflect on this report. See Troubleshooting Build Report for more information. - Use the following Renviron settings to reproduce errors and warnings. - If 'R CMD check' started to fail recently on the Linux builder(s) over a missing dependency, add the missing dependency to 'Suggests:' in your DESCRIPTION file. See Renviron.bioc for more information. |
| Package: TCGAbiolinks |
| Version: 2.36.0 |
| Command: /Library/Frameworks/R.framework/Resources/bin/R CMD check --install=check:TCGAbiolinks.install-out.txt --library=/Library/Frameworks/R.framework/Resources/library --no-vignettes --timings TCGAbiolinks_2.36.0.tar.gz |
| StartedAt: 2025-04-21 22:03:04 -0400 (Mon, 21 Apr 2025) |
| EndedAt: 2025-04-21 22:09:49 -0400 (Mon, 21 Apr 2025) |
| EllapsedTime: 405.0 seconds |
| RetCode: 1 |
| Status: ERROR |
| CheckDir: TCGAbiolinks.Rcheck |
| Warnings: NA |
##############################################################################
##############################################################################
###
### Running command:
###
### /Library/Frameworks/R.framework/Resources/bin/R CMD check --install=check:TCGAbiolinks.install-out.txt --library=/Library/Frameworks/R.framework/Resources/library --no-vignettes --timings TCGAbiolinks_2.36.0.tar.gz
###
##############################################################################
##############################################################################
* using log directory ‘/Users/biocbuild/bbs-3.21-bioc/meat/TCGAbiolinks.Rcheck’
* using R version 4.5.0 RC (2025-04-04 r88126)
* using platform: aarch64-apple-darwin20
* R was compiled by
Apple clang version 14.0.0 (clang-1400.0.29.202)
GNU Fortran (GCC) 14.2.0
* running under: macOS Ventura 13.7.1
* using session charset: UTF-8
* using option ‘--no-vignettes’
* checking for file ‘TCGAbiolinks/DESCRIPTION’ ... OK
* checking extension type ... Package
* this is package ‘TCGAbiolinks’ version ‘2.36.0’
* package encoding: UTF-8
* checking package namespace information ... OK
* checking package dependencies ... INFO
Imports includes 23 non-default packages.
Importing from so many packages makes the package vulnerable to any of
them becoming unavailable. Move as many as possible to Suggests and
use conditionally.
* checking if this is a source package ... OK
* checking if there is a namespace ... OK
* checking for hidden files and directories ... OK
* checking for portable file names ... OK
* checking for sufficient/correct file permissions ... OK
* checking whether package ‘TCGAbiolinks’ can be installed ... OK
* checking installed package size ... INFO
installed size is 6.2Mb
sub-directories of 1Mb or more:
R 1.6Mb
data 4.3Mb
* checking package directory ... OK
* checking ‘build’ directory ... OK
* checking DESCRIPTION meta-information ... OK
* checking top-level files ... OK
* checking for left-over files ... OK
* checking index information ... OK
* checking package subdirectories ... OK
* checking code files for non-ASCII characters ... OK
* checking R files for syntax errors ... OK
* checking whether the package can be loaded ... OK
* checking whether the package can be loaded with stated dependencies ... OK
* checking whether the package can be unloaded cleanly ... OK
* checking whether the namespace can be loaded with stated dependencies ... OK
* checking whether the namespace can be unloaded cleanly ... OK
* checking whether startup messages can be suppressed ... OK
* checking dependencies in R code ... WARNING
'::' or ':::' import not declared from: ‘dnet’
* checking S3 generic/method consistency ... WARNING
print:
function(x, ...)
print.header:
function(text, type)
See section ‘Generic functions and methods’ in the ‘Writing R
Extensions’ manual.
* checking replacement functions ... OK
* checking foreign function calls ... OK
* checking R code for possible problems ... NOTE
GDCprepare_clinic: no visible binding for global variable
‘bcr_patient_barcode’
GDCprepare_clinic: no visible binding for global variable
‘days_to_last_followup’
GDCprepare_clinic: no visible binding for global variable
‘vital_status’
GDCquery : <anonymous>: no visible binding for global variable
‘submitter_id’
GDCquery : <anonymous>: no visible binding for global variable
‘is_ffpe’
GDCquery_clinic: no visible binding for global variable ‘submitter_id’
GDCquery_clinic: no visible binding for global variable
‘days_to_follow_up’
GDCquery_clinic: no visible binding for global variable
‘disease_response’
GDCquery_clinic: no visible global function definition for ‘across’
GDCquery_clinic: no visible global function definition for ‘everything’
GDCquery_clinic : <anonymous>: no visible binding for global variable
‘submitter_id’
GDCquery_clinic : <anonymous>: no visible global function definition
for ‘across’
GDCquery_clinic : <anonymous>: no visible global function definition
for ‘everything’
TCGAanalyze_DEA: no visible binding for global variable ‘barcode’
TCGAanalyze_DEA: no visible binding for global variable ‘clinical’
TCGAquery_recount2: no visible binding for global variable ‘rse_gene’
TCGAtumor_purity: no visible binding for global variable ‘Tumor.purity’
TCGAvisualize_oncoprint: no visible binding for global variable ‘value’
TCGAvisualize_starburst: no visible binding for global variable
‘gene_name’
TCGAvisualize_starburst: no visible binding for global variable
‘geFDR2’
TCGAvisualize_starburst: no visible binding for global variable ‘logFC’
TCGAvisualize_starburst: no visible binding for global variable
‘meFDR2’
TCGAvisualize_starburst: no visible binding for global variable
‘threshold.starburst’
TCGAvisualize_starburst: no visible binding for global variable
‘starburst.status’
colDataPrepare: no visible binding for global variable
‘sample_submitter_id’
colDataPrepare: no visible binding for global variable ‘submitter_id’
getBarcodeInfo: no visible binding for global variable
‘days_to_follow_up’
getBarcodeInfo: no visible binding for global variable
‘disease_response’
readExonQuantification: no visible binding for global variable ‘exon’
readExonQuantification: no visible binding for global variable
‘coordinates’
readSingleCellAnalysis : <anonymous>: no visible global function
definition for ‘Read10X’
read_gene_expression_quantification : <anonymous>: no visible binding
for '<<-' assignment to ‘assay.list’
read_gene_expression_quantification: no visible binding for global
variable ‘assay.list’
Undefined global functions or variables:
Read10X Tumor.purity across assay.list barcode bcr_patient_barcode
clinical coordinates days_to_follow_up days_to_last_followup
disease_response everything exon geFDR2 gene_name is_ffpe logFC
meFDR2 rse_gene sample_submitter_id starburst.status submitter_id
threshold.starburst value vital_status
* checking Rd files ... OK
* checking Rd metadata ... OK
* checking Rd cross-references ... OK
* checking for missing documentation entries ... OK
* checking for code/documentation mismatches ... OK
* checking Rd \usage sections ... OK
* checking Rd contents ... OK
* checking for unstated dependencies in examples ... OK
* checking contents of ‘data’ directory ... OK
* checking data for non-ASCII characters ... OK
* checking LazyData ... OK
* checking data for ASCII and uncompressed saves ... OK
* checking R/sysdata.rda ... OK
* checking files in ‘vignettes’ ... OK
* checking examples ... OK
Examples with CPU (user + system) or elapsed time > 5s
user system elapsed
getManifest 3.229 0.109 144.660
GDCquery 0.681 0.031 16.454
GDCprepare_clinic 0.487 0.049 46.198
getDataCategorySummary 0.479 0.015 6.345
getResults 0.385 0.018 18.626
GDCquery_clinic 0.339 0.017 7.328
matchedMetExp 0.332 0.019 15.314
* checking for unstated dependencies in ‘tests’ ... OK
* checking tests ...
Running ‘testthat.R’
ERROR
Running the tests in ‘tests/testthat.R’ failed.
Last 13 lines of output:
10/15396 mismatches (average diff: 0.792)
[7378] -0.634 - 0.638 == -1.272
[7379] 0.638 - -0.634 == 1.272
[9519] -0.429 - 0.429 == -0.858
[9520] 0.429 - -0.429 == 0.858
[10555] 0.365 - -0.355 == 0.720
[10556] -0.355 - 0.365 == -0.720
[11506] -0.274 - 0.276 == -0.550
[11507] 0.276 - -0.274 == 0.550
[11525] 0.279 - -0.279 == 0.558
...
[ FAIL 1 | WARN 0 | SKIP 24 | PASS 31 ]
Error: Test failures
Execution halted
* checking for unstated dependencies in vignettes ... OK
* checking package vignettes ... OK
* checking running R code from vignettes ... SKIPPED
* checking re-building of vignette outputs ... SKIPPED
* checking PDF version of manual ... OK
* DONE
Status: 1 ERROR, 2 WARNINGs, 1 NOTE
See
‘/Users/biocbuild/bbs-3.21-bioc/meat/TCGAbiolinks.Rcheck/00check.log’
for details.
TCGAbiolinks.Rcheck/00install.out
############################################################################## ############################################################################## ### ### Running command: ### ### /Library/Frameworks/R.framework/Resources/bin/R CMD INSTALL TCGAbiolinks ### ############################################################################## ############################################################################## * installing to library ‘/Library/Frameworks/R.framework/Versions/4.5-arm64/Resources/library’ * installing *source* package ‘TCGAbiolinks’ ... ** this is package ‘TCGAbiolinks’ version ‘2.36.0’ ** using staged installation ** R ** data *** moving datasets to lazyload DB ** inst ** byte-compile and prepare package for lazy loading ** help *** installing help indices ** building package indices ** installing vignettes ** testing if installed package can be loaded from temporary location ** testing if installed package can be loaded from final location ** testing if installed package keeps a record of temporary installation path * DONE (TCGAbiolinks)
TCGAbiolinks.Rcheck/tests/testthat.Rout.fail
R version 4.5.0 RC (2025-04-04 r88126) -- "How About a Twenty-Six"
Copyright (C) 2025 The R Foundation for Statistical Computing
Platform: aarch64-apple-darwin20
R is free software and comes with ABSOLUTELY NO WARRANTY.
You are welcome to redistribute it under certain conditions.
Type 'license()' or 'licence()' for distribution details.
R is a collaborative project with many contributors.
Type 'contributors()' for more information and
'citation()' on how to cite R or R packages in publications.
Type 'demo()' for some demos, 'help()' for on-line help, or
'help.start()' for an HTML browser interface to help.
Type 'q()' to quit R.
> library(testthat)
> library(TCGAbiolinks)
>
> test_check("TCGAbiolinks")
| | 0%
|========================== | 50% ~0 s remaining
|====================================================|100% ~0 s remaining
|====================================================|100% Completed after 0 s
| | 0%
|========================== | 50% ~0 s remaining
|====================================================|100% ~0 s remaining
|====================================================|100% Completed after 0 s
[1] "I need about 1 minute to finish complete Enrichment analysis GO[BP,MF,CC] and Pathways... "
[1] "GO Enrichment Analysis BP completed....done"
[1] "GO Enrichment Analysis MF completed....done"
[1] "GO Enrichment Analysis CC completed....done"
[1] "Pathway Enrichment Analysis completed....done"
[ FAIL 1 | WARN 0 | SKIP 24 | PASS 31 ]
══ Skipped tests (24) ══════════════════════════════════════════════════════════
• On Bioconductor (24): 'test-prepare-download.R:4:5',
'test-prepare-download.R:49:5', 'test-prepare-download.R:92:5',
'test-prepare-download.R:102:5', 'test-prepare-download.R:124:5',
'test-prepare-download.R:145:5', 'test-prepare-download.R:164:5',
'test-prepare-download.R:183:5', 'test-prepare-download.R:199:5',
'test-prepare-download.R:209:5', 'test-prepare-download.R:221:5',
'test-prepare-download.R:246:5', 'test-prepare-download.R:286:5',
'test-prepare-download.R:316:5', 'test-prepare-download.R:347:5',
'test-prepare-download.R:381:5', 'test-query-clinical.R:13:5',
'test-query-clinical.R:69:5', 'test-query.R:5:5', 'test-query.R:15:5',
'test-query.R:44:5', 'test-query.R:86:5', 'test-query.R:127:5',
'test-query.R:147:5'
══ Failed tests ════════════════════════════════════════════════════════════════
── Failure ('test-analyse.R:153:9'): Results of TCGAanalyze_DEA inverting groups changes signal and order of the signals are right ──
dataDEGs$logFC not equal to -1 * dataDEGs.inv$logFC.
10/15396 mismatches (average diff: 0.792)
[7378] -0.634 - 0.638 == -1.272
[7379] 0.638 - -0.634 == 1.272
[9519] -0.429 - 0.429 == -0.858
[9520] 0.429 - -0.429 == 0.858
[10555] 0.365 - -0.355 == 0.720
[10556] -0.355 - 0.365 == -0.720
[11506] -0.274 - 0.276 == -0.550
[11507] 0.276 - -0.274 == 0.550
[11525] 0.279 - -0.279 == 0.558
...
[ FAIL 1 | WARN 0 | SKIP 24 | PASS 31 ]
Error: Test failures
Execution halted
TCGAbiolinks.Rcheck/TCGAbiolinks-Ex.timings
| name | user | system | elapsed | |
| GDCdownload | 0.000 | 0.001 | 0.000 | |
| GDCprepare | 0 | 0 | 0 | |
| GDCprepare_clinic | 0.487 | 0.049 | 46.198 | |
| GDCquery | 0.681 | 0.031 | 16.454 | |
| GDCquery_ATAC_seq | 0.115 | 0.013 | 1.168 | |
| GDCquery_clinic | 0.339 | 0.017 | 7.328 | |
| PanCancerAtlas_subtypes | 0.007 | 0.001 | 0.007 | |
| TCGAVisualize_volcano | 0.132 | 0.009 | 0.140 | |
| TCGA_MolecularSubtype | 0.095 | 0.002 | 0.096 | |
| TCGAanalyze_DEA | 4.450 | 0.176 | 4.627 | |
| TCGAanalyze_DEA_Affy | 0 | 0 | 0 | |
| TCGAanalyze_DMC | 0.322 | 0.022 | 0.344 | |
| TCGAanalyze_EA | 0 | 0 | 0 | |
| TCGAanalyze_EAcomplete | 0.658 | 0.030 | 0.690 | |
| TCGAanalyze_Filtering | 1.089 | 0.037 | 1.128 | |
| TCGAanalyze_LevelTab | 1.959 | 0.084 | 2.068 | |
| TCGAanalyze_Normalization | 0.932 | 0.034 | 0.968 | |
| TCGAanalyze_Pathview | 0 | 0 | 0 | |
| TCGAanalyze_Stemness | 0.523 | 0.037 | 0.563 | |
| TCGAanalyze_SurvivalKM | 0.042 | 0.002 | 0.045 | |
| TCGAanalyze_survival | 1.322 | 0.044 | 1.368 | |
| TCGAprepare_Affy | 0.000 | 0.000 | 0.001 | |
| TCGAquery_MatchedCoupledSampleTypes | 0.001 | 0.000 | 0.001 | |
| TCGAquery_SampleTypes | 0 | 0 | 0 | |
| TCGAquery_recount2 | 0 | 0 | 0 | |
| TCGAquery_subtype | 0.003 | 0.000 | 0.003 | |
| TCGAtumor_purity | 0.021 | 0.001 | 0.022 | |
| TCGAvisualize_EAbarplot | 0.587 | 0.039 | 0.628 | |
| TCGAvisualize_Heatmap | 0.625 | 0.023 | 0.651 | |
| TCGAvisualize_PCA | 0.508 | 0.019 | 0.527 | |
| TCGAvisualize_meanMethylation | 0.908 | 0.028 | 0.939 | |
| TCGAvisualize_oncoprint | 0 | 0 | 0 | |
| TCGAvisualize_starburst | 0.001 | 0.000 | 0.000 | |
| UseRaw_afterFilter | 0.000 | 0.000 | 0.001 | |
| colDataPrepare | 0.060 | 0.008 | 4.126 | |
| dmc.non.parametric | 0.027 | 0.007 | 0.034 | |
| dmc.non.parametric.se | 0.059 | 0.008 | 0.066 | |
| gaiaCNVplot | 0.010 | 0.001 | 0.011 | |
| geneInfoHT | 0.001 | 0.000 | 0.000 | |
| getAdjacencyBiogrid | 0.000 | 0.000 | 0.001 | |
| getDataCategorySummary | 0.479 | 0.015 | 6.345 | |
| getGDCInfo | 0.008 | 0.000 | 0.139 | |
| getGDCprojects | 0.007 | 0.000 | 0.181 | |
| getLinkedOmicsData | 0.000 | 0.001 | 0.000 | |
| getMC3MAF | 0 | 0 | 0 | |
| getManifest | 3.229 | 0.109 | 144.660 | |
| getNbCases | 0.000 | 0.000 | 0.001 | |
| getNbFiles | 0 | 0 | 0 | |
| getProjectSummary | 0.014 | 0.001 | 1.944 | |
| getResults | 0.385 | 0.018 | 18.626 | |
| getSampleFilesSummary | 0.185 | 0.014 | 4.502 | |
| getTSS | 0.000 | 0.000 | 0.001 | |
| gliomaClassifier | 0 | 0 | 0 | |
| isServeOK | 0.008 | 0.001 | 0.240 | |
| matchedMetExp | 0.332 | 0.019 | 15.314 | |