| Back to Multiple platform build/check report for BioC 3.21: simplified long |
|
This page was generated on 2025-10-16 11:38 -0400 (Thu, 16 Oct 2025).
| Hostname | OS | Arch (*) | R version | Installed pkgs |
|---|---|---|---|---|
| nebbiolo1 | Linux (Ubuntu 24.04.3 LTS) | x86_64 | 4.5.1 (2025-06-13) -- "Great Square Root" | 4833 |
| merida1 | macOS 12.7.6 Monterey | x86_64 | 4.5.1 RC (2025-06-05 r88288) -- "Great Square Root" | 4614 |
| kjohnson1 | macOS 13.7.5 Ventura | arm64 | 4.5.1 Patched (2025-06-14 r88325) -- "Great Square Root" | 4555 |
| kunpeng2 | Linux (openEuler 24.03 LTS) | aarch64 | R Under development (unstable) (2025-02-19 r87757) -- "Unsuffered Consequences" | 4586 |
| Click on any hostname to see more info about the system (e.g. compilers) (*) as reported by 'uname -p', except on Windows and Mac OS X | ||||
| Package 2159/2341 | Hostname | OS / Arch | INSTALL | BUILD | CHECK | BUILD BIN | ||||||||
| TAPseq 1.20.0 (landing page) Andreas R. Gschwind
| nebbiolo1 | Linux (Ubuntu 24.04.3 LTS) / x86_64 | OK | OK | WARNINGS | |||||||||
| merida1 | macOS 12.7.6 Monterey / x86_64 | OK | OK | WARNINGS | OK | |||||||||
| kjohnson1 | macOS 13.7.5 Ventura / arm64 | OK | OK | WARNINGS | OK | |||||||||
| kunpeng2 | Linux (openEuler 24.03 LTS) / aarch64 | OK | OK | NA | ||||||||||
|
To the developers/maintainers of the TAPseq package: - Allow up to 24 hours (and sometimes 48 hours) for your latest push to git@git.bioconductor.org:packages/TAPseq.git to reflect on this report. See Troubleshooting Build Report for more information. - Use the following Renviron settings to reproduce errors and warnings. - If 'R CMD check' started to fail recently on the Linux builder(s) over a missing dependency, add the missing dependency to 'Suggests:' in your DESCRIPTION file. See Renviron.bioc for more information. |
| Package: TAPseq |
| Version: 1.20.0 |
| Command: /home/biocbuild/bbs-3.21-bioc/R/bin/R CMD check --install=check:TAPseq.install-out.txt --library=/home/biocbuild/bbs-3.21-bioc/R/site-library --timings TAPseq_1.20.0.tar.gz |
| StartedAt: 2025-10-16 04:17:34 -0400 (Thu, 16 Oct 2025) |
| EndedAt: 2025-10-16 04:33:40 -0400 (Thu, 16 Oct 2025) |
| EllapsedTime: 966.4 seconds |
| RetCode: 0 |
| Status: WARNINGS |
| CheckDir: TAPseq.Rcheck |
| Warnings: 1 |
##############################################################################
##############################################################################
###
### Running command:
###
### /home/biocbuild/bbs-3.21-bioc/R/bin/R CMD check --install=check:TAPseq.install-out.txt --library=/home/biocbuild/bbs-3.21-bioc/R/site-library --timings TAPseq_1.20.0.tar.gz
###
##############################################################################
##############################################################################
* using log directory ‘/home/biocbuild/bbs-3.21-bioc/meat/TAPseq.Rcheck’
* using R version 4.5.1 (2025-06-13)
* using platform: x86_64-pc-linux-gnu
* R was compiled by
gcc (Ubuntu 13.3.0-6ubuntu2~24.04) 13.3.0
GNU Fortran (Ubuntu 13.3.0-6ubuntu2~24.04) 13.3.0
* running under: Ubuntu 24.04.3 LTS
* using session charset: UTF-8
* checking for file ‘TAPseq/DESCRIPTION’ ... OK
* checking extension type ... Package
* this is package ‘TAPseq’ version ‘1.20.0’
* package encoding: UTF-8
* checking package namespace information ... OK
* checking package dependencies ... OK
* checking if this is a source package ... OK
* checking if there is a namespace ... OK
* checking for hidden files and directories ... OK
* checking for portable file names ... OK
* checking for sufficient/correct file permissions ... OK
* checking whether package ‘TAPseq’ can be installed ... WARNING
Found the following significant warnings:
Warning: Following software required by TAPseq is not installed or not in PATH:
See ‘/home/biocbuild/bbs-3.21-bioc/meat/TAPseq.Rcheck/00install.out’ for details.
* checking installed package size ... OK
* checking package directory ... OK
* checking ‘build’ directory ... OK
* checking DESCRIPTION meta-information ... NOTE
License stub is invalid DCF.
* checking top-level files ... OK
* checking for left-over files ... OK
* checking index information ... OK
* checking package subdirectories ... OK
* checking code files for non-ASCII characters ... OK
* checking R files for syntax errors ... OK
* checking whether the package can be loaded ... OK
* checking whether the package can be loaded with stated dependencies ... OK
* checking whether the package can be unloaded cleanly ... OK
* checking whether the namespace can be loaded with stated dependencies ... NOTE
Warning: Following software required by TAPseq is not installed or not in PATH:
primer3_core
makeblastdb
blastn
Please install these tools before trying to use this package!
A namespace must be able to be loaded with just the base namespace
loaded: otherwise if the namespace gets loaded by a saved object, the
session will be unable to start.
Probably some imports need to be declared in the NAMESPACE file.
* checking whether the namespace can be unloaded cleanly ... OK
* checking loading without being on the library search path ... OK
* checking whether startup messages can be suppressed ... OK
* checking dependencies in R code ... OK
* checking S3 generic/method consistency ... OK
* checking replacement functions ... OK
* checking foreign function calls ... OK
* checking R code for possible problems ... OK
* checking Rd files ... OK
* checking Rd metadata ... OK
* checking Rd cross-references ... OK
* checking for missing documentation entries ... OK
* checking for code/documentation mismatches ... OK
* checking Rd \usage sections ... NOTE
Documented arguments not in \usage in Rd file 'get_gt_sequences.Rd':
‘compress’
Functions with \usage entries need to have the appropriate \alias
entries, and all their arguments documented.
The \usage entries must correspond to syntactically valid R code.
See chapter ‘Writing R documentation files’ in the ‘Writing R
Extensions’ manual.
* checking Rd contents ... OK
* checking for unstated dependencies in examples ... OK
* checking contents of ‘data’ directory ... OK
* checking data for non-ASCII characters ... OK
* checking data for ASCII and uncompressed saves ... OK
* checking R/sysdata.rda ... OK
* checking files in ‘vignettes’ ... OK
* checking examples ... OK
Examples with CPU (user + system) or elapsed time > 5s
user system elapsed
selectTargetGenes 271.994 1.982 273.998
truncateTxsPolyA 6.696 0.005 6.704
inferPolyASites 5.543 1.036 5.227
pickPrimers 5.556 0.404 5.960
* checking for unstated dependencies in ‘tests’ ... OK
* checking tests ...
Running ‘testthat.R’
OK
* checking for unstated dependencies in vignettes ... OK
* checking package vignettes ... OK
* checking re-building of vignette outputs ... OK
* checking PDF version of manual ... OK
* DONE
Status: 1 WARNING, 3 NOTEs
See
‘/home/biocbuild/bbs-3.21-bioc/meat/TAPseq.Rcheck/00check.log’
for details.
TAPseq.Rcheck/00install.out
############################################################################## ############################################################################## ### ### Running command: ### ### /home/biocbuild/bbs-3.21-bioc/R/bin/R CMD INSTALL TAPseq ### ############################################################################## ############################################################################## * installing to library ‘/home/biocbuild/bbs-3.21-bioc/R/site-library’ * installing *source* package ‘TAPseq’ ... ** this is package ‘TAPseq’ version ‘1.20.0’ ** using staged installation ** R ** data ** inst ** byte-compile and prepare package for lazy loading ** help *** installing help indices ** building package indices ** installing vignettes ** testing if installed package can be loaded from temporary location Warning: Following software required by TAPseq is not installed or not in PATH: primer3_core makeblastdb blastn Please install these tools before trying to use this package! ** testing if installed package can be loaded from final location Warning: Following software required by TAPseq is not installed or not in PATH: primer3_core makeblastdb blastn Please install these tools before trying to use this package! ** testing if installed package keeps a record of temporary installation path * DONE (TAPseq)
TAPseq.Rcheck/tests/testthat.Rout
R version 4.5.1 (2025-06-13) -- "Great Square Root"
Copyright (C) 2025 The R Foundation for Statistical Computing
Platform: x86_64-pc-linux-gnu
R is free software and comes with ABSOLUTELY NO WARRANTY.
You are welcome to redistribute it under certain conditions.
Type 'license()' or 'licence()' for distribution details.
R is a collaborative project with many contributors.
Type 'contributors()' for more information and
'citation()' on how to cite R or R packages in publications.
Type 'demo()' for some demos, 'help()' for on-line help, or
'help.start()' for an HTML browser interface to help.
Type 'q()' to quit R.
> library(testthat)
> library(TAPseq)
TAPseq is using the following tools:
primer3_core: NA
makeblastdb: NA
blastn: NA
Warning message:
Following software required by TAPseq is not installed or not in PATH:
primer3_core
makeblastdb
blastn
Please install these tools before trying to use this package!
>
> test_check("TAPseq")
[ FAIL 0 | WARN 0 | SKIP 0 | PASS 209 ]
>
> proc.time()
user system elapsed
45.624 1.782 47.398
TAPseq.Rcheck/TAPseq-Ex.timings
| name | user | system | elapsed | |
| TAPseqInput | 4.233 | 0.084 | 4.319 | |
| TsIO-class | 0.061 | 0.001 | 0.061 | |
| TsIOList-class | 0.178 | 0.023 | 0.200 | |
| accessors | 0.338 | 0.024 | 0.362 | |
| checkPrimers | 3.483 | 0.241 | 3.723 | |
| createIORecord | 2.071 | 0.066 | 2.140 | |
| designPrimers | 0.059 | 0.002 | 0.062 | |
| estimateOffTargets | 0 | 0 | 0 | |
| exportPrimers | 4.037 | 0.035 | 4.071 | |
| getTxsSeq | 0.798 | 0.048 | 0.846 | |
| inferPolyASites | 5.543 | 1.036 | 5.227 | |
| parsePrimer3Output | 0.000 | 0.000 | 0.001 | |
| pickPrimers | 5.556 | 0.404 | 5.960 | |
| selectTargetGenes | 271.994 | 1.982 | 273.998 | |
| truncateTxsPolyA | 6.696 | 0.005 | 6.704 | |