Back to Multiple platform build/check report for BioC 3.21:   simplified   long
ABCDEFGHIJKLMNOPQ[R]STUVWXYZ

This page was generated on 2025-01-28 11:47 -0500 (Tue, 28 Jan 2025).

HostnameOSArch (*)R versionInstalled pkgs
nebbiolo1Linux (Ubuntu 24.04.1 LTS)x86_64R Under development (unstable) (2025-01-20 r87609) -- "Unsuffered Consequences" 4659
palomino7Windows Server 2022 Datacenterx64R Under development (unstable) (2025-01-21 r87610 ucrt) -- "Unsuffered Consequences" 4454
lconwaymacOS 12.7.1 Montereyx86_64R Under development (unstable) (2025-01-22 r87618) -- "Unsuffered Consequences" 4465
kjohnson3macOS 13.7.1 Venturaarm64R Under development (unstable) (2025-01-20 r87609) -- "Unsuffered Consequences" 4419
kunpeng2Linux (openEuler 22.03 LTS-SP1)aarch64R Under development (unstable) (2024-11-24 r87369) -- "Unsuffered Consequences" 4409
Click on any hostname to see more info about the system (e.g. compilers)      (*) as reported by 'uname -p', except on Windows and Mac OS X

Package 1818/2286HostnameOS / ArchINSTALLBUILDCHECKBUILD BIN
RUVcorr 1.39.0  (landing page)
Saskia Freytag
Snapshot Date: 2025-01-27 13:40 -0500 (Mon, 27 Jan 2025)
git_url: https://git.bioconductor.org/packages/RUVcorr
git_branch: devel
git_last_commit: 1f72b15
git_last_commit_date: 2024-10-29 10:00:15 -0500 (Tue, 29 Oct 2024)
nebbiolo1Linux (Ubuntu 24.04.1 LTS) / x86_64  OK    OK    WARNINGS  UNNEEDED, same version is already published
palomino7Windows Server 2022 Datacenter / x64  OK    OK    WARNINGS    OK  UNNEEDED, same version is already published
lconwaymacOS 12.7.1 Monterey / x86_64  OK    OK    WARNINGS    OK  UNNEEDED, same version is already published
kjohnson3macOS 13.7.1 Ventura / arm64  OK    OK    WARNINGS    OK  UNNEEDED, same version is already published
kunpeng2Linux (openEuler 22.03 LTS-SP1) / aarch64  OK    OK    WARNINGS  


CHECK results for RUVcorr on kunpeng2

To the developers/maintainers of the RUVcorr package:
- Allow up to 24 hours (and sometimes 48 hours) for your latest push to git@git.bioconductor.org:packages/RUVcorr.git to reflect on this report. See Troubleshooting Build Report for more information.
- Use the following Renviron settings to reproduce errors and warnings.
- If 'R CMD check' started to fail recently on the Linux builder(s) over a missing dependency, add the missing dependency to 'Suggests:' in your DESCRIPTION file. See Renviron.bioc for more information.
- See Martin Grigorov's blog post for how to debug Linux ARM64 related issues on a x86_64 host.

raw results


Summary

Package: RUVcorr
Version: 1.39.0
Command: /home/biocbuild/R/R/bin/R CMD check --install=check:RUVcorr.install-out.txt --library=/home/biocbuild/R/R/site-library --no-vignettes --timings RUVcorr_1.39.0.tar.gz
StartedAt: 2025-01-28 14:48:50 -0000 (Tue, 28 Jan 2025)
EndedAt: 2025-01-28 14:52:14 -0000 (Tue, 28 Jan 2025)
EllapsedTime: 204.4 seconds
RetCode: 0
Status:   WARNINGS  
CheckDir: RUVcorr.Rcheck
Warnings: 1

Command output

##############################################################################
##############################################################################
###
### Running command:
###
###   /home/biocbuild/R/R/bin/R CMD check --install=check:RUVcorr.install-out.txt --library=/home/biocbuild/R/R/site-library --no-vignettes --timings RUVcorr_1.39.0.tar.gz
###
##############################################################################
##############################################################################


* using log directory ‘/home/biocbuild/bbs-3.21-bioc/meat/RUVcorr.Rcheck’
* using R Under development (unstable) (2024-11-24 r87369)
* using platform: aarch64-unknown-linux-gnu
* R was compiled by
    aarch64-unknown-linux-gnu-gcc (GCC) 14.2.0
    GNU Fortran (GCC) 14.2.0
* running under: openEuler 24.03 (LTS)
* using session charset: UTF-8
* using option ‘--no-vignettes’
* checking for file ‘RUVcorr/DESCRIPTION’ ... OK
* checking extension type ... Package
* this is package ‘RUVcorr’ version ‘1.39.0’
* checking package namespace information ... NOTE
Found export directives that require package ‘methods’:
  ‘exportClasses’ ‘exportMethods’
Remove all such namespace directives (if obsolete) or ensure that the
DESCRIPTION Depends or Imports field contains ‘methods’.
* checking package dependencies ... OK
* checking if this is a source package ... OK
* checking if there is a namespace ... OK
* checking for hidden files and directories ... OK
* checking for portable file names ... OK
* checking for sufficient/correct file permissions ... OK
* checking whether package ‘RUVcorr’ can be installed ... OK
* checking installed package size ... OK
* checking package directory ... OK
* checking ‘build’ directory ... OK
* checking DESCRIPTION meta-information ... OK
* checking top-level files ... OK
* checking for left-over files ... OK
* checking index information ... OK
* checking package subdirectories ... OK
* checking code files for non-ASCII characters ... OK
* checking R files for syntax errors ... OK
* checking whether the package can be loaded ... OK
* checking whether the package can be loaded with stated dependencies ... OK
* checking whether the package can be unloaded cleanly ... OK
* checking whether the namespace can be loaded with stated dependencies ... WARNING
Warning: S4 exports specified in 'NAMESPACE' but not defined in package ‘RUVcorr’
* checking whether the namespace can be unloaded cleanly ... OK
* checking loading without being on the library search path ... OK
* checking dependencies in R code ... OK
* checking S3 generic/method consistency ... OK
* checking replacement functions ... OK
* checking foreign function calls ... OK
* checking R code for possible problems ... OK
* checking Rd files ... NOTE
checkRd: (-1) calculateThreshold.Rd:48: Lost braces in \itemize; \value handles \item{}{} directly
checkRd: (-1) calculateThreshold.Rd:49: Lost braces in \itemize; \value handles \item{}{} directly
checkRd: (-1) calculateThreshold.Rd:50: Lost braces in \itemize; \value handles \item{}{} directly
checkRd: (-1) findWeights.Rd:21: Lost braces in \itemize; \value handles \item{}{} directly
checkRd: (-1) findWeights.Rd:22: Lost braces in \itemize; \value handles \item{}{} directly
checkRd: (-1) simulateGEdata.Rd:54: Lost braces in \itemize; \value handles \item{}{} directly
checkRd: (-1) simulateGEdata.Rd:55: Lost braces in \itemize; \value handles \item{}{} directly
checkRd: (-1) simulateGEdata.Rd:56: Lost braces in \itemize; \value handles \item{}{} directly
checkRd: (-1) simulateGEdata.Rd:57: Lost braces in \itemize; \value handles \item{}{} directly
checkRd: (-1) simulateGEdata.Rd:58: Lost braces in \itemize; \value handles \item{}{} directly
* checking Rd metadata ... OK
* checking Rd cross-references ... OK
* checking for missing documentation entries ... OK
* checking for code/documentation mismatches ... OK
* checking Rd \usage sections ... NOTE
Documented arguments not in \usage in Rd file 'findIQR.Rd':
  ‘Vector’

Functions with \usage entries need to have the appropriate \alias
entries, and all their arguments documented.
The \usage entries must correspond to syntactically valid R code.
See chapter ‘Writing R documentation files’ in the ‘Writing R
Extensions’ manual.
* checking Rd contents ... OK
* checking for unstated dependencies in examples ... OK
* checking files in ‘vignettes’ ... OK
* checking examples ... OK
Examples with CPU (user + system) or elapsed time > 5s
                          user system elapsed
plotThreshold           23.849  0.024  23.890
calculateThreshold      23.721  0.028  23.778
plot.optimizeParameters 20.355  0.008  20.379
ECDFPlot                13.594  0.052  13.669
prioritise              13.098  0.016  13.120
wcor                    12.842  0.023  12.872
findWeights             12.768  0.004  12.783
simulateGEdata          11.476  0.001  11.482
optimizeParameters      11.453  0.008  11.469
* checking for unstated dependencies in vignettes ... OK
* checking package vignettes ... OK
* checking running R code from vignettes ... SKIPPED
* checking re-building of vignette outputs ... SKIPPED
* checking PDF version of manual ... OK
* DONE

Status: 1 WARNING, 3 NOTEs
See
  ‘/home/biocbuild/bbs-3.21-bioc/meat/RUVcorr.Rcheck/00check.log’
for details.


Installation output

RUVcorr.Rcheck/00install.out

##############################################################################
##############################################################################
###
### Running command:
###
###   /home/biocbuild/R/R/bin/R CMD INSTALL RUVcorr
###
##############################################################################
##############################################################################


* installing to library ‘/home/biocbuild/R/R-4.5.0-devel_2024-11-24/site-library’
* installing *source* package ‘RUVcorr’ ...
** using staged installation
** R
** inst
** byte-compile and prepare package for lazy loading
** help
*** installing help indices
** building package indices
** installing vignettes
** testing if installed package can be loaded from temporary location
** testing if installed package can be loaded from final location
** testing if installed package keeps a record of temporary installation path
* DONE (RUVcorr)

Tests output


Example timings

RUVcorr.Rcheck/RUVcorr-Ex.timings

nameusersystemelapsed
ECDFPlot13.594 0.05213.669
PCAPlot2.1890.0362.230
RLEPlot3.2850.0163.309
RUVNaiveRidge1.5710.0001.573
assessQuality1.8340.0081.845
background1.3840.0041.389
calculateThreshold23.721 0.02823.778
compareRanks2.4510.0082.462
correlationPlot1.4040.0281.434
eigenvaluePlot1.6060.0201.628
empNegativeControls1.5420.0081.552
findWeights12.768 0.00412.783
genePlot1.5440.0041.549
histogramPlot1.9120.0001.914
is.optimizeParameters000
is.simulateGEdata000
optimizeParameters11.453 0.00811.469
plot.optimizeParameters20.355 0.00820.379
plotDesign0.7060.0160.728
plotThreshold23.849 0.02423.890
print.simulateGEdata000
prioritise13.098 0.01613.120
simulateGEdata11.476 0.00111.482
wcor12.842 0.02312.872